000
CXUS53 KGRB 050113
CF6AIG
PRELIMINARY LOCAL CLIMATOLOGICAL DATA (WS FORM: F-6)
STATION: ANTIGO AWOS
MONTH: AUGUST
YEAR: 2020
LATITUDE: 45 9 N
LONGITUDE: 89 8 W
TEMPERATURE IN F: :PCPN: SNOW: WIND :SUNSHINE: SKY :PK WND
================================================================================
1 2 3 4 5 6A 6B 7 8 9 10 11 12 13 14 15 16 17 18
12Z AVG MX 2MIN
DY MAX MIN AVG DEP HDD CDD WTR SNW DPTH SPD SPD DIR MIN PSBL S-S WX SPD DR
================================================================================
1 78 53 66 0 0 1 0.00 0.0 0 1.2 5 360 M M 3 M M
2 67 53 60 -6 5 0 0.64 0.0 0 9.3 23 360 M M 9 1 28 360
3 66 47 57 -9 8 0 0.00 0.0 0 7.4 14 40 M M 8 21 40
4 69 42 56 -10 9 0 0.00 0.0 0 3.7 10 360 M M 3 17 40
5 74 42 58 -8 7 0 0.00 0.0 0 3.1 9 270 M M 2 9 240
6 76 48 62 -4 3 0 0.00 0.0 0 2.8 9 210 M M 3 M M
7 77 51 64 -2 1 0 0.00 0.0 0 5.9 13 170 M M 3 17 170
8 78 61 70 4 0 5 0.94 0.0 0 7.0 13 220 M M 8 1 17 200
9 83 62 73 7 0 8 0.00 0.0 0 6.9 15 170 M M 3 1 22 180
10 81 59 70 4 0 5 0.00 0.0 0 7.4 18 280 M M 5 1 21 310
11 79 47 63 -3 2 0 0.00 0.0 0 5.5 14 240 M M 0 18 260
12 82 54 68 2 0 3 0.00 0.0 0 2.5 8 200 M M 1 M M
13 78 61 70 4 0 5 0.02 0.0 0 5.7 10 160 M M 5 M M
14 82 56 69 3 0 4 0.00 0.0 0 5.7 13 150 M M 0 16 150
15 73 55 64 -2 1 0 0.02 0.0 0 8.2 15 320 M M 5 20 250
16 77 47 62 -3 3 0 0.14 M 0 3.3 12 250 M M 3 1 9 250
17 75 50 63 -2 2 0 0.00 0.0 0 4.0 15 360 M M 2 20 350
18 73 45 59 -6 6 0 0.00 0.0 0 3.5 13 10 M M 1 17 10
19 78 54 66 1 0 1 0.00 0.0 0 6.7 15 230 M M 4 21 230
20 79 61 70 5 0 5 0.01 0.0 0 8.7 18 260 M M 5 24 260
21 82 59 71 6 0 6 0.01 0.0 0 5.0 21 50 M M 4 27 50
22 72 62 67 3 0 2 0.27 0.0 0 4.3 12 130 M M 7 1 M M
23 82 58 70 6 0 5 0.00 0.0 0 1.6 9 160 M M 3 1 M M
24 82 58 70 6 0 5 0.00 0.0 0 4.0 13 280 M M 4 12 18 280
25 80 56 68 4 0 3 0.00 0.0 0 4.4 12 140 M M 5 1 M M
26 87 64 76 12 0 11 0.00 0.0 0 9.4 20 250 M M 2 1 24 250
27 84 64 74 10 0 9 0.00 0.0 0 3.1 7 40 M M 4 M M
28 74 62 68 5 0 3 0.19 0.0 0 11.8 18 290 M M 8 1 25 250
29 70 51 61 -2 4 0 0.00 0.0 0 11.8 22 340 M M 2 28 330
30 70 41 56 -7 9 0 0.00 0.0 0 3.8 12 120 M M 2 1 M M
31 67 47 57 -5 8 0 0.19 M 0 8.2 24 150 M M 5 21 210
================================================================================
SM 2375 1670 68 81 2.43 0.0 175.9 M 119
================================================================================
AV 76.6 53.9 5.7 FASTST M M 4 MAX(MPH)
MISC ----> 24 150 # 28 360
================================================================================
NOTES:
# LAST OF SEVERAL OCCURRENCES
COLUMN 17 PEAK WIND IN M.P.H.
PRELIMINARY LOCAL CLIMATOLOGICAL DATA (WS FORM: F-6) , PAGE 2
STATION: ANTIGO AWOS
MONTH: AUGUST
YEAR: 2020
LATITUDE: 45 9 N
LONGITUDE: 89 8 W
[TEMPERATURE DATA] [PRECIPITATION DATA] SYMBOLS USED IN COLUMN 16
AVERAGE MONTHLY: 65.2 TOTAL FOR MONTH: 2.43 1 = FOG OR MIST
DPTR FM NORMAL: 0.1 DPTR FM NORMAL: -1.42 2 = FOG REDUCING VISIBILITY
HIGHEST: 87 ON 26 GRTST 24HR 0.94 ON 8- 8 TO 1/4 MILE OR LESS
LOWEST: 41 ON 30 3 = THUNDER
SNOW, ICE PELLETS, HAIL 4 = ICE PELLETS
TOTAL MONTH: 0.0 INCH 5 = HAIL
GRTST 24HR 0.0 6 = FREEZING RAIN OR DRIZZLE
GRTST DEPTH: 0 7 = DUSTSTORM OR SANDSTORM:
VSBY 1/2 MILE OR LESS
8 = SMOKE OR HAZE
[NO. OF DAYS WITH] [WEATHER - DAYS WITH] 9 = BLOWING SNOW
X = TORNADO
MAX 32 OR BELOW: 0 0.01 INCH OR MORE: 10
MAX 90 OR ABOVE: 0 0.10 INCH OR MORE: 6
MIN 32 OR BELOW: 0 0.50 INCH OR MORE: 2
MIN 0 OR BELOW: 0 1.00 INCH OR MORE: 0
[HDD (BASE 65) ]
TOTAL THIS MO. 68 CLEAR (SCALE 0-3) 13
DPTR FM NORMAL -8 PTCLDY (SCALE 4-7) 16
TOTAL FM JUL 1 80 CLOUDY (SCALE 8-10) 2
DPTR FM NORMAL -48
[CDD (BASE 65) ]
TOTAL THIS MO. 81
DPTR FM NORMAL 4 [PRESSURE DATA]
TOTAL FM JAN 1 302 HIGHEST SLP M ON M
DPTR FM NORMAL 64 LOWEST SLP M ON M
[REMARKS]
#FINAL-08-20#