000
CXAK56 PAFC 011017
CF6AKN
PRELIMINARY LOCAL CLIMATOLOGICAL DATA (WS FORM: F-6)
STATION: KING SALMON
MONTH: MARCH
YEAR: 2022
LATITUDE: 58 41 N
LONGITUDE: 156 39 W
TEMPERATURE IN F: :PCPN: SNOW: WIND :SUNSHINE: SKY :PK WND
================================================================================
1 2 3 4 5 6A 6B 7 8 9 10 11 12 13 14 15 16 17 18
12Z AVG MX 2MIN
DY MAX MIN AVG DEP HDD CDD WTR SNW DPTH SPD SPD DIR MIN PSBL S-S WX SPD DR
================================================================================
1 31 23 27 5 38 0 T M M 3.4 10 80 M M 9 1 13 70
2 41 25 33 11 32 0 T M M 15.6 29 100 M M 8 37 110
3 42 29 36 14 29 0 T M M M M M M M M M M
4 42 23 33 11 32 0 0.02 M M 13.5 36 160 M M 4 1 47 150
5 37 19 28 6 37 0 T M M 5.8 14 270 M M 5 1 17 270
6 42 17 30 8 35 0 0.00 M M 10.8 26 50 M M 1 34 50
7 43 33 38 16 27 0 0.00 M M 23.3 36 90 M M 8 49 80
8 45 32 39 17 26 0 0.18 M M 9.2 21 90 M M 6 1 25 90
9 47 39 43 21 22 0 0.12 M M 14.9 30 100 M M 8 39 100
10 43 32 38 16 27 0 0.00 M M 16.6 29 90 M M 4 41 100
11 46 27 37 15 28 0 0.01 M M 7.4 16 100 M M 6 23 100
12 45 29 37 15 28 0 T M M 6.2 16 80 M M 7 21 80
13 35 23 29 7 36 0 0.00 M M 14.3 22 360 M M 7 29 360
14 33 14 24 2 41 0 0.00 M M 11.5 20 350 M M 3 24 360
15 22 6 14 -8 51 0 0.00 M M 14.6 24 350 M M 1 35 350
16 13 1 7 -16 58 0 0.12 M M 8.7 24 340 M M 9 1 29 340
17 28 -10 9 -14 56 0 0.00 M M 8.8 16 20 M M 0 20 10
18 24 2 13 -10 52 0 0.00 M M 10.4 21 350 M M 6 26 360
19 25 14 20 -3 45 0 T M M 12.9 21 350 M M 3 18 25 350
20 25 11 18 -5 47 0 0.00 M M 14.6 23 340 M M 1 29 340
21 21 10 16 -8 49 0 0.00 M M 14.5 23 350 M M 0 28 350
22 21 6 14 -10 51 0 0.00 M M 13.1 22 350 M M 1 27 360
23 29 10 20 -4 45 0 0.03 M M 9.8 16 360 M M 7 8 21 340
24 33 8 21 -4 44 0 0.06 M M 7.8 18 350 M M 9 1 22 350
25 35 26 31 6 34 0 0.08 M M 7.1 13 330 M M 10 12 16 360
26 38 28 33 8 32 0 0.02 M M 7.3 15 170 M M 10 1 18 170
27 39 31 35 9 30 0 0.02 M M 23.3 40 100 M M 10 1 53 90
28 44 32 38 12 27 0 0.00 M M 14.8 33 90 M M 9 43 80
29 46 26 36 9 29 0 0.08 M M 4.3 14 200 M M 6 1 17 200
30 48 29 39 12 26 0 T M M 11.0 22 100 M M 8 30 90
31 45 32 39 11 26 0 0.32 M M 10.5 29 70 M M 8 1 36 60
================================================================================
SM 1108 627 1140 0 1.06 M 346.0 M 174
================================================================================
AV 35.7 20.2 11.5 FASTST M M 6 MAX(MPH)
MISC ----> 40 100 53 90
================================================================================
NOTES:
# LAST OF SEVERAL OCCURRENCES
COLUMN 17 PEAK WIND IN M.P.H.
PRELIMINARY LOCAL CLIMATOLOGICAL DATA (WS FORM: F-6) , PAGE 2
STATION: KING SALMON
MONTH: MARCH
YEAR: 2022
LATITUDE: 58 41 N
LONGITUDE: 156 39 W
[TEMPERATURE DATA] [PRECIPITATION DATA] SYMBOLS USED IN COLUMN 16
AVERAGE MONTHLY: 28.0 TOTAL FOR MONTH: 1.06 1 = FOG OR MIST
DPTR FM NORMAL: 4.5 DPTR FM NORMAL: 0.30 2 = FOG REDUCING VISIBILITY
HIGHEST: 48 ON 30 GRTST 24HR 0.32 ON 30-31 TO 1/4 MILE OR LESS
LOWEST: -10 ON 17 3 = THUNDER
SNOW, ICE PELLETS, HAIL 4 = ICE PELLETS
TOTAL MONTH: M 5 = HAIL
GRTST 24HR M ON M 6 = FREEZING RAIN OR DRIZZLE
GRTST DEPTH: M ON M 7 = DUSTSTORM OR SANDSTORM:
VSBY 1/2 MILE OR LESS
8 = SMOKE OR HAZE
[NO. OF DAYS WITH] [WEATHER - DAYS WITH] 9 = BLOWING SNOW
X = TORNADO
MAX 32 OR BELOW: 10 0.01 INCH OR MORE: 12
MAX 90 OR ABOVE: 0 0.10 INCH OR MORE: 4
MIN 32 OR BELOW: 29 0.50 INCH OR MORE: 0
MIN 0 OR BELOW: 1 1.00 INCH OR MORE: 0
[HDD (BASE 65) ]
TOTAL THIS MO. 1140 CLEAR (SCALE 0-3) 6
DPTR FM NORMAL -146 PTCLDY (SCALE 4-7) 16
TOTAL FM JUL 1 9187 CLOUDY (SCALE 8-10) 9
DPTR FM NORMAL 634
[CDD (BASE 65) ]
TOTAL THIS MO. 0
DPTR FM NORMAL 0 [PRESSURE DATA]
TOTAL FM JAN 1 0 HIGHEST SLP M ON M
DPTR FM NORMAL 0 LOWEST SLP 28.99 ON 27
[REMARKS]
#FINAL-03-22#