934
CXUS55 KBOU 010927
CF6AKO
PRELIMINARY LOCAL CLIMATOLOGICAL DATA (WS FORM: F-6)
STATION: AKRON CO
MONTH: OCTOBER
YEAR: 2020
LATITUDE: 40 10 N
LONGITUDE: 103 13 W
TEMPERATURE IN F: :PCPN: SNOW: WIND :SUNSHINE: SKY :PK WND
================================================================================
1 2 3 4 5 6A 6B 7 8 9 10 11 12 13 14 15 16 17 18
12Z AVG MX 2MIN
DY MAX MIN AVG DEP HDD CDD WTR SNW DPTH SPD SPD DIR MIN PSBL S-S WX SPD DR
================================================================================
1 64 32 48 -8 17 0 0.00 M M 7.3 16 160 M M 0 20 150
2 75 41 58 2 7 0 0.00 M M 10.5 28 30 M M 0 35 30
3 66 38 52 -3 13 0 0.00 M M 11.8 21 10 M M 1 30 350
4 79 46 63 8 2 0 0.00 M M 10.7 20 260 M M 0 26 230
5 82 48 65 11 0 0 0.00 M M 14.0 32 340 M M 0 8 42 340
6 84 47 66 12 0 1 0.00 M M 11.3 21 250 M M 0 26 300
7 85 48 67 14 0 2 0.00 M M 10.9 17 280 M M 0 8 23 270
8 87 40 64 11 1 0 0.00 M M 7.9 15 280 M M 0 18 280
9 87 49 68 15 0 3 0.00 M M 12.6 23 290 M M 0 8 29 340
10 83 46 65 13 0 0 0.00 M M 13.8 26 160 M M 0 41 160
11 82 32 57 5 8 0 0.00 M M 18.0 46 340 M M 2 8 68 310
12 73 34 54 2 11 0 0.00 M M 11.3 28 280 M M 0 36 240
13 73 40 57 6 8 0 0.00 M M 14.7 24 200 M M 0 33 200
14 64 42 53 2 12 0 T M M 14.6 26 30 M M 4 34 40
15 51 28 40 -10 25 0 0.00 M M 8.1 24 30 M M 7 33 30
16 66 24 45 -5 20 0 0.00 M M 12.6 21 210 M M 2 8 27 200
17 72 33 53 3 12 0 0.00 M M 12.3 28 340 M M 3 8 41 330
18 42 28 35 -15 30 0 0.00 M M 14.3 25 160 M M 8 1 34 170
19 60 30 45 -4 20 0 0.00 M M 11.5 17 240 M M 0 23 150
20 63 33 48 -1 17 0 0.00 M M 11.7 24 360 M M 0 31 10
21 69 38 54 6 11 0 0.00 M M 15.0 26 160 M M 0 12 34 170
22 44 25 35 -13 30 0 T M M 18.1 28 10 M M 10 12 37 350
23 34 20 27 -21 38 0 0.00 M M 12.3 23 340 M M 6 28 340
24 43 20 32 -15 33 0 0.00 M M 14.1 28 110 M M 1 36 110
25 26 8 17 -30 48 0 0.01 M M 16.1 23 360 M M 10 16 29 360
26 13 2 8 -39 57 0 T M M 7.1 15 250 M M 5 1 19 250
27 29 0 15 -31 50 0 0.00 M M 12.8 20 260 M M 0 24 280
28 50 19 35 -11 30 0 0.00 M M 13.6 26 360 M M 0 18 33 360
29 64 32 48 2 17 0 0.00 M M 7.5 17 240 M M 2 20 240
30 69 34 52 7 13 0 0.00 M M 11.6 23 180 M M 0 30 180
31 58 32 45 0 20 0 0.00 M M 12.7 26 360 M M 0 33 360
================================================================================
SM 1937 989 550 6 0.01 M 380.8 M 61
================================================================================
AV 62.5 31.9 12.3 FASTST M M 2 MAX(MPH)
MISC ----> 46 340 68 310
================================================================================
NOTES:
# LAST OF SEVERAL OCCURRENCES
COLUMN 17 PEAK WIND IN M.P.H.
PRELIMINARY LOCAL CLIMATOLOGICAL DATA (WS FORM: F-6) , PAGE 2
STATION: AKRON CO
MONTH: OCTOBER
YEAR: 2020
LATITUDE: 40 10 N
LONGITUDE: 103 13 W
[TEMPERATURE DATA] [PRECIPITATION DATA] SYMBOLS USED IN COLUMN 16
AVERAGE MONTHLY: 47.2 TOTAL FOR MONTH: 0.01 1 = FOG OR MIST
DPTR FM NORMAL: -3.0 DPTR FM NORMAL: -1.10 2 = FOG REDUCING VISIBILITY
HIGHEST: 87 ON 9, 8 GRTST 24HR 0.01 ON 25-25 TO 1/4 MILE OR LESS
LOWEST: 0 ON 27 3 = THUNDER
SNOW, ICE PELLETS, HAIL 4 = ICE PELLETS
TOTAL MONTH: M 5 = HAIL
GRTST 24HR M ON M 6 = FREEZING RAIN OR DRIZZLE
GRTST DEPTH: M ON M 7 = DUSTSTORM OR SANDSTORM:
VSBY 1/2 MILE OR LESS
8 = SMOKE OR HAZE
[NO. OF DAYS WITH] [WEATHER - DAYS WITH] 9 = BLOWING SNOW
X = TORNADO
MAX 32 OR BELOW: 3 0.01 INCH OR MORE: 1
MAX 90 OR ABOVE: 0 0.10 INCH OR MORE: 0
MIN 32 OR BELOW: 15 0.50 INCH OR MORE: 0
MIN 0 OR BELOW: 1 1.00 INCH OR MORE: 0
[HDD (BASE 65) ]
TOTAL THIS MO. 550 CLEAR (SCALE 0-3) 24
DPTR FM NORMAL 89 PTCLDY (SCALE 4-7) 5
TOTAL FM JUL 1 708 CLOUDY (SCALE 8-10) 2
DPTR FM NORMAL 85
[CDD (BASE 65) ]
TOTAL THIS MO. 6
DPTR FM NORMAL 2 [PRESSURE DATA]
TOTAL FM JAN 1 1089 HIGHEST SLP 30.57 ON 26
DPTR FM NORMAL 333 LOWEST SLP 29.46 ON 11
[REMARKS]
#FINAL-10-20#