000
CXUS54 KEPZ 011030
CF6ALM
PRELIMINARY LOCAL CLIMATOLOGICAL DATA (WS FORM: F-6)
STATION: ALAMOGORDO
MONTH: MARCH
YEAR: 2021
LATITUDE: 32 49 N
LONGITUDE: 106 0 W
TEMPERATURE IN F: :PCPN: SNOW: WIND :SUNSHINE: SKY :PK WND
================================================================================
1 2 3 4 5 6A 6B 7 8 9 10 11 12 13 14 15 16 17 18
12Z AVG MX 2MIN
DY MAX MIN AVG DEP HDD CDD WTR SNW DPTH SPD SPD DIR MIN PSBL S-S WX SPD DR
================================================================================
1 M M M M M M 0.00 M M M M M M M 0 M M
2 57 M M M M M M M M 3.8 8 70 M M 0 M M
3 72 28 50 M 15 0 0.03 M M 4.0 12 190 M M 2 12 99
4 68 50 59 M 6 0 0.00 M M 14.2 22 260 M M 1 29 260
5 68 36 52 M 13 0 0.00 M M 8.2 13 360 M M 1 18 190
6 64 34 49 M 16 0 0.00 M M 8.1 15 200 M M 1 21 200
7 70 36 53 M 12 0 0.00 M M 5.4 9 360 M M 1 12 99
8 77 41 59 M 6 0 0.00 M M 7.0 16 190 M M 2 23 190
9 77 55 66 M 0 1 0.00 M M 12.1 23 290 M M 1 8 30 290
10 73 46 60 M 5 0 0.00 M M 12.7 23 230 M M 1 30 230
11 73 39 56 M 9 0 0.00 M M 9.8 17 220 M M 2 25 210
12 75 50 63 M 2 0 0.00 M M 12.2 25 180 M M 2 33 180
13 64 34 49 M 16 0 0.00 M M 12.6 29 260 M M 2 8 37 250
14 59 30 45 M 20 0 T M M 10.6 28 260 M M 3 8 43 260
15 68 36 52 M 13 0 0.00 M M 9.0 16 170 M M 1 8 20 200
16 72 32 52 M 13 0 0.00 M M 17.8 35 200 M M 1 8 45 200
17 63 28 46 M 19 0 0.00 M M 6.3 14 300 M M 0 18 340
18 68 30 49 M 16 0 0.00 M M 4.8 12 220 M M 0 15 0
19 72 34 53 M 12 0 0.00 M M 6.4 14 220 M M 0 18 220
20 79 37 58 M 7 0 0.00 M M 9.1 16 200 M M 1 25 200
21 75 52 64 M 1 0 0.00 M M 10.3 15 220 M M 2 24 170
22 63 43 53 M 12 0 0.00 M M 13.0 28 260 M M 1 8 41 290
23 66 34 50 M 15 0 0.00 M M 8.1 18 200 M M 2 29 200
24 54 36 45 M 20 0 0.00 M M 7.0 20 300 M M 7 8 22 210
25 61 27 44 M 21 0 0.00 M M 6.9 14 280 M M 1 20 200
26 66 41 54 M 11 0 0.00 M M 9.3 22 210 M M 2 24 180
27 64 37 51 M 14 0 0.01 M M 9.3 20 60 M M 4 32 60
28 70 32 51 M 14 0 0.00 M M 5.2 10 200 M M 0 17 99
29 77 36 57 M 8 0 0.00 M M 7.3 15 170 M M 1 23 190
30 81 52 67 M 0 2 0.00 M M 12.3 28 250 M M 0 33 250
31 68 34 51 M 14 0 0.00 M M 8.0 17 170 M M 1 30 200
================================================================================
SM 2064 1100 330 3 0.04 M 270.7 M 43
================================================================================
AV 68.8 37.9 9.0 FASTST M M 1 MAX(MPH)
MISC ----> 35 200 45 200
================================================================================
NOTES:
# LAST OF SEVERAL OCCURRENCES
COLUMN 17 PEAK WIND IN M.P.H.
PRELIMINARY LOCAL CLIMATOLOGICAL DATA (WS FORM: F-6) , PAGE 2
STATION: ALAMOGORDO
MONTH: MARCH
YEAR: 2021
LATITUDE: 32 49 N
LONGITUDE: 106 0 W
[TEMPERATURE DATA] [PRECIPITATION DATA] SYMBOLS USED IN COLUMN 16
AVERAGE MONTHLY: 53.4 TOTAL FOR MONTH: 0.04 1 = FOG OR MIST
DPTR FM NORMAL: 0.0 DPTR FM NORMAL: M 2 = FOG REDUCING VISIBILITY
HIGHEST: 81 ON 30 GRTST 24HR 0.03 ON 3- 3 TO 1/4 MILE OR LESS
LOWEST: 27 ON 25 3 = THUNDER
SNOW, ICE PELLETS, HAIL 4 = ICE PELLETS
TOTAL MONTH: M 5 = HAIL
GRTST 24HR M ON M 6 = FREEZING RAIN OR DRIZZLE
GRTST DEPTH: M ON M 7 = DUSTSTORM OR SANDSTORM:
VSBY 1/2 MILE OR LESS
8 = SMOKE OR HAZE
[NO. OF DAYS WITH] [WEATHER - DAYS WITH] 9 = BLOWING SNOW
X = TORNADO
MAX 32 OR BELOW: 0 0.01 INCH OR MORE: 2
MAX 90 OR ABOVE: 0 0.10 INCH OR MORE: 0
MIN 32 OR BELOW: 7 0.50 INCH OR MORE: 0
MIN 0 OR BELOW: 0 1.00 INCH OR MORE: 0
[HDD (BASE 65) ]
TOTAL THIS MO. 330 CLEAR (SCALE 0-3) 29
DPTR FM NORMAL M PTCLDY (SCALE 4-7) 2
TOTAL FM JUL 1 2721 CLOUDY (SCALE 8-10) 0
DPTR FM NORMAL M
[CDD (BASE 65) ]
TOTAL THIS MO. 3
DPTR FM NORMAL M [PRESSURE DATA]
TOTAL FM JAN 1 3 HIGHEST SLP M ON M
DPTR FM NORMAL M LOWEST SLP M ON M
[REMARKS]
#FINAL-03-21#