000
CXUS55 KPUB 171417 CCA
CF6ALS
PRELIMINARY LOCAL CLIMATOLOGICAL DATA (WS FORM: F-6)
STATION: ALAMOSA CO
MONTH: FEBRUARY
YEAR: 2021
LATITUDE: 37 27 N
LONGITUDE: 105 52 W
TEMPERATURE IN F: :PCPN: SNOW: WIND :SUNSHINE: SKY :PK WND
================================================================================
1 2 3 4 5 6A 6B 7 8 9 10 11 12 13 14 15 16 17 18
12Z AVG MX 2MIN
DY MAX MIN AVG DEP HDD CDD WTR SNW DPTH SPD SPD DIR MIN PSBL S-S WX SPD DR
================================================================================
1 35 1 18 0 47 0 0.00 0.0 0 2.8 7 260 M M 3 10 320
2 43 7 25 7 40 0 0.00 0.0 0 3.3 10 340 M M 0 14 310
3 52 14 33 14 32 0 T 0.0 0 12.0 35 240 M M 4 45 260
4 37 13 25 6 40 0 0.00 0.0 0 10.6 26 340 M M 2 38 350
5 37 8 23 4 42 0 0.01 0.3 0 4.5 15 20 M M 3 18 19 60
6 40 6 23 3 42 0 0.00 0.0 T 5.7 22 240 M M 0 27 250
7 50 9 30 10 35 0 0.00 0.0 0 8.0 21 250 M M 0 26 260
8 51 6 29 9 36 0 0.00 0.0 0 11.6 31 240 M M 0 39 260
9 54 24 39 18 26 0 0.00 0.0 0 9.1 23 250 M M 2 30 240
10 49 21 35 14 30 0 0.00 0.0 0 5.4 15 240 M M 7 22 240
11 49 14 32 11 33 0 0.00 0.0 0 6.9 16 200 M M 0 22 190
12 49 23 36 14 29 0 0.00 0.0 0 12.6 28 240 M M 3 36 240
13 41 15 28 6 37 0 0.01 0.6 0 11.5 24 180 M M 3 1 34 210
14 24 3 14 -8 51 0 0.04 0.4 1 13.9 30 130 M M 10 189 46 110
15 27 -1 13 -10 52 0 T T 1 5.0 14 150 M M 6 18 18 160
16 34 7 21 -2 44 0 0.00 0.0 1 4.9 15 330 M M 5 20 330
17 35 6 21 -3 44 0 0.01 0.4 0 6.0 21 100 M M 4 1 27 110
18 27 -3 12 -12 53 0 0.21 2.8 3 5.4 21 40 M M 5 12 27 80
19 31 -6 13 -11 52 0 0.00 0.0 1 4.3 9 230 M M 0 14 250
20 44 2 23 -2 42 0 0.00 0.0 1 8.2 31 220 M M 2 42 220
21 36 14 25 0 40 0 T T T 12.3 24 360 M M 1 34 330
22 45 9 27 1 38 0 0.00 0.0 0 5.1 12 230 M M 0 16 230
23 55 11 33 7 32 0 0.00 0.0 0 4.2 16 20 M M 0 22 10
24 48 20 34 8 31 0 0.00 0.0 0 8.8 26 200 M M 0 36 200
25 43 16 30 3 35 0 T T 0 6.0 15 250 M M 3 23 140
26 46 10 28 1 37 0 0.00 0.0 0 9.3 31 240 M M 0 39 240
27 42 17 30 2 35 0 0.00 0.0 0 18.4 39 250 M M 1 8 53 260
28 33 7 20 -8 45 0 T T 0 6.6 15 10 M M 6 8 21 30
================================================================================
SM 1157 273 1100 0 0.28 4.5 222.4 M 70
================================================================================
AV 41.3 9.8 7.9 FASTST M M 3 MAX(MPH)
MISC ----> 39 250 53 260
================================================================================
NOTES:
COLUMNS 7&8; TRACE OF SNOW WAS RECORDED BY OFFICIAL SNOW OBS, BUT WAS NOT
DETECTED BY ASOS.
COLUMN 17 PEAK WIND IN M.P.H.
PRELIMINARY LOCAL CLIMATOLOGICAL DATA (WS FORM: F-6) , PAGE 2
STATION: ALAMOSA CO
MONTH: FEBRUARY
YEAR: 2021
LATITUDE: 37 27 N
LONGITUDE: 105 52 W
[TEMPERATURE DATA] [PRECIPITATION DATA] SYMBOLS USED IN COLUMN 16
AVERAGE MONTHLY: 25.5 TOTAL FOR MONTH: 0.28 1 = FOG OR MIST
DPTR FM NORMAL: 2.7 DPTR FM NORMAL: 0.02 2 = FOG REDUCING VISIBILITY
HIGHEST: 55 ON 23 GRTST 24HR 0.22 ON 17-18 TO 1/4 MILE OR LESS
LOWEST: -6 ON 19 3 = THUNDER
SNOW, ICE PELLETS, HAIL 4 = ICE PELLETS
TOTAL MONTH: 4.5 INCHES 5 = HAIL
GRTST 24HR 3.2 ON 17-18 6 = FREEZING RAIN OR DRIZZLE
GRTST DEPTH: 3 ON 18 7 = DUSTSTORM OR SANDSTORM:
VSBY 1/2 MILE OR LESS
8 = SMOKE OR HAZE
[NO. OF DAYS WITH] [WEATHER - DAYS WITH] 9 = BLOWING SNOW
X = TORNADO
MAX 32 OR BELOW: 4 0.01 INCH OR MORE: 5
MAX 90 OR ABOVE: 0 0.10 INCH OR MORE: 1
MIN 32 OR BELOW: 28 0.50 INCH OR MORE: 0
MIN 0 OR BELOW: 3 1.00 INCH OR MORE: 0
[HDD (BASE 65) ]
TOTAL THIS MO. 1100 CLEAR (SCALE 0-3) 20
DPTR FM NORMAL -82 PTCLDY (SCALE 4-7) 7
TOTAL FM JUL 1 5869 CLOUDY (SCALE 8-10) 1
DPTR FM NORMAL -459
[CDD (BASE 65) ]
TOTAL THIS MO. 0
DPTR FM NORMAL 0 [PRESSURE DATA]
TOTAL FM JAN 1 0 HIGHEST SLP 30.73 ON 1
DPTR FM NORMAL 0 LOWEST SLP 29.39 ON 13
[REMARKS]
#FINAL-02-21#