000
CXUS55 KPUB 012119
CLMALS
CLIMATE REPORT
NATIONAL WEATHER SERVICE
319 PM MDT TUE AUG 01 2023
...................................
...THE ALAMOSA CO CLIMATE SUMMARY FOR THE MONTH OF JULY 2023...
CLIMATE NORMAL PERIOD 1991 TO 2020
CLIMATE RECORD PERIOD 1932 TO 2023
WEATHER OBSERVED NORMAL DEPART LAST YEAR`S
VALUE DATE(S) VALUE FROM VALUE DATE(S)
NORMAL
................................................................
TEMPERATURE (F)
RECORD
HIGH 96 07/05/1989
LOW 28 07/01/2020
HIGHEST 95 07/17 82 13 91 07/18
LOWEST 39 07/06 44 -5 44 07/13
AVG. MAXIMUM 89.2 83.3 5.9 83.4
AVG. MINIMUM 47.2 47.3 -0.1 50.5
MEAN 68.2 65.3 2.9 66.9
DAYS MAX >= 90 15 2.4 12.6
DAYS MAX <= 32 0 0.0 0.0
DAYS MIN <= 32 0 0.1 -0.1
DAYS MIN <= 0 0 0.0 0.0
PRECIPITATION (INCHES)
RECORD
MAXIMUM 3.52 2017
MINIMUM 0.02 1994
TOTALS 0.01R 1.04 -1.03 1.62
DAILY AVG. 0.00 0.03 -0.03
DAYS >= .01 1 8.4 -7.4
DAYS >= .10 0 3.0 -3.0
DAYS >= .50 0 0.3 -0.3
DAYS >= 1.00 0 0.1 -0.1
GREATEST
24 HR. TOTAL 0.01 07/27 TO 07/27
SNOWFALL (INCHES)
RECORDS
TOTAL 0.2 1952
TOTALS 0.0 MM MM 0.0
SINCE 7/1 0.0 MM MM MM
SNOWDEPTH AVG. 0
DAYS >= 1.0 0 MM MM
GREATEST
SNOW DEPTH 0 0
24 HR TOTAL MM 0.0
DEGREE DAYS
HEATING TOTAL 6 34 -28 13
SINCE 7/1 6 35 -29 MM
COOLING TOTAL 115 43 72 77
SINCE 1/1 122 53 69 MM
................................................................
WIND (MPH)
AVERAGE WIND SPEED 7.1
HIGHEST WIND SPEED/DIRECTION 35/300 DATE 07/10
HIGHEST GUST SPEED/DIRECTION 49/290 DATE 07/10
49/330 07/14
SKY COVER
POSSIBLE SUNSHINE (PERCENT) MM
AVERAGE SKY COVER 0.07
NUMBER OF DAYS FAIR 31
NUMBER OF DAYS PC 0
NUMBER OF DAYS CLOUDY 0
AVERAGE RH (PERCENT) 47
WEATHER CONDITIONS. NUMBER OF DAYS WITH
THUNDERSTORM 6 MIXED PRECIP 0
HEAVY RAIN 0 RAIN 0
LIGHT RAIN 9 FREEZING RAIN 0
LT FREEZING RAIN 0 HAIL 0
HEAVY SNOW 0 SNOW 0
LIGHT SNOW 0 SLEET 0
FOG 0 FOG W/VIS <= 1/4 MILE 0
HAZE 5
- INDICATES NEGATIVE NUMBERS.
R INDICATES RECORD WAS SET OR TIED.
MM INDICATES DATA IS MISSING.
T INDICATES TRACE AMOUNT.
$$