000
CXUS56 KPDT 031550
CF6ALW
PRELIMINARY LOCAL CLIMATOLOGICAL DATA (WS FORM: F-6)
STATION: WALLA WALLA WA
MONTH: NOVEMBER
YEAR: 2022
LATITUDE: 46 5 N
LONGITUDE: 118 17 W
TEMPERATURE IN F: :PCPN: SNOW: WIND :SUNSHINE: SKY :PK WND
================================================================================
1 2 3 4 5 6A 6B 7 8 9 10 11 12 13 14 15 16 17 18
12Z AVG MX 2MIN
DY MAX MIN AVG DEP HDD CDD WTR SNW DPTH SPD SPD DIR MIN PSBL S-S WX SPD DR
================================================================================
1 48 36 42 -5 23 0 1.08 M M 7.4 14 180 M M 10 1 18 180
2 47 36 42 -5 23 0 0.01 M M 9.0 26 200 M M 6 32 200
3 45 33 39 -7 26 0 0.15 M M 8.9 20 200 M M 7 24 200
4 58 39 49 3 16 0 0.89 M M 20.6 38 210 M M 10 1 57 200
5 60 38 49 3 16 0 0.01 M M 17.0 45 250 M M 3 68 250
6 56 39 48 3 17 0 0.14 M M 11.9 26 150 M M 3 1 36 170
7 50 38 44 -1 21 0 0.07 M M 8.5 20 210 M M 6 1 27 210
8 43 29 36 -9 29 0 T M M 8.1 14 180 M M 6 1 17 170
9 40 27 34 -10 31 0 0.00 M M 10.9 17 190 M M 4 26 200
10 43 28 36 -8 29 0 0.00 M M 5.5 10 270 M M 1 15 240
11 31 23 27 -17 38 0 0.00 M M 4.3 10 180 M M 8 12 14 180
12 34 26 30 -13 35 0 0.00 M M 4.5 7 140 M M 2 8 280
13 40 24 32 -11 33 0 0.00 M M 4.5 9 190 M M 2 1 12 190
14 31 29 30 -13 35 0 0.00 M M 2.7 7 200 M M 10 18 9 190
15 30 24 27 -15 38 0 0.00 M M 2.7 8 10 M M 9 12 10 350
16 28 27 28 -14 37 0 0.00 M M 2.8 7 170 M M 10 1 8 350
17 31 28 30 -12 35 0 T M M M M M M M M M M
18 32 20 26 -16 39 0 0.00 M M 4.2 7 110 M M 7 M M
19 24 19 22 -19 43 0 0.00 M M 3.0 5 100 M M 8 12 M M
20 23 20 22 -19 43 0 0.00 M M 1.7 7 280 M M 3 12 9 280
21 27 22 25 -16 40 0 0.00 M M 2.1 10 280 M M 9 18 12 280
22 47 24 36 -4 29 0 0.11 M M 6.5 29 210 M M 8 126 40 190
23 50 32 41 1 24 0 0.00 M M 7.8 15 190 M M 2 12 20 200
24 33 29 31 -9 34 0 0.00 M M 3.5 9 190 M M 10 12 12 170
25 46 29 38 -2 27 0 0.17 M M 3.8 12 330 M M 9 12 13 330
26 45 34 40 1 25 0 T M M 10.0 21 200 M M 6 28 210
27 48 34 41 2 24 0 0.03 M M 12.0 29 210 M M 7 39 250
28 36 25 31 -8 34 0 0.03 M M 7.0 14 260 M M 9 1 16 260
29 40 20 30 -8 35 0 0.01 M M 7.0 31 150 M M 9 1 43 150
30 47 37 42 4 23 0 0.48 M M 18.2 38 150 M M 10 1 53 170
================================================================================
SM 1213 869 902 0 3.18 M 216.1 M 194
================================================================================
AV 40.4 29.0 7.5 FASTST M M 7 MAX(MPH)
MISC ----> 45 250 68 250
================================================================================
NOTES:
# LAST OF SEVERAL OCCURRENCES
COLUMN 17 PEAK WIND IN M.P.H.
PRELIMINARY LOCAL CLIMATOLOGICAL DATA (WS FORM: F-6) , PAGE 2
STATION: WALLA WALLA WA
MONTH: NOVEMBER
YEAR: 2022
LATITUDE: 46 5 N
LONGITUDE: 118 17 W
[TEMPERATURE DATA] [PRECIPITATION DATA] SYMBOLS USED IN COLUMN 16
AVERAGE MONTHLY: 34.7 TOTAL FOR MONTH: 3.18 1 = FOG OR MIST
DPTR FM NORMAL: -7.7 DPTR FM NORMAL: 0.93 2 = FOG REDUCING VISIBILITY
HIGHEST: 60 ON 5 GRTST 24HR 1.14 ON 31- 1 TO 1/4 MILE OR LESS
LOWEST: 19 ON 19 3 = THUNDER
SNOW, ICE PELLETS, HAIL 4 = ICE PELLETS
TOTAL MONTH: M 5 = HAIL
GRTST 24HR M ON M 6 = FREEZING RAIN OR DRIZZLE
GRTST DEPTH: M ON M 7 = DUSTSTORM OR SANDSTORM:
VSBY 1/2 MILE OR LESS
8 = SMOKE OR HAZE
[NO. OF DAYS WITH] [WEATHER - DAYS WITH] 9 = BLOWING SNOW
X = TORNADO
MAX 32 OR BELOW: 9 0.01 INCH OR MORE: 13
MAX 90 OR ABOVE: 0 0.10 INCH OR MORE: 7
MIN 32 OR BELOW: 20 0.50 INCH OR MORE: 2
MIN 0 OR BELOW: 0 1.00 INCH OR MORE: 1
[HDD (BASE 65) ]
TOTAL THIS MO. 902 CLEAR (SCALE 0-3) 5
DPTR FM NORMAL 224 PTCLDY (SCALE 4-7) 13
TOTAL FM JUL 1 1140 CLOUDY (SCALE 8-10) 12
DPTR FM NORMAL 26
[CDD (BASE 65) ]
TOTAL THIS MO. 0
DPTR FM NORMAL 0 [PRESSURE DATA]
TOTAL FM JAN 1 1017 HIGHEST SLP 30.82 ON 16
DPTR FM NORMAL 80 LOWEST SLP 29.33 ON 6
[REMARKS]
#FINAL-11-22#