000
CXUS54 KAMA 010710
CF6AMA
PRELIMINARY LOCAL CLIMATOLOGICAL DATA (WS FORM: F-6)
STATION: AMARILLO
MONTH: JULY
YEAR: 2022
LATITUDE: 35 13 N
LONGITUDE: 101 42 W
TEMPERATURE IN F: :PCPN: SNOW: WIND :SUNSHINE: SKY :PK WND
================================================================================
1 2 3 4 5 6A 6B 7 8 9 10 11 12 13 14 15 16 17 18
12Z AVG MX 2MIN
DY MAX MIN AVG DEP HDD CDD WTR SNW DPTH SPD SPD DIR MIN PSBL S-S WX SPD DR
================================================================================
1 99 67 83 4 0 18 0.00 0.0 0 7.8 22 130 M M 2 29 130
2 97 67 82 3 0 17 0.94 T 0 9.6 28 120 M M 2 135 66 170
3 96 71 84 5 0 19 0.00 0.0 0 13.6 37 140 M M 4 45 140
4 96 70 83 4 0 18 0.00 0.0 0 14.7 25 200 M M 1 33 200
5 98 72 85 6 0 20 0.00 0.0 0 16.1 31 210 M M 0 42 220
6 99 73 86 7 0 21 T 0.0 0 12.7 25 240 M M 3 3 35 60
7 95 69 82 3 0 17 0.00 0.0 0 6.8 17 180 M M 0 22 170
8 95 72 84 5 0 19 0.00 0.0 0 10.2 26 50 M M 0 3 35 40
9 97 65 81 1 0 16 0.00 0.0 0 7.1 16 130 M M 0 23 100
10 101 69 85 5 0 20 0.00 0.0 0 9.9 20 130 M M 0 25 150
11 104 69 87 7 0 22 0.00 0.0 0 9.6 18 210 M M 1 3 26 200
12 94 67 81 1 0 16 0.30 T 0 13.9 36 210 M M 2 358 44 210
13 96 68 82 2 0 17 0.00 0.0 0 8.1 21 140 M M 1 3 28 140
14 100 69 85 5 0 20 0.00 0.0 0 10.6 21 140 M M 1 26 150
15 101 68 85 5 0 20 0.00 0.0 0 10.2 18 140 M M 0 29 90
16 101 68 85 5 0 20 0.00 0.0 0 11.8 20 200 M M 0 30 170
17 100 70 85 5 0 20 0.00 0.0 0 10.4 16 70 M M 0 26 40
18 102 73 88 8 0 23 0.00 0.0 0 9.9 17 150 M M 0 28 180
19 108 77 93 13 0 28 0.00 0.0 0 16.0 30 220 M M 0 3 41 220
20 99 73 86 6 0 21 0.04 0.0 0 12.5 30 340 M M 1 38 47 320
21 96 72 84 4 0 19 0.38 0.0 0 8.8 35 130 M M 3 3 44 130
22 96 68 82 2 0 17 0.00 0.0 0 15.1 30 180 M M 1 37 180
23 100 69 85 5 0 20 0.00 0.0 0 15.1 26 200 M M 1 40 200
24 99 70 85 5 0 20 0.00 0.0 0 11.3 20 250 M M 2 25 170
25 98 71 85 5 0 20 0.00 0.0 0 12.5 22 180 M M 1 29 180
26 100 74 87 7 0 22 0.00 0.0 0 15.3 28 230 M M 1 35 220
27 101 72 87 7 0 22 0.00 0.0 0 8.4 30 50 M M 3 38 41 310
28 95 68 82 2 0 17 0.01 0.0 0 11.5 32 160 M M 2 3 40 140
29 89 63 76 -4 0 11 1.58 0.0 0 13.1 37 150 M M 6 13 46 140
30 88 64 76 -4 0 11 1.15 0.0 0 9.7 20 320 M M 4 13 28 320
31 97 71 84 4 0 19 0.00 0.0 0 11.2 22 240 M M 1 28 250
================================================================================
SM 3037 2159 0 590 4.40 T 353.5 M 43
================================================================================
AV 98.0 69.6 11.4 FASTST M M 1 MAX(MPH)
MISC ----> # 37 140 66 170
================================================================================
NOTES:
# LAST OF SEVERAL OCCURRENCES
COLUMN 17 PEAK WIND IN M.P.H.
PRELIMINARY LOCAL CLIMATOLOGICAL DATA (WS FORM: F-6) , PAGE 2
STATION: AMARILLO
MONTH: JULY
YEAR: 2022
LATITUDE: 35 13 N
LONGITUDE: 101 42 W
[TEMPERATURE DATA] [PRECIPITATION DATA] SYMBOLS USED IN COLUMN 16
AVERAGE MONTHLY: 83.8 TOTAL FOR MONTH: 4.40 1 = FOG OR MIST
DPTR FM NORMAL: 4.2 DPTR FM NORMAL: 1.58 2 = FOG REDUCING VISIBILITY
HIGHEST: 108 ON 19 GRTST 24HR 2.63 ON 29-30 TO 1/4 MILE OR LESS
LOWEST: 63 ON 29 3 = THUNDER
SNOW, ICE PELLETS, HAIL 4 = ICE PELLETS
TOTAL MONTH: T 5 = HAIL
GRTST 24HR T ON 2- 2 6 = FREEZING RAIN OR DRIZZLE
GRTST DEPTH: 0 7 = DUSTSTORM OR SANDSTORM:
VSBY 1/2 MILE OR LESS
8 = SMOKE OR HAZE
[NO. OF DAYS WITH] [WEATHER - DAYS WITH] 9 = BLOWING SNOW
X = TORNADO
MAX 32 OR BELOW: 0 0.01 INCH OR MORE: 7
MAX 90 OR ABOVE: 29 0.10 INCH OR MORE: 5
MIN 32 OR BELOW: 0 0.50 INCH OR MORE: 3
MIN 0 OR BELOW: 0 1.00 INCH OR MORE: 2
[HDD (BASE 65) ]
TOTAL THIS MO. 0 CLEAR (SCALE 0-3) 28
DPTR FM NORMAL 0 PTCLDY (SCALE 4-7) 3
TOTAL FM JUL 1 0 CLOUDY (SCALE 8-10) 0
DPTR FM NORMAL 0
[CDD (BASE 65) ]
TOTAL THIS MO. 590
DPTR FM NORMAL 136 [PRESSURE DATA]
TOTAL FM JAN 1 1289 HIGHEST SLP M ON M
DPTR FM NORMAL 339 LOWEST SLP 29.63 ON 19
[REMARKS]
#FINAL-07-22#