000
CXUS54 KAMA 010710
CF6AMA
PRELIMINARY LOCAL CLIMATOLOGICAL DATA (WS FORM: F-6)
STATION: AMARILLO
MONTH: JUNE
YEAR: 2021
LATITUDE: 35 13 N
LONGITUDE: 101 42 W
TEMPERATURE IN F: :PCPN: SNOW: WIND :SUNSHINE: SKY :PK WND
================================================================================
1 2 3 4 5 6A 6B 7 8 9 10 11 12 13 14 15 16 17 18
12Z AVG MX 2MIN
DY MAX MIN AVG DEP HDD CDD WTR SNW DPTH SPD SPD DIR MIN PSBL S-S WX SPD DR
================================================================================
1 70 55 63 -9 2 0 0.05 0.0 0 6.1 16 210 M M 6 3 19 210
2 79 52 66 -7 0 1 0.10 0.0 0 5.9 25 10 M M 2 13 34 10
3 80 56 68 -5 0 3 0.00 0.0 0 6.2 16 140 M M 1 21 130
4 81 58 70 -3 0 5 0.00 0.0 0 12.1 20 180 M M 0 27 150
5 81 61 71 -3 0 6 0.00 0.0 0 16.4 23 180 M M 1 31 170
6 87 63 75 1 0 10 0.00 0.0 0 15.6 25 180 M M 3 33 180
7 89 62 76 2 0 11 0.00 0.0 0 9.2 22 120 M M 0 28 120
8 93 64 79 5 0 14 0.00 0.0 0 13.8 25 150 M M 0 32 150
9 100 64 82 7 0 17 0.00 0.0 0 9.5 18 170 M M 0 26 150
10 99 72 86 11 0 21 0.00 0.0 0 16.0 29 140 M M 0 1 39 140
11 90 67 79 4 0 14 0.00 0.0 0 14.8 26 360 M M 0 35 360
12 89 68 79 3 0 14 0.00 0.0 0 14.3 24 220 M M 4 1 33 240
13 89 62 76 0 0 11 0.14 0.0 0 12.5 24 230 M M 1 3 34 40
14 90 67 79 3 0 14 0.00 0.0 0 11.7 20 150 M M 0 27 120
15 94 62 78 2 0 13 0.00 0.0 0 8.6 15 210 M M 0 20 180
16 95 68 82 6 0 17 0.00 0.0 0 13.1 22 210 M M 0 28 200
17 95 67 81 4 0 16 0.00 0.0 0 14.7 23 220 M M 0 31 220
18 96 65 81 4 0 16 0.00 0.0 0 13.7 23 220 M M 0 29 220
19 97 66 82 5 0 17 0.00 0.0 0 13.9 23 180 M M 0 31 170
20 99 70 85 8 0 20 0.00 0.0 0 13.8 25 210 M M 0 32 230
21 78 58 68 -9 0 3 0.02 0.0 0 16.8 36 60 M M 3 3 47 60
22 91 56 74 -4 0 9 0.00 0.0 0 17.2 26 210 M M 0 37 200
23 103 73 88 10 0 23 0.00 0.0 0 21.0 30 190 M M 0 40 180
24 99 70 85 7 0 20 0.08 0.0 0 16.6 31 290 M M 1 3 45 300
25 95 68 82 4 0 17 0.20 0.0 0 13.3 29 170 M M 1 13 37 170
26 84 64 74 -4 0 9 0.19 0.0 0 11.6 21 330 M M 6 13 29 340
27 77 63 70 -8 0 5 T 0.0 0 9.0 16 70 M M 6 25 50
28 73 63 68 -10 0 3 T 0.0 0 7.7 16 50 M M 9 1 21 50
29 76 62 69 -9 0 4 0.09 0.0 0 6.4 16 60 M M 10 1 22 50
30 78 63 71 -8 0 6 0.07 0.0 0 4.6 20 200 M M 7 123 25 180
================================================================================
SM 2647 1909 2 339 0.94 0.0 366.1 M 61
================================================================================
AV 88.2 63.6 12.2 FASTST M M 2 MAX(MPH)
MISC ----> 36 60 47 60
================================================================================
NOTES:
# LAST OF SEVERAL OCCURRENCES
COLUMN 17 PEAK WIND IN M.P.H.
PRELIMINARY LOCAL CLIMATOLOGICAL DATA (WS FORM: F-6) , PAGE 2
STATION: AMARILLO
MONTH: JUNE
YEAR: 2021
LATITUDE: 35 13 N
LONGITUDE: 101 42 W
[TEMPERATURE DATA] [PRECIPITATION DATA] SYMBOLS USED IN COLUMN 16
AVERAGE MONTHLY: 75.9 TOTAL FOR MONTH: 0.94 1 = FOG OR MIST
DPTR FM NORMAL: -0.2 DPTR FM NORMAL: -1.91 2 = FOG REDUCING VISIBILITY
HIGHEST: 103 ON 23 GRTST 24HR 0.32 ON 25-26 TO 1/4 MILE OR LESS
LOWEST: 52 ON 2 3 = THUNDER
SNOW, ICE PELLETS, HAIL 4 = ICE PELLETS
TOTAL MONTH: 0.0 INCH 5 = HAIL
GRTST 24HR 0.0 6 = FREEZING RAIN OR DRIZZLE
GRTST DEPTH: 0 7 = DUSTSTORM OR SANDSTORM:
VSBY 1/2 MILE OR LESS
8 = SMOKE OR HAZE
[NO. OF DAYS WITH] [WEATHER - DAYS WITH] 9 = BLOWING SNOW
X = TORNADO
MAX 32 OR BELOW: 0 0.01 INCH OR MORE: 9
MAX 90 OR ABOVE: 15 0.10 INCH OR MORE: 4
MIN 32 OR BELOW: 0 0.50 INCH OR MORE: 0
MIN 0 OR BELOW: 0 1.00 INCH OR MORE: 0
[HDD (BASE 65) ]
TOTAL THIS MO. 2 CLEAR (SCALE 0-3) 23
DPTR FM NORMAL -1 PTCLDY (SCALE 4-7) 5
TOTAL FM JUL 1 4182 CLOUDY (SCALE 8-10) 2
DPTR FM NORMAL 314
[CDD (BASE 65) ]
TOTAL THIS MO. 339
DPTR FM NORMAL 4 [PRESSURE DATA]
TOTAL FM JAN 1 460 HIGHEST SLP M ON M
DPTR FM NORMAL -36 LOWEST SLP 29.53 ON 20
[REMARKS]
#FINAL-06-21#