000
CXUS52 KJAX 011741
CF6AMG
PRELIMINARY LOCAL CLIMATOLOGICAL DATA (WS FORM: F-6)
STATION: ALMA
MONTH: JANUARY
YEAR: 2021
LATITUDE: 31 32 N
LONGITUDE: 82 30 W
TEMPERATURE IN F: :PCPN: SNOW: WIND :SUNSHINE: SKY :PK WND
================================================================================
1 2 3 4 5 6A 6B 7 8 9 10 11 12 13 14 15 16 17 18
12Z AVG MX 2MIN
DY MAX MIN AVG DEP HDD CDD WTR SNW DPTH SPD SPD DIR MIN PSBL S-S WX SPD DR
================================================================================
1 78 64 71 21 0 6 0.04 0.0 0 8.5 18 160 M M 6 1 25 160
2 69 66 68 18 0 3 2.18 0.0 0 7.3 15 190 M M 10 1 22 190
3 66 43 55 5 10 0 0.17 0.0 0 5.3 15 310 M M 4 1 22 300
4 61 39 50 0 15 0 0.00 0.0 0 3.8 13 320 M M 0 1 16 300
5 64 37 51 1 14 0 0.00 0.0 0 5.0 16 300 M M 1 22 280
6 59 35 47 -3 18 0 0.00 0.0 0 2.3 9 100 M M 0 13 110
7 60 38 49 -1 16 0 0.31 0.0 0 3.7 14 90 M M 4 1 22 110
8 52 46 49 -1 16 0 T 0.0 0 8.2 18 320 M M 10 12 23 320
9 46 40 43 -7 22 0 0.00 0.0 0 8.4 16 310 M M 10 21 310
10 52 30 41 -9 24 0 0.00 0.0 0 1.7 8 330 M M 0 1 10 360
11 57 38 48 -2 17 0 0.04 0.0 0 2.3 9 320 M M 8 1 14 320
12 53 46 50 0 15 0 0.00 0.0 0 6.0 15 320 M M 10 1 20 310
13 47 39 43 -7 22 0 0.00 0.0 0 4.7 10 250 M M 9 15 250
14 59 30 45 -5 20 0 0.00 0.0 0 4.0 13 320 M M 0 1 18 280
15 57 41 49 -1 16 0 0.33 0.0 0 4.8 10 270 M M 5 1 14 270
16 51 30 41 -9 24 0 0.00 0.0 0 6.1 24 260 M M 0 34 290
17 56 26 41 -9 24 0 0.00 0.0 0 3.0 14 250 M M 0 19 270
18 58 33 46 -5 19 0 0.00 0.0 0 5.0 15 260 M M 0 22 270
19 64 29 47 -4 18 0 0.00 0.0 0 1.2 8 300 M M 0 11 240
20 68 37 53 2 12 0 0.00 0.0 0 3.9 14 300 M M 1 19 310
21 67 46 57 6 8 0 T 0.0 0 4.2 16 240 M M 8 1 23 230
22 62 54 58 7 7 0 0.75 0.0 0 2.1 10 230 M M 10 1 14 220
23 66 42 54 3 11 0 0.00 0.0 0 2.9 8 110 M M 3 12 13 100
24 69 47 58 7 7 0 0.00 0.0 0 5.1 12 90 M M 8 17 110
25 77 50 64 13 1 0 0.00 0.0 0 5.8 18 200 M M 5 12 23 210
26 73 63 68 17 0 3 T 0.0 0 6.5 15 190 M M 9 1 21 200
27 69 53 61 10 4 0 0.63 0.0 0 5.6 15 300 M M 10 1 22 300
28 57 39 48 -4 17 0 0.00 0.0 0 10.3 24 310 M M 0 32 310
29 57 29 43 -9 22 0 0.00 0.0 0 2.3 8 320 M M 0 1 10 340
30 62 32 47 -5 18 0 0.00 0.0 0 4.4 13 150 M M 0 1 17 120
31 65 46 56 4 9 0 0.63 0.0 0 8.4 23 190 M M 9 1 30 190
================================================================================
SM 1901 1288 426 12 5.08 0.0 152.8 M 140
================================================================================
AV 61.3 41.5 4.9 FASTST M M 5 MAX(MPH)
MISC ----> # 24 260 34 290
================================================================================
NOTES:
# LAST OF SEVERAL OCCURRENCES
COLUMN 17 PEAK WIND IN M.P.H.
PRELIMINARY LOCAL CLIMATOLOGICAL DATA (WS FORM: F-6) , PAGE 2
STATION: ALMA
MONTH: JANUARY
YEAR: 2021
LATITUDE: 31 32 N
LONGITUDE: 82 30 W
[TEMPERATURE DATA] [PRECIPITATION DATA] SYMBOLS USED IN COLUMN 16
AVERAGE MONTHLY: 51.4 TOTAL FOR MONTH: 5.08 1 = FOG OR MIST
DPTR FM NORMAL: 0.7 DPTR FM NORMAL: 0.82 2 = FOG REDUCING VISIBILITY
HIGHEST: 78 ON 1 GRTST 24HR 2.35 ON 2- 3 TO 1/4 MILE OR LESS
LOWEST: 26 ON 17 3 = THUNDER
SNOW, ICE PELLETS, HAIL 4 = ICE PELLETS
TOTAL MONTH: 0.0 INCH 5 = HAIL
GRTST 24HR 0.0 6 = FREEZING RAIN OR DRIZZLE
GRTST DEPTH: 0 7 = DUSTSTORM OR SANDSTORM:
VSBY 1/2 MILE OR LESS
8 = SMOKE OR HAZE
[NO. OF DAYS WITH] [WEATHER - DAYS WITH] 9 = BLOWING SNOW
X = TORNADO
MAX 32 OR BELOW: 0 0.01 INCH OR MORE: 9
MAX 90 OR ABOVE: 0 0.10 INCH OR MORE: 7
MIN 32 OR BELOW: 7 0.50 INCH OR MORE: 4
MIN 0 OR BELOW: 0 1.00 INCH OR MORE: 1
[HDD (BASE 65) ]
TOTAL THIS MO. 426 CLEAR (SCALE 0-3) 13
DPTR FM NORMAL -23 PTCLDY (SCALE 4-7) 9
TOTAL FM JUL 1 1023 CLOUDY (SCALE 8-10) 9
DPTR FM NORMAL -67
[CDD (BASE 65) ]
TOTAL THIS MO. 12
DPTR FM NORMAL 7 [PRESSURE DATA]
TOTAL FM JAN 1 12 HIGHEST SLP 30.41 ON 19
DPTR FM NORMAL 7 LOWEST SLP 29.71 ON 15
[REMARKS]
#FINAL-01-21#