000
CXUS53 KDMX 010810
CF6AMW
PRELIMINARY LOCAL CLIMATOLOGICAL DATA (WS FORM: F-6)
STATION: AMES IA
MONTH: AUGUST
YEAR: 2022
LATITUDE: 41 59 N
LONGITUDE: 93 37 W
TEMPERATURE IN F: :PCPN: SNOW: WIND :SUNSHINE: SKY :PK WND
================================================================================
1 2 3 4 5 6A 6B 7 8 9 10 11 12 13 14 15 16 17 18
12Z AVG MX 2MIN
DY MAX MIN AVG DEP HDD CDD WTR SNW DPTH SPD SPD DIR MIN PSBL S-S WX SPD DR
================================================================================
1 88 65 77 4 0 12 0.00 0.0 0 5.5 12 330 M M 1 3 18 320
2 96 69 83 10 0 18 T 0.0 0 10.6 23 340 M M 0 3 31 20
3 93 69 81 8 0 16 0.00 0.0 0 10.0 22 340 M M 1 29 340
4 84 61 73 0 0 8 0.00 0.0 0 5.4 14 350 M M 0 19 350
5 90 58 74 2 0 9 0.00 0.0 0 5.1 16 140 M M 0 1 23 130
6 97 68 83 11 0 18 0.00 0.0 0 7.1 14 180 M M 0 1 19 190
7 87 75 81 9 0 16 0.06 0.0 0 4.8 17 150 M M 4 24 160
8 79 61 70 -2 0 5 0.00 0.0 0 11.1 21 360 M M 4 1 29 350
9 83 53 68 -4 0 3 0.00 0.0 0 2.4 9 170 M M 1 14 120
10 88 53 71 -1 0 6 0.00 0.0 0 1.5 9 140 M M 0 2 13 180
11 88 60 74 2 0 9 0.00 0.0 0 4.6 18 50 M M 1 32 50
12 83 65 74 2 0 9 0.00 0.0 0 10.7 22 140 M M 2 29 130
13 87 67 77 5 0 12 0.00 0.0 0 10.9 18 350 M M 5 27 340
14 78 63 71 -1 0 6 0.00 0.0 0 7.6 16 360 M M 7 23 20
15 71 59 65 -6 0 0 0.32 0.0 0 2.6 8 80 M M 4 1 13 70
16 82 59 71 0 0 6 0.00 0.0 0 3.9 14 40 M M 2 1 20 40
17 83 56 70 -1 0 5 0.00 0.0 0 1.1 8 20 M M 1 14 130
18 84 56 70 -1 0 5 0.10 0.0 0 5.8 15 210 M M 1 13 21 180
19 81 60 71 0 0 6 0.16 0.0 0 7.1 21 280 M M 4 13 30 270
20 76 64 70 0 0 5 0.20 0.0 0 8.4 20 330 M M 7 1 26 340
21 78 57 68 -2 0 3 0.00 0.0 0 5.0 12 340 M M 4 1 15 350
22 82 52 67 -3 0 2 0.00 0.0 0 1.3 8 10 M M 3 12 12 30
23 83 55 69 -1 0 4 0.00 0.0 0 3.0 9 190 M M 3 1 12 190
24 86 62 74 4 0 9 0.00 0.0 0 5.9 15 220 M M 2 19 200
25 82 63 73 3 0 8 0.00 0.0 0 6.6 17 350 M M 2 23 360
26 83 56 70 1 0 5 0.00 0.0 0 4.3 13 150 M M 0 1 19 150
27 89 68 79 10 0 14 0.38 0.0 0 8.3 24 210 M M 2 13 37 220
28 87 68 78 9 0 13 1.57 0.0 0 9.6 21 190 M M 5 13 31 200
29 83 66 75 6 0 10 0.09 0.0 0 6.7 15 350 M M 2 1 20 350
30 81 57 69 1 0 4 0.00 0.0 0 6.1 18 360 M M 0 25 310
31 86 55 71 3 0 6 0.00 0.0 0 4.5 13 210 M M 2 3 17 220
================================================================================
SM 2618 1900 0 252 2.88 0.0 187.5 M 70
================================================================================
AV 84.5 61.3 6.0 FASTST M M 2 MAX(MPH)
MISC ----> 24 210 37 220
================================================================================
NOTES:
# LAST OF SEVERAL OCCURRENCES
COLUMN 17 PEAK WIND IN M.P.H.
PRELIMINARY LOCAL CLIMATOLOGICAL DATA (WS FORM: F-6) , PAGE 2
STATION: AMES IA
MONTH: AUGUST
YEAR: 2022
LATITUDE: 41 59 N
LONGITUDE: 93 37 W
[TEMPERATURE DATA] [PRECIPITATION DATA] SYMBOLS USED IN COLUMN 16
AVERAGE MONTHLY: 72.9 TOTAL FOR MONTH: 2.88 1 = FOG OR MIST
DPTR FM NORMAL: 1.9 DPTR FM NORMAL: -1.97 2 = FOG REDUCING VISIBILITY
HIGHEST: 97 ON 6 GRTST 24HR 1.95 ON 27-28 TO 1/4 MILE OR LESS
LOWEST: 52 ON 22 3 = THUNDER
SNOW, ICE PELLETS, HAIL 4 = ICE PELLETS
TOTAL MONTH: 0.0 INCH 5 = HAIL
GRTST 24HR 0.0 6 = FREEZING RAIN OR DRIZZLE
GRTST DEPTH: 0 7 = DUSTSTORM OR SANDSTORM:
VSBY 1/2 MILE OR LESS
8 = SMOKE OR HAZE
[NO. OF DAYS WITH] [WEATHER - DAYS WITH] 9 = BLOWING SNOW
X = TORNADO
MAX 32 OR BELOW: 0 0.01 INCH OR MORE: 8
MAX 90 OR ABOVE: 4 0.10 INCH OR MORE: 6
MIN 32 OR BELOW: 0 0.50 INCH OR MORE: 1
MIN 0 OR BELOW: 0 1.00 INCH OR MORE: 1
[HDD (BASE 65) ]
TOTAL THIS MO. 0 CLEAR (SCALE 0-3) 21
DPTR FM NORMAL -12 PTCLDY (SCALE 4-7) 10
TOTAL FM JUL 1 0 CLOUDY (SCALE 8-10) 0
DPTR FM NORMAL -11
[CDD (BASE 65) ]
TOTAL THIS MO. 252
DPTR FM NORMAL 56 [PRESSURE DATA]
TOTAL FM JAN 1 929 HIGHEST SLP M ON M
DPTR FM NORMAL 227 LOWEST SLP 29.62 ON 28
[REMARKS]
#FINAL-08-22#