000
CXUS53 KDMX 050305
CF6AMW
PRELIMINARY LOCAL CLIMATOLOGICAL DATA (WS FORM: F-6)
STATION: AMES IA
MONTH: JANUARY
YEAR: 2022
LATITUDE: 41 59 N
LONGITUDE: 93 37 W
TEMPERATURE IN F: :PCPN: SNOW: WIND :SUNSHINE: SKY :PK WND
================================================================================
1 2 3 4 5 6A 6B 7 8 9 10 11 12 13 14 15 16 17 18
12Z AVG MX 2MIN
DY MAX MIN AVG DEP HDD CDD WTR SNW DPTH SPD SPD DIR MIN PSBL S-S WX SPD DR
================================================================================
1 9 -3 3 -18 62 0 M M M 18.7 28 350 M M 7 8 38 360
2 11 -6 3 -18 62 0 0.00 0.0 M 7.5 17 340 M M 0 24 330
3 35 -1 17 -4 48 0 0.00 0.0 M 7.7 14 170 M M 0 19 170
4 38 16 27 7 38 0 M M M 14.1 37 290 M M 1 49 300
5 16 3 10 -10 55 0 M M M 23.5 36 290 M M 4 8 51 300
6 6 -4 1 -19 64 0 0.00 0.0 M 14.1 23 300 M M 0 30 320
7 12 -5 4 -16 61 0 0.00 0.0 M 10.5 20 150 M M 3 26 140
8 31 9 20 0 45 0 0.00 0.0 M 12.8 29 340 M M 7 18 41 330
9 24 6 15 -5 50 0 0.00 0.0 M 11.5 25 310 M M 2 34 330
10 21 7 14 -6 51 0 0.00 0.0 M 6.3 16 350 M M 2 20 350
11 50 9 30 10 35 0 0.00 0.0 M 12.5 25 240 M M 0 31 240
12 54 26 40 20 25 0 0.00 0.0 M 7.1 17 300 M M 1 22 320
13 51 24 38 18 27 0 0.00 0.0 M 8.6 22 360 M M 4 1 27 350
14 33 19 26 7 39 0 M M M 10.5 24 50 M M 10 12 36 50
15 19 -11 4 -15 61 0 M M M 9.1 25 40 M M 4 18 35 40
16 36 -7 15 -4 50 0 0.00 0.0 M 10.9 30 330 M M 8 1 42 340
17 31 17 24 5 41 0 0.00 0.0 M 8.9 25 330 M M 3 1 35 330
18 41 16 29 10 36 0 0.00 0.0 M 10.4 31 350 M M 1 12 45 330
19 23 0 12 -7 53 0 0.00 0.0 M 18.5 31 330 M M 0 41 330
20 2 -17 -7 -26 72 0 0.00 0.0 M 8.0 22 330 M M 0 28 340
21 22 -20 1 -18 64 0 M M M 8.6 20 180 M M 2 24 210
22 42 20 31 12 34 0 0.00 0.0 M 13.1 31 270 M M 5 45 260
23 41 5 23 3 42 0 M M M 11.4 32 320 M M 6 8 47 310
24 32 0 16 -4 49 0 M M M 15.9 28 330 M M 6 39 350
25 7 -11 -2 -22 67 0 0.00 0.0 M 8.6 20 330 M M 0 26 340
26 27 -17 5 -15 60 0 0.00 0.0 M 9.1 21 220 M M 0 27 190
27 36 6 21 1 44 0 M M M 14.4 24 340 M M 7 35 340
28 14 -6 4 -16 61 0 0.00 0.0 M 7.6 23 340 M M 0 30 340
29 33 2 18 -2 47 0 0.00 0.0 M 7.7 24 340 M M 0 32 350
30 25 13 19 -1 46 0 M M M 10.1 23 340 M M 4 8 31 340
31 36 13 25 5 40 0 0.00 0.0 M 10.4 16 150 M M 0 21 150
================================================================================
SM 858 103 1529 0 0.00 0.0 348.1 M 87
================================================================================
AV 27.7 3.3 11.2 FASTST M M 3 MAX(MPH)
MISC ----> 37 290 51 300
================================================================================
NOTES:
# LAST OF SEVERAL OCCURRENCES
COLUMN 17 PEAK WIND IN M.P.H.
PRELIMINARY LOCAL CLIMATOLOGICAL DATA (WS FORM: F-6) , PAGE 2
STATION: AMES IA
MONTH: JANUARY
YEAR: 2022
LATITUDE: 41 59 N
LONGITUDE: 93 37 W
[TEMPERATURE DATA] [PRECIPITATION DATA] SYMBOLS USED IN COLUMN 16
AVERAGE MONTHLY: 15.5 TOTAL FOR MONTH: 0.00 1 = FOG OR MIST
DPTR FM NORMAL: -4.3 DPTR FM NORMAL: -0.61 2 = FOG REDUCING VISIBILITY
HIGHEST: 54 ON 12 GRTST 24HR 0.44 ON 14-14 TO 1/4 MILE OR LESS
LOWEST: -20 ON 21 3 = THUNDER
SNOW, ICE PELLETS, HAIL 4 = ICE PELLETS
TOTAL MONTH: 0.0 INCH 5 = HAIL
GRTST 24HR 0.0 6 = FREEZING RAIN OR DRIZZLE
GRTST DEPTH: M ON M 7 = DUSTSTORM OR SANDSTORM:
VSBY 1/2 MILE OR LESS
8 = SMOKE OR HAZE
[NO. OF DAYS WITH] [WEATHER - DAYS WITH] 9 = BLOWING SNOW
X = TORNADO
MAX 32 OR BELOW: 18 0.01 INCH OR MORE: 0
MAX 90 OR ABOVE: 0 0.10 INCH OR MORE: 0
MIN 32 OR BELOW: 31 0.50 INCH OR MORE: 0
MIN 0 OR BELOW: 14 1.00 INCH OR MORE: 0
[HDD (BASE 65) ]
TOTAL THIS MO. 1529 CLEAR (SCALE 0-3) 17
DPTR FM NORMAL 128 PTCLDY (SCALE 4-7) 13
TOTAL FM JUL 1 3625 CLOUDY (SCALE 8-10) 1
DPTR FM NORMAL -442
[CDD (BASE 65) ]
TOTAL THIS MO. 0
DPTR FM NORMAL 0 [PRESSURE DATA]
TOTAL FM JAN 1 0 HIGHEST SLP 30.80 ON 20
DPTR FM NORMAL 0 LOWEST SLP 29.48 ON 4
[REMARKS]
#FINAL-01-22#