000
CXUS51 KCTP 010900
CF6AOO
PRELIMINARY LOCAL CLIMATOLOGICAL DATA (WS FORM: F-6)
STATION: ALTOONA
MONTH: JANUARY
YEAR: 2023
LATITUDE: 40 17 N
LONGITUDE: 78 19 W
TEMPERATURE IN F: :PCPN: SNOW: WIND :SUNSHINE: SKY :PK WND
================================================================================
1 2 3 4 5 6A 6B 7 8 9 10 11 12 13 14 15 16 17 18
12Z AVG MX 2MIN
DY MAX MIN AVG DEP HDD CDD WTR SNW DPTH SPD SPD DIR MIN PSBL S-S WX SPD DR
================================================================================
1 56 36 46 16 19 0 T M M 8.8 20 280 M M 5 24 290
2 52 45 49 19 16 0 0.03 M M 1.1 7 240 M M 10 12 11 70
3 60 45 53 24 12 0 1.24 M M 3.7 15 250 M M 10 128 19 240
4 62 51 57 28 8 0 0.02 M M 7.3 21 270 M M 7 1 30 250
5 54 37 46 17 19 0 T M M 7.0 16 230 M M 4 21 260
6 40 33 37 8 28 0 0.01 M M 8.5 20 280 M M 9 1 25 280
7 37 32 35 6 30 0 0.03 M M 6.1 15 290 M M 9 1 20 290
8 37 30 34 5 31 0 0.00 M M 5.2 14 170 M M 8 16 160
9 37 26 32 3 33 0 T M M 7.5 20 290 M M 5 1 26 290
10 44 27 36 8 29 0 0.00 M M 4.4 16 300 M M 2 1 22 300
11 40 23 32 4 33 0 T M M 4.6 16 180 M M 4 18 19 170
12 41 36 39 11 26 0 0.56 M M 5.4 14 170 M M 10 13 20 160
13 42 29 36 8 29 0 0.02 M M 11.7 25 310 M M 10 1 34 280
14 29 23 26 -2 39 0 T M M 13.1 25 320 M M 10 8 33 300
15 36 22 29 1 36 0 0.00 M M 10.0 18 340 M M 3 28 320
16 50 20 35 7 30 0 0.00 M M 2.9 9 260 M M 0 8 13 270
17 52 33 43 15 22 0 0.14 M M 5.4 23 260 M M 9 1 35 250
18 52 34 43 15 22 0 T M M 11.2 32 280 M M 10 1 40 280
19 45 35 40 12 25 0 0.71 M M 6.6 26 270 M M 10 12 35 280
20 45 34 40 12 25 0 T M M 17.4 31 290 M M 10 44 290
21 34 27 31 3 34 0 T M M 7.7 22 330 M M 10 1 28 340
22 35 26 31 3 34 0 0.17 M M 4.6 14 140 M M 6 16 20 160
23 36 31 34 6 31 0 0.08 M M 10.4 25 310 M M 10 18 33 310
24 37 27 32 4 33 0 0.00 M M 10.3 29 270 M M 8 37 280
25 36 27 32 4 33 0 0.41 M M 7.5 28 150 M M 8 128 36 150
26 41 30 36 8 29 0 0.04 M M 16.0 32 280 M M 10 1 44 270
27 33 26 30 2 35 0 T M M 10.7 18 270 M M 8 22 280
28 47 33 40 12 25 0 0.00 M M 10.3 31 270 M M 4 42 270
29 44 33 39 11 26 0 0.01 M M 5.3 14 250 M M 9 1 19 250
30 51 35 43 15 22 0 T M M 6.0 16 210 M M 9 1 22 200
31 36 26 31 3 34 0 T M M 7.6 15 300 M M 10 18 300
================================================================================
SM 1341 972 848 0 3.47 M 244.3 M 237
================================================================================
AV 43.3 31.4 7.9 FASTST M M 8 MAX(MPH)
MISC ----> # 32 280 # 44 290
================================================================================
NOTES:
# LAST OF SEVERAL OCCURRENCES
COLUMN 17 PEAK WIND IN M.P.H.
PRELIMINARY LOCAL CLIMATOLOGICAL DATA (WS FORM: F-6) , PAGE 2
STATION: ALTOONA
MONTH: JANUARY
YEAR: 2023
LATITUDE: 40 17 N
LONGITUDE: 78 19 W
[TEMPERATURE DATA] [PRECIPITATION DATA] SYMBOLS USED IN COLUMN 16
AVERAGE MONTHLY: 37.3 TOTAL FOR MONTH: 3.47 1 = FOG OR MIST
DPTR FM NORMAL: 8.9 DPTR FM NORMAL: 1.24 2 = FOG REDUCING VISIBILITY
HIGHEST: 62 ON 4 GRTST 24HR 1.24 ON 3- 3 TO 1/4 MILE OR LESS
LOWEST: 20 ON 16 3 = THUNDER
SNOW, ICE PELLETS, HAIL 4 = ICE PELLETS
TOTAL MONTH: M 5 = HAIL
GRTST 24HR M ON M 6 = FREEZING RAIN OR DRIZZLE
GRTST DEPTH: M ON M 7 = DUSTSTORM OR SANDSTORM:
VSBY 1/2 MILE OR LESS
8 = SMOKE OR HAZE
[NO. OF DAYS WITH] [WEATHER - DAYS WITH] 9 = BLOWING SNOW
X = TORNADO
MAX 32 OR BELOW: 1 0.01 INCH OR MORE: 14
MAX 90 OR ABOVE: 0 0.10 INCH OR MORE: 6
MIN 32 OR BELOW: 17 0.50 INCH OR MORE: 3
MIN 0 OR BELOW: 0 1.00 INCH OR MORE: 1
[HDD (BASE 65) ]
TOTAL THIS MO. 848 CLEAR (SCALE 0-3) 3
DPTR FM NORMAL -286 PTCLDY (SCALE 4-7) 10
TOTAL FM JUL 1 3052 CLOUDY (SCALE 8-10) 18
DPTR FM NORMAL -261
[CDD (BASE 65) ]
TOTAL THIS MO. 0
DPTR FM NORMAL 0 [PRESSURE DATA]
TOTAL FM JAN 1 0 HIGHEST SLP 30.36 ON 7
DPTR FM NORMAL 0 LOWEST SLP 29.53 ON 13
[REMARKS]
#FINAL-01-23#