000
CXUS55 KBOU 010900
CF6APA
PRELIMINARY LOCAL CLIMATOLOGICAL DATA (WS FORM: F-6)
STATION: CENTENNIAL CO
MONTH: APRIL
YEAR: 2022
LATITUDE: 39 33 N
LONGITUDE: 104 51 W
TEMPERATURE IN F: :PCPN: SNOW: WIND :SUNSHINE: SKY :PK WND
================================================================================
1 2 3 4 5 6A 6B 7 8 9 10 11 12 13 14 15 16 17 18
12Z AVG MX 2MIN
DY MAX MIN AVG DEP HDD CDD WTR SNW DPTH SPD SPD DIR MIN PSBL S-S WX SPD DR
================================================================================
1 56 36 46 2 19 0 0.00 M M 7.0 18 30 M M 5 26 30
2 67 28 48 3 17 0 0.00 M M 5.8 16 350 M M 4 23 330
3 50 37 44 -1 21 0 0.00 M M 6.9 14 90 M M 7 17 90
4 65 35 50 5 15 0 0.00 M M 9.2 23 240 M M 6 31 260
5 60 32 46 1 19 0 T M M 18.6 41 320 M M 4 57 320
6 46 29 38 -7 27 0 0.00 M M 18.8 36 320 M M 3 51 330
7 50 23 37 -8 28 0 0.00 M M 11.3 26 350 M M 2 37 360
8 65 20 43 -3 22 0 0.00 M M 5.3 14 200 M M 1 17 40
9 74 40 57 11 8 0 0.00 M M 12.3 28 250 M M 6 38 250
10 58 35 47 1 18 0 0.01 M M 9.8 35 270 M M 6 45 260
11 64 28 46 0 19 0 0.00 M M 15.8 30 210 M M 7 42 150
12 58 24 41 -5 24 0 0.00 M M 14.3 31 210 M M 6 43 200
13 38 16 27 -19 38 0 0.00 M M 9.7 33 300 M M 5 42 310
14 56 18 37 -9 28 0 0.00 M M 11.9 30 280 M M 3 46 280
15 62 34 48 2 17 0 0.00 M M 9.7 21 340 M M 4 26 340
16 58 29 44 -3 21 0 T M M 9.6 25 170 M M 5 34 170
17 67 30 49 2 16 0 0.00 M M 10.6 28 280 M M 3 40 290
18 61 26 44 -3 21 0 0.00 M M 9.1 21 170 M M 1 29 180
19 78 34 56 9 9 0 0.00 M M 8.8 24 240 M M 4 33 250
20 70 41 56 9 9 0 0.00 M M 12.7 24 360 M M 3 31 30
21 76 47 62 14 3 0 0.00 M M 18.5 37 170 M M 2 51 180
22 84 48 66 18 0 1 0.00 M M 20.4 41 210 M M 4 7 58 220
23 59 37 48 0 17 0 0.00 M M 14.6 33 320 M M 5 48 300
24 51 31 41 -7 24 0 T M M 7.6 18 20 M M 6 29 110
25 54 30 42 -6 23 0 0.00 M M 6.1 21 280 M M 6 30 280
26 72 35 54 5 11 0 0.00 M M 9.3 21 240 M M 4 32 240
27 74 41 58 9 7 0 T M M 7.4 28 340 M M 4 36 260
28 75 42 59 10 6 0 0.00 M M 7.7 18 140 M M 6 28 30
29 64 41 53 3 12 0 0.00 M M 14.0 38 290 M M 4 3 57 310
30 62 37 50 0 15 0 0.00 M M 8.8 22 320 M M 2 32 320
================================================================================
SM 1874 984 514 1 0.01 M 331.6 M 128
================================================================================
AV 62.5 32.8 11.1 FASTST M M 4 MAX(MPH)
MISC ----> # 41 320 58 220
================================================================================
NOTES:
# LAST OF SEVERAL OCCURRENCES
COLUMN 17 PEAK WIND IN M.P.H.
PRELIMINARY LOCAL CLIMATOLOGICAL DATA (WS FORM: F-6) , PAGE 2
STATION: CENTENNIAL CO
MONTH: APRIL
YEAR: 2022
LATITUDE: 39 33 N
LONGITUDE: 104 51 W
[TEMPERATURE DATA] [PRECIPITATION DATA] SYMBOLS USED IN COLUMN 16
AVERAGE MONTHLY: 47.6 TOTAL FOR MONTH: 0.01 1 = FOG OR MIST
DPTR FM NORMAL: 0.9 DPTR FM NORMAL: -1.93 2 = FOG REDUCING VISIBILITY
HIGHEST: 84 ON 22 GRTST 24HR 0.01 ON 10-10 TO 1/4 MILE OR LESS
LOWEST: 16 ON 13 3 = THUNDER
SNOW, ICE PELLETS, HAIL 4 = ICE PELLETS
TOTAL MONTH: M 5 = HAIL
GRTST 24HR M ON M 6 = FREEZING RAIN OR DRIZZLE
GRTST DEPTH: M ON M 7 = DUSTSTORM OR SANDSTORM:
VSBY 1/2 MILE OR LESS
8 = SMOKE OR HAZE
[NO. OF DAYS WITH] [WEATHER - DAYS WITH] 9 = BLOWING SNOW
X = TORNADO
MAX 32 OR BELOW: 0 0.01 INCH OR MORE: 1
MAX 90 OR ABOVE: 0 0.10 INCH OR MORE: 0
MIN 32 OR BELOW: 14 0.50 INCH OR MORE: 0
MIN 0 OR BELOW: 0 1.00 INCH OR MORE: 0
[HDD (BASE 65) ]
TOTAL THIS MO. 514 CLEAR (SCALE 0-3) 6
DPTR FM NORMAL -34 PTCLDY (SCALE 4-7) 24
TOTAL FM JUL 1 5180 CLOUDY (SCALE 8-10) 0
DPTR FM NORMAL -468
[CDD (BASE 65) ]
TOTAL THIS MO. 1
DPTR FM NORMAL 0 [PRESSURE DATA]
TOTAL FM JAN 1 1 HIGHEST SLP M ON M
DPTR FM NORMAL 0 LOWEST SLP 29.05 ON 12
[REMARKS]
#FINAL-04-22#