000
CXUS55 KBOU 010900
CF6APA
PRELIMINARY LOCAL CLIMATOLOGICAL DATA (WS FORM: F-6)
STATION: CENTENNIAL CO
MONTH: OCTOBER
YEAR: 2021
LATITUDE: 39 33 N
LONGITUDE: 104 51 W
TEMPERATURE IN F: :PCPN: SNOW: WIND :SUNSHINE: SKY :PK WND
================================================================================
1 2 3 4 5 6A 6B 7 8 9 10 11 12 13 14 15 16 17 18
12Z AVG MX 2MIN
DY MAX MIN AVG DEP HDD CDD WTR SNW DPTH SPD SPD DIR MIN PSBL S-S WX SPD DR
================================================================================
1 68 44 56 0 9 0 T M M 4.2 12 40 M M 7 19 50
2 68 46 57 1 8 0 0.00 M M 5.9 14 360 M M 3 22 20
3 75 43 59 4 6 0 0.00 M M 4.8 12 110 M M 1 15 100
4 79 44 62 7 3 0 0.00 M M 5.7 18 160 M M 1 24 170
5 79 50 65 11 0 0 0.00 M M 10.4 25 160 M M 1 36 170
6 79 49 64 10 1 0 0.00 M M 7.9 21 220 M M 5 37 200
7 76 45 61 7 4 0 0.00 M M 5.4 12 30 M M 4 17 50
8 75 47 61 8 4 0 0.00 M M 5.4 20 180 M M 4 27 180
9 73 44 59 6 6 0 0.00 M M 11.3 25 340 M M 3 40 340
10 64 36 50 -2 15 0 0.00 M M 5.1 13 120 M M 3 18 280
11 66 36 51 -1 14 0 0.00 M M 12.0 29 170 M M 1 43 170
12 53 33 43 -8 22 0 0.04 M M 7.5 17 310 M M 6 1 24 320
13 59 32 46 -5 19 0 0.00 M M 8.2 22 350 M M 2 28 350
14 52 30 41 -9 24 0 0.02 M M 8.9 31 330 M M 6 1 38 330
15 53 29 41 -9 24 0 0.00 M M 6.5 21 320 M M 3 33 300
16 70 32 51 1 14 0 0.00 M M 6.6 14 160 M M 0 19 150
17 77 34 56 7 9 0 0.00 M M 6.0 18 160 M M 1 23 160
18 73 44 59 10 6 0 0.00 M M 6.9 23 230 M M 4 30 230
19 58 33 46 -3 19 0 T M M 7.8 25 330 M M 5 3 32 330
20 61 27 44 -4 21 0 0.00 M M 6.2 14 170 M M 2 1 19 70
21 63 35 49 1 16 0 0.00 M M 4.6 13 170 M M 4 17 170
22 73 36 55 7 10 0 0.00 M M 5.8 17 200 M M 3 25 210
23 69 38 54 7 11 0 0.00 M M 6.0 16 110 M M 7 22 100
24 64 39 52 5 13 0 0.00 M M 7.7 20 170 M M 5 27 170
25 82 40 61 14 4 0 0.00 M M 10.4 25 220 M M 4 37 170
26 71 34 53 7 12 0 0.20 M M 13.9 33 210 M M 7 13 45 220
27 54 33 44 -2 21 0 0.00 M M 13.0 32 300 M M 3 42 300
28 55 30 43 -3 22 0 0.00 M M 4.5 25 310 M M 2 35 310
29 72 37 55 10 10 0 0.00 M M 7.6 16 170 M M 0 22 170
30 69 36 53 8 12 0 0.00 M M 5.9 18 90 M M 2 29 70
31 40 35 38 -7 27 0 T M M 5.1 10 170 M M 9 13 180
================================================================================
SM 2070 1171 386 0 0.26 M 227.2 M 108
================================================================================
AV 66.8 37.8 7.3 FASTST M M 3 MAX(MPH)
MISC ----> 33 210 45 220
================================================================================
NOTES:
# LAST OF SEVERAL OCCURRENCES
COLUMN 17 PEAK WIND IN M.P.H.
PRELIMINARY LOCAL CLIMATOLOGICAL DATA (WS FORM: F-6) , PAGE 2
STATION: CENTENNIAL CO
MONTH: OCTOBER
YEAR: 2021
LATITUDE: 39 33 N
LONGITUDE: 104 51 W
[TEMPERATURE DATA] [PRECIPITATION DATA] SYMBOLS USED IN COLUMN 16
AVERAGE MONTHLY: 52.3 TOTAL FOR MONTH: 0.26 1 = FOG OR MIST
DPTR FM NORMAL: 2.3 DPTR FM NORMAL: -0.74 2 = FOG REDUCING VISIBILITY
HIGHEST: 82 ON 25 GRTST 24HR 0.20 ON 26-26 TO 1/4 MILE OR LESS
LOWEST: 27 ON 20 3 = THUNDER
SNOW, ICE PELLETS, HAIL 4 = ICE PELLETS
TOTAL MONTH: M 5 = HAIL
GRTST 24HR M ON M 6 = FREEZING RAIN OR DRIZZLE
GRTST DEPTH: M ON M 7 = DUSTSTORM OR SANDSTORM:
VSBY 1/2 MILE OR LESS
8 = SMOKE OR HAZE
[NO. OF DAYS WITH] [WEATHER - DAYS WITH] 9 = BLOWING SNOW
X = TORNADO
MAX 32 OR BELOW: 0 0.01 INCH OR MORE: 3
MAX 90 OR ABOVE: 0 0.10 INCH OR MORE: 1
MIN 32 OR BELOW: 6 0.50 INCH OR MORE: 0
MIN 0 OR BELOW: 0 1.00 INCH OR MORE: 0
[HDD (BASE 65) ]
TOTAL THIS MO. 386 CLEAR (SCALE 0-3) 15
DPTR FM NORMAL -82 PTCLDY (SCALE 4-7) 15
TOTAL FM JUL 1 453 CLOUDY (SCALE 8-10) 1
DPTR FM NORMAL -157
[CDD (BASE 65) ]
TOTAL THIS MO. 0
DPTR FM NORMAL -2 [PRESSURE DATA]
TOTAL FM JAN 1 829 HIGHEST SLP M ON M
DPTR FM NORMAL 193 LOWEST SLP 29.22 ON 26
[REMARKS]
#FINAL-10-21#