000
CXUS55 KBOU 011000
CF6APA
PRELIMINARY LOCAL CLIMATOLOGICAL DATA (WS FORM: F-6)
STATION: CENTENNIAL CO
MONTH: DECEMBER
YEAR: 2020
LATITUDE: 39 33 N
LONGITUDE: 104 51 W
TEMPERATURE IN F: :PCPN: SNOW: WIND :SUNSHINE: SKY :PK WND
================================================================================
1 2 3 4 5 6A 6B 7 8 9 10 11 12 13 14 15 16 17 18
12Z AVG MX 2MIN
DY MAX MIN AVG DEP HDD CDD WTR SNW DPTH SPD SPD DIR MIN PSBL S-S WX SPD DR
================================================================================
1 38 25 32 0 33 0 T M M 10.4 28 20 M M 8 39 20
2 29 15 22 -10 43 0 0.00 M M 7.6 23 350 M M 5 28 10
3 46 15 31 -1 34 0 0.00 M M 4.5 14 10 M M 1 19 30
4 57 23 40 9 25 0 0.00 M M 3.7 10 340 M M 0 12 340
5 50 23 37 6 28 0 0.00 M M 5.1 12 60 M M 0 16 60
6 61 25 43 12 22 0 0.00 M M 4.5 14 230 M M 2 16 70
7 59 23 41 11 24 0 0.00 M M 5.4 15 200 M M 0 17 210
8 70 26 48 18 17 0 0.00 M M 4.8 13 220 M M 3 16 220
9 68 26 47 17 18 0 0.00 M M 4.3 10 180 M M 1 12 240
10 42 26 34 4 31 0 0.05 M M 5.2 12 90 M M 7 1 14 360
11 26 15 21 -9 44 0 0.02 M M 4.2 12 340 M M 10 1 13 10
12 29 9 19 -11 46 0 0.04 M M 7.2 21 340 M M 8 18 26 350
13 33 9 21 -9 44 0 T M M 8.1 26 350 M M 5 1 32 360
14 32 11 22 -8 43 0 0.06 M M 5.9 13 350 M M 8 1 16 340
15 30 15 23 -7 42 0 0.03 M M 8.0 20 10 M M 6 1 28 20
16 41 13 27 -3 38 0 0.00 M M 8.0 29 330 M M 4 35 340
17 50 19 35 5 30 0 0.00 M M 8.5 22 210 M M 5 27 220
18 39 17 28 -2 37 0 0.03 M M 7.1 18 220 M M 6 1 24 330
19 45 15 30 0 35 0 0.00 M M 9.7 33 310 M M 2 45 300
20 53 20 37 7 28 0 0.00 M M 8.9 25 310 M M 5 35 300
21 56 31 44 14 21 0 0.00 M M 8.2 17 250 M M 5 21 250
22 59 28 44 14 21 0 0.00 M M 14.3 39 310 M M 2 52 310
23 29 18 24 -6 41 0 0.00 M M 13.5 35 310 M M 4 50 310
24 51 18 35 5 30 0 0.00 M M 8.2 17 290 M M 3 23 290
25 58 29 44 14 21 0 0.00 M M 5.2 14 220 M M 1 19 230
26 60 29 45 15 20 0 0.00 M M 6.1 16 200 M M 4 20 270
27 44 27 36 6 29 0 0.00 M M 7.4 18 320 M M 5 28 300
28 30 25 28 -2 37 0 0.09 M M 4.5 9 350 M M 10 1 12 340
29 34 16 25 -5 40 0 0.00 M M 6.3 20 170 M M 5 128 26 160
30 43 14 29 -1 36 0 0.00 M M 6.7 13 230 M M 1 18 200
31 45 23 34 4 31 0 0.00 M M 4.0 10 30 M M 7 14 360
================================================================================
SM 1407 628 989 0 0.32 M 215.5 M 133
================================================================================
AV 45.4 20.3 7.0 FASTST M M 4 MAX(MPH)
MISC ----> 39 310 52 310
================================================================================
NOTES:
# LAST OF SEVERAL OCCURRENCES
COLUMN 17 PEAK WIND IN M.P.H.
PRELIMINARY LOCAL CLIMATOLOGICAL DATA (WS FORM: F-6) , PAGE 2
STATION: CENTENNIAL CO
MONTH: DECEMBER
YEAR: 2020
LATITUDE: 39 33 N
LONGITUDE: 104 51 W
[TEMPERATURE DATA] [PRECIPITATION DATA] SYMBOLS USED IN COLUMN 16
AVERAGE MONTHLY: 32.8 TOTAL FOR MONTH: 0.32 1 = FOG OR MIST
DPTR FM NORMAL: 2.6 DPTR FM NORMAL: -0.29 2 = FOG REDUCING VISIBILITY
HIGHEST: 70 ON 8 GRTST 24HR 0.09 ON 28-28 TO 1/4 MILE OR LESS
LOWEST: 9 ON 13,12 3 = THUNDER
SNOW, ICE PELLETS, HAIL 4 = ICE PELLETS
TOTAL MONTH: M 5 = HAIL
GRTST 24HR M ON M 6 = FREEZING RAIN OR DRIZZLE
GRTST DEPTH: M ON M 7 = DUSTSTORM OR SANDSTORM:
VSBY 1/2 MILE OR LESS
8 = SMOKE OR HAZE
[NO. OF DAYS WITH] [WEATHER - DAYS WITH] 9 = BLOWING SNOW
X = TORNADO
MAX 32 OR BELOW: 7 0.01 INCH OR MORE: 7
MAX 90 OR ABOVE: 0 0.10 INCH OR MORE: 0
MIN 32 OR BELOW: 31 0.50 INCH OR MORE: 0
MIN 0 OR BELOW: 0 1.00 INCH OR MORE: 0
[HDD (BASE 65) ]
TOTAL THIS MO. 989 CLEAR (SCALE 0-3) 11
DPTR FM NORMAL -89 PTCLDY (SCALE 4-7) 18
TOTAL FM JUL 1 2187 CLOUDY (SCALE 8-10) 2
DPTR FM NORMAL -336
[CDD (BASE 65) ]
TOTAL THIS MO. 0
DPTR FM NORMAL 0 [PRESSURE DATA]
TOTAL FM JAN 1 1013 HIGHEST SLP 30.60 ON 2
DPTR FM NORMAL 453 LOWEST SLP 29.42 ON 22
[REMARKS]
#FINAL-12-20#