939
CXUS55 KBOU 010735
CF6APA
PRELIMINARY LOCAL CLIMATOLOGICAL DATA (WS FORM: F-6)
STATION: CENTENNIAL CO
MONTH: AUGUST
YEAR: 2020
LATITUDE: 39 33 N
LONGITUDE: 104 51 W
TEMPERATURE IN F: :PCPN: SNOW: WIND :SUNSHINE: SKY :PK WND
================================================================================
1 2 3 4 5 6A 6B 7 8 9 10 11 12 13 14 15 16 17 18
12Z AVG MX 2MIN
DY MAX MIN AVG DEP HDD CDD WTR SNW DPTH SPD SPD DIR MIN PSBL S-S WX SPD DR
================================================================================
1 89 54 72 0 0 7 T M M 6.2 23 330 M M 4 32 350
2 85 62 74 2 0 9 0.00 M M 7.8 18 200 M M 7 26 200
3 89 57 73 1 0 8 0.00 M M 6.2 24 360 M M 4 32 170
4 91 64 78 6 0 13 T M M 8.9 26 80 M M 4 42 40
5 91 62 77 5 0 12 T M M 6.3 36 230 M M 5 3 50 220
6 91 64 78 6 0 13 0.03 M M 9.0 38 320 M M 6 3 57 320
7 96 62 79 7 0 14 0.00 M M 9.1 24 210 M M 2 36 200
8 93 60 77 6 0 12 0.00 M M 6.7 16 180 M M 3 23 180
9 95 63 79 8 0 14 0.00 M M 5.7 16 120 M M 4 21 120
10 90 61 76 5 0 11 0.00 M M 7.3 20 140 M M 4 26 140
11 95 63 79 8 0 14 0.00 M M 7.8 22 350 M M 6 29 310
12 92 58 75 4 0 10 0.00 M M 7.9 20 340 M M 4 3 32 330
13 95 57 76 5 0 11 T M M 8.2 20 170 M M 3 26 180
14 92 62 77 7 0 12 0.00 M M 9.4 18 90 M M 5 8 26 70
15 91 59 75 5 0 10 0.00 M M 7.3 18 170 M M 5 25 170
16 94 60 77 7 0 12 0.00 M M 6.9 21 170 M M 6 30 170
17 95 60 78 8 0 13 0.00 M M 8.6 21 200 M M 5 30 180
18 97 62 80 10 0 15 0.00 M M 6.3 16 310 M M 5 8 23 40
19 93 62 78 8 0 13 T M M 6.9 22 10 M M 4 33 40
20 91 60 76 7 0 11 T M M 8.0 25 360 M M 5 33 10
21 91 63 77 8 0 12 0.00 M M 6.9 15 170 M M 2 8 20 180
22 95 61 78 9 0 13 0.00 M M 5.9 14 10 M M 1 8 20 20
23 97 59 78 9 0 13 0.00 M M 6.9 18 180 M M 4 27 210
24 93 65 79 11 0 14 0.00 M M 7.5 24 200 M M 5 8 31 200
25 95 69 82 14 0 17 0.04 M M 7.4 28 210 M M 6 38 37 220
26 93 63 78 10 0 13 0.02 M M 8.1 30 360 M M 7 3 39 360
27 93 63 78 10 0 13 0.00 M M 7.9 31 350 M M 4 38 340
28 78 59 69 1 0 4 0.06 M M 8.5 20 360 M M 6 28 350
29 75 55 65 -2 0 0 0.01 M M 6.9 26 240 M M 6 32 240
30 90 58 74 7 0 9 0.00 M M 11.2 35 330 M M 5 42 330
31 76 45 61 -6 4 0 0.06 M 0 8.1 28 200 M M 5 3 36 200
================================================================================
SM 2821 1872 4 342 0.22 M 235.8 M 142
================================================================================
AV 91.0 60.4 7.6 FASTST M M 5 MAX(MPH)
MISC ----> # 38 320 # 57 320
================================================================================
NOTES:
# LAST OF SEVERAL OCCURRENCES
COLUMN 17 PEAK WIND IN M.P.H.
PRELIMINARY LOCAL CLIMATOLOGICAL DATA (WS FORM: F-6) , PAGE 2
STATION: CENTENNIAL CO
MONTH: AUGUST
YEAR: 2020
LATITUDE: 39 33 N
LONGITUDE: 104 51 W
[TEMPERATURE DATA] [PRECIPITATION DATA] SYMBOLS USED IN COLUMN 16
AVERAGE MONTHLY: 75.7 TOTAL FOR MONTH: 0.22 1 = FOG OR MIST
DPTR FM NORMAL: 5.8 DPTR FM NORMAL: -2.37 2 = FOG REDUCING VISIBILITY
HIGHEST: 97 ON 23,18 GRTST 24HR 0.06 ON 31-31 TO 1/4 MILE OR LESS
LOWEST: 45 ON 31 3 = THUNDER
SNOW, ICE PELLETS, HAIL 4 = ICE PELLETS
TOTAL MONTH: M 5 = HAIL
GRTST 24HR M ON M 6 = FREEZING RAIN OR DRIZZLE
GRTST DEPTH: 0 7 = DUSTSTORM OR SANDSTORM:
VSBY 1/2 MILE OR LESS
8 = SMOKE OR HAZE
[NO. OF DAYS WITH] [WEATHER - DAYS WITH] 9 = BLOWING SNOW
X = TORNADO
MAX 32 OR BELOW: 0 0.01 INCH OR MORE: 6
MAX 90 OR ABOVE: 25 0.10 INCH OR MORE: 0
MIN 32 OR BELOW: 0 0.50 INCH OR MORE: 0
MIN 0 OR BELOW: 0 1.00 INCH OR MORE: 0
[HDD (BASE 65) ]
TOTAL THIS MO. 4 CLEAR (SCALE 0-3) 3
DPTR FM NORMAL -12 PTCLDY (SCALE 4-7) 28
TOTAL FM JUL 1 4 CLOUDY (SCALE 8-10) 0
DPTR FM NORMAL -18
[CDD (BASE 65) ]
TOTAL THIS MO. 342
DPTR FM NORMAL 172 [PRESSURE DATA]
TOTAL FM JAN 1 902 HIGHEST SLP 30.13 ON 18
DPTR FM NORMAL 391 LOWEST SLP 29.61 ON 30
[REMARKS]
#FINAL-08-20#