000
CXUS52 KMFL 011244
CLMAPF
CLIMATE REPORT
NATIONAL WEATHER SERVICE MIAMI, FL
844 AM EDT FRI SEP 01 2023
...................................
...THE NAPLES CLIMATE SUMMARY FOR THE MONTH OF AUGUST 2023...
CLIMATE NORMAL PERIOD: 1991 TO 2020
CLIMATE RECORD PERIOD: 1942 TO 2023
WEATHER OBSERVED NORMAL DEPART LAST YEAR`S
VALUE DATE(S) VALUE FROM VALUE DATE(S)
NORMAL
................................................................
TEMPERATURE (F)
RECORD
HIGH 98 08/29/2007
LOW 67 08/04/1972
08/08/1967
08/16/1961
HIGHEST 98R 08/08 96 08/20
08/12
LOWEST 75 08/25 73 08/08
08/09
AVG. MAXIMUM 94.5 90.9 3.6 90.9
AVG. MINIMUM 79.5 75.8 3.7 76.2
MEAN 87.0 83.3 3.7 83.5
DAYS MAX >= 90 31 23
DAYS MAX <= 32 0 0
DAYS MIN <= 32 0 0
DAYS MIN <= 0 0 0
PRECIPITATION (INCHES)
RECORD
MAXIMUM 15.55 2017
MINIMUM 1.46 1952
TOTALS 4.05 8.89 -4.84 5.87
DAILY AVG. 0.13 0.29 -0.16 0.19
DAYS >= .01 16 19
DAYS >= .10 8 13
DAYS >= .50 2 5
DAYS >= 1.00 1 0
GREATEST
24 HR. TOTAL 1.32 08/29 TO 08/29 1.71
DEGREE DAYS
HEATING TOTAL 0 0 0 0
SINCE 7/1 0 0 0 MM
COOLING TOTAL 691 569 122 582
SINCE 1/1 3564 2767 797 MM
................................................................
WIND (MPH)
AVERAGE WIND SPEED 7.5
HIGHEST WIND SPEED/DIRECTION 30/220 DATE 08/30
HIGHEST GUST SPEED/DIRECTION 40/190 DATE 08/30
SKY COVER
POSSIBLE SUNSHINE (PERCENT) MM
AVERAGE SKY COVER 0.17
NUMBER OF DAYS FAIR 29
NUMBER OF DAYS PC 2
NUMBER OF DAYS CLOUDY 0
AVERAGE RH (PERCENT) 74
WEATHER CONDITIONS. NUMBER OF DAYS WITH
THUNDERSTORM 25 MIXED PRECIP 0
HEAVY RAIN 7 RAIN 5
LIGHT RAIN 17 FREEZING RAIN 0
LT FREEZING RAIN 0 HAIL 0
HEAVY SNOW 0 SNOW 0
LIGHT SNOW 0 SLEET 0
FOG 10 FOG W/VIS <= 1/4 MILE 0
HAZE 3
- INDICATES NEGATIVE NUMBERS.
R INDICATES RECORD WAS SET OR TIED.
MM INDICATES DATA IS MISSING.
T INDICATES TRACE AMOUNT.
$$