000
CXUS53 KAPX 010730
CF6APN
PRELIMINARY LOCAL CLIMATOLOGICAL DATA (WS FORM: F-6)
STATION: ALPENA MI
MONTH: SEPTEMBER
YEAR: 2022
LATITUDE: 45 4 N
LONGITUDE: 83 34 W
TEMPERATURE IN F: :PCPN: SNOW: WIND :SUNSHINE: SKY :PK WND
================================================================================
1 2 3 4 5 6A 6B 7 8 9 10 11 12 13 14 15 16 17 18
12Z AVG MX 2MIN
DY MAX MIN AVG DEP HDD CDD WTR SNW DPTH SPD SPD DIR MIN PSBL S-S WX SPD DR
================================================================================
1 79 42 61 -3 4 0 0.00 0.0 0 4.2 10 190 M M 1 M M
2 88 65 77 14 0 12 0.00 0.0 0 9.0 22 190 M M 3 30 190
3 78 55 67 4 0 2 0.03 0.0 0 6.8 20 360 M M 6 24 360
4 64 46 55 -8 10 0 0.00 0.0 0 8.1 16 60 M M 6 22 60
5 71 46 59 -4 6 0 0.00 0.0 0 4.4 14 50 M M 2 18 60
6 74 46 60 -2 5 0 0.00 0.0 0 3.0 13 120 M M 1 1 20 150
7 81 44 63 1 2 0 0.00 0.0 0 3.0 13 360 M M 0 1 18 340
8 82 50 66 4 0 1 0.00 0.0 0 5.1 15 110 M M 0 12 M M
9 85 52 69 8 0 4 0.00 0.0 0 7.3 16 180 M M 0 30 180
10 87 53 70 9 0 5 0.00 0.0 0 5.5 13 190 M M 3 1 21 190
11 70 62 66 5 0 1 0.01 0.0 0 5.2 13 320 M M 10 1 17 320
12 73 62 68 8 0 3 0.25 0.0 0 6.0 15 110 M M 10 1 20 70
13 74 50 62 2 3 0 T 0.0 0 4.1 12 320 M M 4 1 16 320
14 68 45 57 -3 8 0 0.00 0.0 0 7.1 18 350 M M 4 31 20
15 70 39 55 -4 10 0 0.00 0.0 0 6.2 17 110 M M 2 1 24 120
16 76 61 69 10 0 4 0.00 0.0 0 7.2 16 90 M M 7 21 90
17 85 60 73 14 0 8 0.02 0.0 0 7.4 18 190 M M 5 12 27 220
18 84 63 74 16 0 9 0.01 0.0 0 5.5 13 260 M M 5 22 310
19 77 58 68 10 0 3 0.00 0.0 0 7.6 20 320 M M 5 30 310
20 83 56 70 12 0 5 0.00 0.0 0 5.7 15 170 M M 1 12 20 170
21 82 54 68 11 0 3 T 0.0 0 8.5 18 320 M M 4 30 270
22 59 43 51 -6 14 0 0.02 0.0 0 13.2 25 340 M M 4 38 350
23 66 37 52 -4 13 0 0.00 0.0 0 3.7 8 80 M M 2 M M
24 58 44 51 -5 14 0 0.03 0.0 0 3.1 13 220 M M 6 1 20 220
25 59 51 55 -1 10 0 0.05 0.0 0 6.2 13 290 M M 10 1 22 290
26 62 50 56 1 9 0 0.33 0.0 0 7.2 21 340 M M 9 1 28 340
27 58 46 52 -3 13 0 0.61 0.0 0 9.9 23 350 M M 10 1 32 360
28 51 33 42 -12 23 0 0.05 0.0 0 6.9 14 330 M M 8 1 19 320
29 60 30 45 -9 20 0 0.00 0.0 0 2.1 9 110 M M 0 12 M M
30 66 31 49 -5 16 0 0.00 0.0 0 2.7 10 100 M M 0 14 100
================================================================================
SM 2170 1474 180 60 1.41 0.0 181.9 M 128
================================================================================
AV 72.3 49.1 6.1 FASTST M M 4 MAX(MPH)
MISC ----> 25 340 38 350
================================================================================
NOTES:
# LAST OF SEVERAL OCCURRENCES
COLUMN 17 PEAK WIND IN M.P.H.
PRELIMINARY LOCAL CLIMATOLOGICAL DATA (WS FORM: F-6) , PAGE 2
STATION: ALPENA MI
MONTH: SEPTEMBER
YEAR: 2022
LATITUDE: 45 4 N
LONGITUDE: 83 34 W
[TEMPERATURE DATA] [PRECIPITATION DATA] SYMBOLS USED IN COLUMN 16
AVERAGE MONTHLY: 60.7 TOTAL FOR MONTH: 1.41 1 = FOG OR MIST
DPTR FM NORMAL: 1.7 DPTR FM NORMAL: -1.43 2 = FOG REDUCING VISIBILITY
HIGHEST: 88 ON 2 GRTST 24HR 0.91 ON 26-27 TO 1/4 MILE OR LESS
LOWEST: 30 ON 29 3 = THUNDER
SNOW, ICE PELLETS, HAIL 4 = ICE PELLETS
TOTAL MONTH: 0.0 INCH 5 = HAIL
GRTST 24HR 0.0 6 = FREEZING RAIN OR DRIZZLE
GRTST DEPTH: 0 7 = DUSTSTORM OR SANDSTORM:
VSBY 1/2 MILE OR LESS
8 = SMOKE OR HAZE
[NO. OF DAYS WITH] [WEATHER - DAYS WITH] 9 = BLOWING SNOW
X = TORNADO
MAX 32 OR BELOW: 0 0.01 INCH OR MORE: 11
MAX 90 OR ABOVE: 0 0.10 INCH OR MORE: 3
MIN 32 OR BELOW: 2 0.50 INCH OR MORE: 1
MIN 0 OR BELOW: 0 1.00 INCH OR MORE: 0
[HDD (BASE 65) ]
TOTAL THIS MO. 180 CLEAR (SCALE 0-3) 13
DPTR FM NORMAL -32 PTCLDY (SCALE 4-7) 11
TOTAL FM JUL 1 216 CLOUDY (SCALE 8-10) 6
DPTR FM NORMAL -84
[CDD (BASE 65) ]
TOTAL THIS MO. 60
DPTR FM NORMAL 28 [PRESSURE DATA]
TOTAL FM JAN 1 395 HIGHEST SLP 30.57 ON 29
DPTR FM NORMAL 47 LOWEST SLP 29.53 ON 26
[REMARKS]
#FINAL-09-22#