000
CXUS53 KAPX 010730
CF6APX
PRELIMINARY LOCAL CLIMATOLOGICAL DATA (WS FORM: F-6)
STATION: GAYLORD WFO
MONTH: APRIL
YEAR: 2021
LATITUDE: 45 4 N
LONGITUDE: 84 43 W
TEMPERATURE IN F: :PCPN: SNOW: WIND :SUNSHINE: SKY :PK WND
================================================================================
1 2 3 4 5 6A 6B 7 8 9 10 11 12 13 14 15 16 17 18
12Z AVG MX 2MIN
DY MAX MIN AVG DEP HDD CDD WTR SNW DPTH SPD SPD DIR MIN PSBL S-S WX SPD DR
================================================================================
1 31 16 24 -10 41 0 0.06 1.6 1 M M M M M M M M
2 46 16 31 -4 34 0 0.00 0.0 0 M M M M M M M M
3 58 33 46 10 19 0 0.00 0.0 0 M M M M M M M M
4 66 34 50 14 15 0 0.00 0.0 0 M M M M M M M M
5 66 44 55 19 10 0 0.00 0.0 0 M M M M M M M M
6 76 45 61 24 4 0 T 0.0 0 M M M M M M M M
7 80 49 65 28 0 0 T 0.0 0 M M M M M M M M
8 77 52 65 27 0 0 0.32 0.0 0 M M M M M M M M
9 58 48 53 15 12 0 0.03 0.0 0 M M M M M M M M
10 66 44 55 16 10 0 0.02 0.0 0 M M M M M M 1 M M
11 60 46 53 14 12 0 0.18 0.0 0 M M M M M M M M
12 54 43 49 9 16 0 0.08 0.0 0 M M M M M M M M
13 52 37 45 5 20 0 T 0.0 0 M M M M M M M M
14 38 31 35 -6 30 0 0.16 0.7 0 M M M M M M M M
15 37 31 34 -7 31 0 0.01 T T M M M M M M M M
16 45 30 38 -4 27 0 T T 0 M M M M M M M M
17 54 28 41 -1 24 0 0.00 0.0 0 M M M M M M M M
18 53 29 41 -1 24 0 0.00 0.0 0 M M M M M M M M
19 40 27 34 -9 31 0 0.03 T 0 M M M M M M M M
20 35 21 28 -15 37 0 T T 0 M M M M M M M M
21 35 21 28 -16 37 0 T 0.1 T M M M M M M M M
22 43 25 34 -10 31 0 T T T M M M M M M M M
23 62 34 48 4 17 0 0.00 0.0 0 M M M M M M M M
24 58 34 46 1 19 0 0.19 0.0 0 M M M M M M M M
25 38 28 33 -12 32 0 0.02 0.2 T M M M M M M 6 M M
26 35 28 32 -14 33 0 0.10 0.2 0 M M M M M M M M
27 61 35 48 2 17 0 0.02 0.0 0 M M M M M M 1 M M
28 47 41 44 -2 21 0 0.28 0.0 0 M M M M M M 1 M M
29 57 38 48 1 17 0 0.01 0.0 0 M M M M M M M M
30 46 31 39 -8 26 0 0.00 0.0 0 M M M M M M M M
================================================================================
SM 1574 1019 647 0 1.51 2.8 M M M
================================================================================
AV 52.5 34.0 M FASTST M M M MAX(MPH)
MISC ----> M M M M
================================================================================
NOTES:
# LAST OF SEVERAL OCCURRENCES
COLUMN 17 PEAK WIND IN M.P.H.
PRELIMINARY LOCAL CLIMATOLOGICAL DATA (WS FORM: F-6) , PAGE 2
STATION: GAYLORD WFO
MONTH: APRIL
YEAR: 2021
LATITUDE: 45 4 N
LONGITUDE: 84 43 W
[TEMPERATURE DATA] [PRECIPITATION DATA] SYMBOLS USED IN COLUMN 16
AVERAGE MONTHLY: 43.2 TOTAL FOR MONTH: 1.51 1 = FOG OR MIST
DPTR FM NORMAL: 2.1 DPTR FM NORMAL: -1.27 2 = FOG REDUCING VISIBILITY
HIGHEST: 80 ON 7 GRTST 24HR 0.32 ON 8- 8 TO 1/4 MILE OR LESS
LOWEST: 16 ON 2, 1 3 = THUNDER
SNOW, ICE PELLETS, HAIL 4 = ICE PELLETS
TOTAL MONTH: 3.1 INCHES 5 = HAIL
GRTST 24HR 1.6 ON 1- 1 6 = FREEZING RAIN OR DRIZZLE
GRTST DEPTH: 1 ON 1 7 = DUSTSTORM OR SANDSTORM:
VSBY 1/2 MILE OR LESS
8 = SMOKE OR HAZE
[NO. OF DAYS WITH] [WEATHER - DAYS WITH] 9 = BLOWING SNOW
X = TORNADO
MAX 32 OR BELOW: 1 0.01 INCH OR MORE: 15
MAX 90 OR ABOVE: 0 0.10 INCH OR MORE: 6
MIN 32 OR BELOW: 14 0.50 INCH OR MORE: 0
MIN 0 OR BELOW: 0 1.00 INCH OR MORE: 0
[HDD (BASE 65) ]
TOTAL THIS MO. 647 CLEAR (SCALE 0-3) 0
DPTR FM NORMAL -71 PTCLDY (SCALE 4-7) 0
TOTAL FM JUL 1 7063 CLOUDY (SCALE 8-10) 30
DPTR FM NORMAL -854
[CDD (BASE 65) ]
TOTAL THIS MO. 0
DPTR FM NORMAL -1 [PRESSURE DATA]
TOTAL FM JAN 1 0 HIGHEST SLP M ON M
DPTR FM NORMAL -1 LOWEST SLP M ON M
[REMARKS]
#FINAL-04-21#