000
CXUS54 KLCH 010830
CF6ARA
PRELIMINARY LOCAL CLIMATOLOGICAL DATA (WS FORM: F-6)
STATION: NEW IBERIA
MONTH: APRIL
YEAR: 2021
LATITUDE: 30 1 N
LONGITUDE: 91 53 W
TEMPERATURE IN F: :PCPN: SNOW: WIND :SUNSHINE: SKY :PK WND
================================================================================
1 2 3 4 5 6A 6B 7 8 9 10 11 12 13 14 15 16 17 18
12Z AVG MX 2MIN
DY MAX MIN AVG DEP HDD CDD WTR SNW DPTH SPD SPD DIR MIN PSBL S-S WX SPD DR
================================================================================
1 65 49 57 -8 8 0 0.00 0.0 M 16.6 28 10 M M 2 40 50
2 66 43 55 -10 10 0 0.00 0.0 M 7.3 16 50 M M 0 22 70
3 69 42 56 -9 9 0 T 0.0 M 3.3 13 110 M M 1 17 100
4 75 55 65 0 0 0 0.00 0.0 M 5.2 15 110 M M 2 23 140
5 77 49 63 -3 2 0 0.00 0.0 M 6.0 15 210 M M 0 12 21 180
6 81 58 70 4 0 5 0.00 0.0 M 10.8 24 180 M M 3 1 32 170
7 80 63 72 6 0 7 0.03 0.0 M 14.2 28 170 M M 6 13 38 170
8 84 60 72 6 0 7 0.58 0.0 M 5.8 25 340 M M 4 13 33 330
9 85 71 78 12 0 13 T 0.0 M 12.1 21 180 M M 9 18 29 190
10 78 63 71 4 0 6 0.50 0.0 M 7.6 25 200 M M 7 13 36 210
11 81 56 69 2 0 4 0.00 0.0 M 6.1 14 20 M M 2 17 340
12 85 52 69 2 0 4 0.00 0.0 M 6.8 13 180 M M 0 17 130
13 74 62 68 1 0 3 4.41 0.0 M 9.4 24 70 M M 9 13 36 60
14 71 63 67 -1 0 2 0.18 0.0 M 7.0 22 50 M M 8 13 28 30
15 76 63 70 2 0 5 0.69 0.0 M 9.7 22 20 M M 7 13 31 10
16 74 61 68 0 0 3 0.74 0.0 M 9.2 25 10 M M 9 13 35 330
17 65 56 61 -7 4 0 0.11 0.0 M 11.0 21 360 M M 9 1 28 360
18 70 53 62 -6 3 0 T 0.0 M 7.9 15 20 M M 3 19 350
19 73 52 63 -6 2 0 T 0.0 M 5.2 15 40 M M 2 20 40
20 77 59 68 -1 0 3 0.00 0.0 M 4.3 12 270 M M 3 16 280
21 66 50 58 -11 7 0 0.00 0.0 M 13.2 22 360 M M 0 29 360
22 73 49 61 -9 4 0 0.00 0.0 M 8.9 17 90 M M 0 25 80
23 79 61 70 0 0 5 0.06 0.0 M 14.7 31 160 M M 9 3 44 150
24 84 65 75 5 0 10 0.58 0.0 M 11.2 36 270 M M 6 13 63 280
25 80 60 70 0 0 5 0.00 0.0 M 6.0 17 40 M M 0 1 23 50
26 81 55 68 -3 0 3 0.00 0.0 M 6.5 15 160 M M 1 12 21 180
27 84 69 77 6 0 12 0.00 0.0 M 13.6 22 170 M M 7 31 200
28 86 73 80 9 0 15 0.00 0.0 M 16.9 26 150 M M 7 38 160
29 86 72 79 7 0 14 0.00 0.0 M 11.3 20 140 M M 8 26 140
30 83 70 77 5 0 12 0.00 0.0 M 6.2 16 20 M M 5 1 20 30
================================================================================
SM 2308 1754 49 138 7.88 0.0 274.0 M 129
================================================================================
AV 76.9 58.5 9.1 FASTST M M 4 MAX(MPH)
MISC ----> 36 270 63 280
================================================================================
NOTES:
# LAST OF SEVERAL OCCURRENCES
COLUMN 17 PEAK WIND IN M.P.H.
PRELIMINARY LOCAL CLIMATOLOGICAL DATA (WS FORM: F-6) , PAGE 2
STATION: NEW IBERIA
MONTH: APRIL
YEAR: 2021
LATITUDE: 30 1 N
LONGITUDE: 91 53 W
[TEMPERATURE DATA] [PRECIPITATION DATA] SYMBOLS USED IN COLUMN 16
AVERAGE MONTHLY: 67.7 TOTAL FOR MONTH: 7.88 1 = FOG OR MIST
DPTR FM NORMAL: -0.4 DPTR FM NORMAL: 3.81 2 = FOG REDUCING VISIBILITY
HIGHEST: 86 ON 29,28 GRTST 24HR 4.43 ON 13-14 TO 1/4 MILE OR LESS
LOWEST: 42 ON 3 3 = THUNDER
SNOW, ICE PELLETS, HAIL 4 = ICE PELLETS
TOTAL MONTH: 0.0 INCH 5 = HAIL
GRTST 24HR 0.0 6 = FREEZING RAIN OR DRIZZLE
GRTST DEPTH: M ON M 7 = DUSTSTORM OR SANDSTORM:
VSBY 1/2 MILE OR LESS
8 = SMOKE OR HAZE
[NO. OF DAYS WITH] [WEATHER - DAYS WITH] 9 = BLOWING SNOW
X = TORNADO
MAX 32 OR BELOW: 0 0.01 INCH OR MORE: 10
MAX 90 OR ABOVE: 0 0.10 INCH OR MORE: 8
MIN 32 OR BELOW: 0 0.50 INCH OR MORE: 6
MIN 0 OR BELOW: 0 1.00 INCH OR MORE: 1
[HDD (BASE 65) ]
TOTAL THIS MO. 49 CLEAR (SCALE 0-3) 14
DPTR FM NORMAL 5 PTCLDY (SCALE 4-7) 10
TOTAL FM JUL 1 1423 CLOUDY (SCALE 8-10) 6
DPTR FM NORMAL 16
[CDD (BASE 65) ]
TOTAL THIS MO. 138
DPTR FM NORMAL 1 [PRESSURE DATA]
TOTAL FM JAN 1 269 HIGHEST SLP 30.49 ON 2
DPTR FM NORMAL 49 LOWEST SLP 29.66 ON 10
[REMARKS]
#FINAL-04-21#