000
CXUS54 KLCH 010830
CF6ARA
PRELIMINARY LOCAL CLIMATOLOGICAL DATA (WS FORM: F-6)
STATION: NEW IBERIA
MONTH: AUGUST
YEAR: 2023
LATITUDE: 30 1 N
LONGITUDE: 91 53 W
TEMPERATURE IN F: :PCPN: SNOW: WIND :SUNSHINE: SKY :PK WND
================================================================================
1 2 3 4 5 6A 6B 7 8 9 10 11 12 13 14 15 16 17 18
12Z AVG MX 2MIN
DY MAX MIN AVG DEP HDD CDD WTR SNW DPTH SPD SPD DIR MIN PSBL S-S WX SPD DR
================================================================================
1 101 77 89 5 0 24 0.00 M M 4.0 12 200 M M 1 17 100
2 100 79 90 6 0 25 0.00 M M 3.8 30 90 M M 0 38 110
3 100 78 89 5 0 24 0.00 M M 4.3 13 200 M M 1 18 200
4 101 77 89 5 0 24 0.00 M M 5.6 16 200 M M 1 21 190
5 101 78 90 6 0 25 0.00 M M 6.9 16 220 M M 1 22 210
6 101 79 90 6 0 25 T 0.0 M 6.9 20 210 M M 1 25 210
7 100 80 90 6 0 25 0.00 0.0 M 7.2 15 240 M M 1 26 250
8 101 79 90 6 0 25 0.00 M M 5.8 17 180 M M 2 25 190
9 99 80 90 6 0 25 0.09 M M 8.7 21 210 M M 1 13 27 200
10 100 81 91 7 0 26 0.00 M M 10.2 21 230 M M 2 29 230
11 102 80 91 7 0 26 0.00 M M 8.8 20 210 M M 1 27 180
12 102 78 90 6 0 25 0.00 M M 5.9 17 200 M M 2 1 23 210
13 100 79 90 6 0 25 0.00 0.0 0 6.0 17 210 M M 0 23 220
14 103 78 91 7 0 26 0.00 0.0 0 5.6 17 220 M M 1 1 23 220
15 103 79 91 8 0 26 0.00 0.0 0 6.6 14 360 M M 2 3 19 330
16 99 77 88 5 0 23 0.00 M M 7.0 15 50 M M 2 19 60
17 102 72 87 4 0 22 0.00 0.0 0 4.7 16 210 M M 1 21 220
18 103 74 89 6 0 24 0.00 M M 4.4 17 160 M M 0 1 24 170
19 104 77 91 8 0 26 0.00 M M 4.7 15 210 M M 1 19 210
20 102 79 91 8 0 26 0.00 M M 5.4 15 200 M M 1 21 160
21 100 79 90 7 0 25 0.00 M M 10.5 25 110 M M 1 36 120
22 102 79 91 8 0 26 0.00 M M 8.1 18 160 M M 1 34 170
23 105 80 93 10 0 28 0.00 M M 4.7 12 210 M M 1 3 17 160
24 105 81 93 10 0 28 0.00 M M 5.0 16 180 M M 1 24 170
25 101 80 91 8 0 26 0.00 0.0 M 4.9 14 130 M M 1 1 20 120
26 106 77 92 9 0 27 0.00 M M 3.5 15 210 M M 0 13 21 230
27 109 80 95 12 0 30 0.00 M M 7.7 17 10 M M 0 3 24 360
28 91 79 85 3 0 20 0.03 M M 7.7 20 50 M M 7 13 25 50
29 96 77 87 5 0 22 0.11 M M 6.4 18 30 M M 4 38 25 10
30 99 75 87 5 0 22 0.00 M M 10.0 22 360 M M 1 29 350
31 98 68 83 1 0 18 0.00 0.0 M 6.8 15 20 M M 1 21 40
================================================================================
SM 3136 2416 0 769 0.23 0.0 197.8 M 40
================================================================================
AV101.2 77.9 6.4 FASTST M M 1 MAX(MPH)
MISC ----> 30 90 38 110
================================================================================
NOTES:
# LAST OF SEVERAL OCCURRENCES
COLUMN 17 PEAK WIND IN M.P.H.
PRELIMINARY LOCAL CLIMATOLOGICAL DATA (WS FORM: F-6) , PAGE 2
STATION: NEW IBERIA
MONTH: AUGUST
YEAR: 2023
LATITUDE: 30 1 N
LONGITUDE: 91 53 W
[TEMPERATURE DATA] [PRECIPITATION DATA] SYMBOLS USED IN COLUMN 16
AVERAGE MONTHLY: 89.5 TOTAL FOR MONTH: 0.23 1 = FOG OR MIST
DPTR FM NORMAL: 6.3 DPTR FM NORMAL: -6.14 2 = FOG REDUCING VISIBILITY
HIGHEST: 109 ON 27 GRTST 24HR 0.14 ON 28-29 TO 1/4 MILE OR LESS
LOWEST: 68 ON 31 3 = THUNDER
SNOW, ICE PELLETS, HAIL 4 = ICE PELLETS
TOTAL MONTH: 0.0 INCH 5 = HAIL
GRTST 24HR 0.0 6 = FREEZING RAIN OR DRIZZLE
GRTST DEPTH: 0 7 = DUSTSTORM OR SANDSTORM:
VSBY 1/2 MILE OR LESS
8 = SMOKE OR HAZE
[NO. OF DAYS WITH] [WEATHER - DAYS WITH] 9 = BLOWING SNOW
X = TORNADO
MAX 32 OR BELOW: 0 0.01 INCH OR MORE: 3
MAX 90 OR ABOVE: 31 0.10 INCH OR MORE: 1
MIN 32 OR BELOW: 0 0.50 INCH OR MORE: 0
MIN 0 OR BELOW: 0 1.00 INCH OR MORE: 0
[HDD (BASE 65) ]
TOTAL THIS MO. 0 CLEAR (SCALE 0-3) 29
DPTR FM NORMAL 0 PTCLDY (SCALE 4-7) 2
TOTAL FM JUL 1 0 CLOUDY (SCALE 8-10) 0
DPTR FM NORMAL 0
[CDD (BASE 65) ]
TOTAL THIS MO. 769
DPTR FM NORMAL 205 [PRESSURE DATA]
TOTAL FM JAN 1 2856 HIGHEST SLP 30.08 ON 7
DPTR FM NORMAL 642 LOWEST SLP 29.68 ON 27
[REMARKS]
#FINAL-08-23#