000
CXUS54 KHGX 011510
CF6ARM
PRELIMINARY LOCAL CLIMATOLOGICAL DATA (WS FORM: F-6)
STATION: Wharton
MONTH: FEBRUARY
YEAR: 2024
LATITUDE: 29 15 N
LONGITUDE: 96 9 W
TEMPERATURE IN F: :PCPN: SNOW: WIND :SUNSHINE: SKY :PK WND
================================================================================
1 2 3 4 5 6A 6B 7 8 9 10 11 12 13 14 15 16 17 18
12Z AVG MX 2MIN
DY MAX MIN AVG DEP HDD CDD WTR SNW DPTH SPD SPD DIR MIN PSBL S-S WX SPD DR
================================================================================
1 70 50 60 M 5 0 0.00 0.0 0 4.4 13 180 M M 2 21 170
2 96 28 62 M 3 0 0.03 0.0 0 8.8 21 160 M M 7 128 24 150
3 68 55 62 M 3 0 0.01 0.0 0 6.8 15 140 M M 5 28 60
4 68 51 60 M 5 0 0.00 0.0 0 13.1 28 300 M M 0 36 300
5 59 55 57 M 8 0 0.00 0.0 0 14.6 22 330 M M 5 28 340
6 68 42 55 M 10 0 M 0.0 0 3.6 7 350 M M 0 M M
7 67 40 54 M 11 0 M 0.0 0 8.5 21 170 M M 6 18 25 160
8 73 58 66 M 0 1 0.00 0.0 0 8.4 20 150 M M 6 24 150
9 65 9 37 M 28 0 0.00 0.0 0 9.6 17 190 M M 9 23 180
10 52 10 31 M 34 0 M M 0 9.6 20 180 M M 9 8 29 180
11 M M M M M M M 0.0 0 13.6 24 330 M M 6 8 30 330
12 61 44 53 M 12 0 0.00 0.0 0 13.2 21 320 M M 3 29 300
13 65 37 51 M 14 0 0.00 0.0 0 1.5 9 150 M M 0 M M
14 69 44 57 M 8 0 0.00 0.0 0 4.7 12 150 M M 4 M M
15 72 56 64 M 1 0 0.00 0.0 0 4.7 9 160 M M 7 M M
16 M M M M M M 0.04 0.0 0 5.7 21 180 M M 9 28 170
17 49 38 44 M 21 0 0.00 0.0 0 16.4 25 360 M M 4 32 350
18 54 33 44 M 21 0 M 0.0 0 6.8 13 350 M M 1 16 360
19 64 33 49 M 16 0 0.00 0.0 0 4.6 14 180 M M 0 17 180
20 74 47 61 M 4 0 0.00 0.0 0 6.5 15 180 M M 2 12 20 210
21 85 64 75 M 0 10 0.00 0.0 0 11.1 18 170 M M 6 128 27 170
22 74 M M M M M 0.00 0.0 0 9.3 16 170 M M 7 8 20 180
23 76 53 65 M 0 0 0.00 0.0 0 9.6 16 10 M M 0 8 23 20
24 79 47 63 M 2 0 0.00 0.0 0 4.1 14 200 M M 0 17 200
25 77 41 59 M 6 0 0.00 0.0 0 11.0 23 180 M M 3 18 30 180
26 77 M M M M M M 0.0 0 12.8 21 180 M M 8 8 27 180
27 80 74 77 M 0 12 0.00 0.0 0 18.2 27 190 M M 9 33 190
28 66 49 58 M 7 0 0.01 0.0 0 16.3 24 10 M M 5 8 35 350
29 56 48 52 M 13 0 M M M 8.5 12 10 M M 10 18 70
================================================================================
SM 1864 1106 232 23 0.09 0.0 266.0 M 133
================================================================================
AV 69.0 44.2 9.2 FASTST M M 5 MAX(MPH)
MISC ----> 28 300 36 300
================================================================================
NOTES:
# LAST OF SEVERAL OCCURRENCES
COLUMN 17 PEAK WIND IN M.P.H.
PRELIMINARY LOCAL CLIMATOLOGICAL DATA (WS FORM: F-6) , PAGE 2
STATION: Wharton
MONTH: FEBRUARY
YEAR: 2024
LATITUDE: 29 15 N
LONGITUDE: 96 9 W
[TEMPERATURE DATA] [PRECIPITATION DATA] SYMBOLS USED IN COLUMN 16
AVERAGE MONTHLY: 56.6 TOTAL FOR MONTH: 0.09 1 = FOG OR MIST
DPTR FM NORMAL: 0.0 DPTR FM NORMAL: M 2 = FOG REDUCING VISIBILITY
HIGHEST: 96 ON 2 GRTST 24HR 0.04 ON 16-16 TO 1/4 MILE OR LESS
LOWEST: 9 ON 9 3 = THUNDER
SNOW, ICE PELLETS, HAIL 4 = ICE PELLETS
TOTAL MONTH: 0.0 INCH 5 = HAIL
GRTST 24HR 0.0 6 = FREEZING RAIN OR DRIZZLE
GRTST DEPTH: 0 7 = DUSTSTORM OR SANDSTORM:
VSBY 1/2 MILE OR LESS
8 = SMOKE OR HAZE
[NO. OF DAYS WITH] [WEATHER - DAYS WITH] 9 = BLOWING SNOW
X = TORNADO
MAX 32 OR BELOW: 0 0.01 INCH OR MORE: 4
MAX 90 OR ABOVE: 1 0.10 INCH OR MORE: 0
MIN 32 OR BELOW: 3 0.50 INCH OR MORE: 0
MIN 0 OR BELOW: 0 1.00 INCH OR MORE: 0
[HDD (BASE 65) ]
TOTAL THIS MO. 232 CLEAR (SCALE 0-3) 11
DPTR FM NORMAL M PTCLDY (SCALE 4-7) 12
TOTAL FM JUL 1 988 CLOUDY (SCALE 8-10) 6
DPTR FM NORMAL M
[CDD (BASE 65) ]
TOTAL THIS MO. 23
DPTR FM NORMAL M [PRESSURE DATA]
TOTAL FM JAN 1 23 HIGHEST SLP M ON M
DPTR FM NORMAL M LOWEST SLP M ON M
[REMARKS]
#FINAL-02-24#