000
CXUS53 KARX 012112
CF6ARX
PRELIMINARY LOCAL CLIMATOLOGICAL DATA (WS FORM: F-6)
STATION: LA CROSSE WEATHER OFFICE WI
MONTH: AUGUST
YEAR: 2022
LATITUDE: 43 49 N
LONGITUDE: 91 12 W
TEMPERATURE IN F: :PCPN: SNOW: WIND :SUNSHINE: SKY :PK WND
================================================================================
1 2 3 4 5 6A 6B 7 8 9 10 11 12 13 14 15 16 17 18
12Z AVG MX 2MIN
DY MAX MIN AVG DEP HDD CDD WTR SNW DPTH SPD SPD DIR MIN PSBL S-S WX SPD DR
================================================================================
1 78 66 72 2 0 7 0.00 0.0 0 M M M M M M 24 M
2 85 60 73 3 0 8 0.00 0.0 0 M M M M M M 26 M
3 85 67 76 6 0 11 0.02 0.0 0 M M M M M M 3 26 M
4 80 60 70 0 0 5 0.00 0.0 0 M M M M M M 24 M
5 83 64 74 4 0 9 0.00 0.0 0 M M M M M M 18 M
6 84 69 77 7 0 12 0.34 0.0 0 M M M M M M 3 27 M
7 80 70 75 5 0 10 0.15 0.0 0 M M M M M M 3 18 M
8 73 59 66 -4 0 1 0.43 0.0 0 M M M M M M 3 26 M
9 77 57 67 -3 0 2 0.00 0.0 0 M M M M M M M M
10 82 60 71 1 0 6 T 0.0 0 M M M M M M 11 M
11 79 60 70 0 0 5 0.00 0.0 0 M M M M M M 18 M
12 65 57 61 -9 4 0 0.10 0.0 0 M M M M M M 25 M
13 69 60 65 -5 0 0 0.02 0.0 0 M M M M M M 24 M
14 67 59 63 -7 2 0 0.00 0.0 0 M M M M M M 1 11 M
15 74 57 66 -4 0 1 0.00 0.0 0 M M M M M M 2 11 M
16 79 58 69 -1 0 4 0.00 0.0 0 M M M M M M 13 M
17 79 59 69 0 0 4 0.00 0.0 0 M M M M M M 9 M
18 79 60 70 1 0 5 0.17 0.0 0 M M M M M M 3 21 M
19 74 59 67 -2 0 2 0.23 0.0 0 M M M M M M 3 9 M
20 75 59 67 -2 0 2 T 0.0 0 M M M M M M 1 8 M
21 75 62 69 0 0 4 0.00 0.0 0 M M M M M M 1 8 M
22 78 61 70 1 0 5 0.00 0.0 0 M M M M M M 12 M
23 80 61 71 2 0 6 0.00 0.0 0 M M M M M M 12 M
24 80 61 71 3 0 6 0.36 0.0 0 M M M M M M 3 19 M
25 75 61 68 0 0 3 T 0.0 0 M M M M M M 12 19 M
26 77 56 67 -1 0 2 0.00 0.0 0 M M M M M M 18 M
27 73 62 68 0 0 3 1.37 0.0 0 M M M M M M 123 29 M
28 78 63 71 3 0 6 0.20 0.0 0 M M M M M M 1 29 M
29 78 63 71 4 0 6 T 0.0 0 M M M M M M 27 M
30 74 56 65 -2 0 0 0.00 0.0 0 M M M M M M 19 M
31 83 58 71 4 0 6 0.00 0.0 0 M M M M M M 14 M
================================================================================
SM 2398 1884 6 141 3.39 0.0 M M M
================================================================================
AV 77.4 60.8 M FASTST M M M MAX(MPH)
MISC ----> M M # 29 9999
================================================================================
NOTES:
# LAST OF SEVERAL OCCURRENCES
COLUMN 17 PEAK WIND IN M.P.H.
PRELIMINARY LOCAL CLIMATOLOGICAL DATA (WS FORM: F-6) , PAGE 2
STATION: LA CROSSE WEATHER OFFICE WI
MONTH: AUGUST
YEAR: 2022
LATITUDE: 43 49 N
LONGITUDE: 91 12 W
[TEMPERATURE DATA] [PRECIPITATION DATA] SYMBOLS USED IN COLUMN 16
AVERAGE MONTHLY: 69.1 TOTAL FOR MONTH: 3.39 1 = FOG OR MIST
DPTR FM NORMAL: -0.1 DPTR FM NORMAL: -1.08 2 = FOG REDUCING VISIBILITY
HIGHEST: 85 ON 3, 2 GRTST 24HR 1.37 ON 27-27 TO 1/4 MILE OR LESS
LOWEST: 56 ON 30,26 3 = THUNDER
SNOW, ICE PELLETS, HAIL 4 = ICE PELLETS
TOTAL MONTH: 0.0 INCH 5 = HAIL
GRTST 24HR 0.0 6 = FREEZING RAIN OR DRIZZLE
GRTST DEPTH: 0 7 = DUSTSTORM OR SANDSTORM:
VSBY 1/2 MILE OR LESS
8 = SMOKE OR HAZE
[NO. OF DAYS WITH] [WEATHER - DAYS WITH] 9 = BLOWING SNOW
X = TORNADO
MAX 32 OR BELOW: 0 0.01 INCH OR MORE: 11
MAX 90 OR ABOVE: 0 0.10 INCH OR MORE: 9
MIN 32 OR BELOW: 0 0.50 INCH OR MORE: 1
MIN 0 OR BELOW: 0 1.00 INCH OR MORE: 1
[HDD (BASE 65) ]
TOTAL THIS MO. 6 CLEAR (SCALE 0-3) 0
DPTR FM NORMAL -15 PTCLDY (SCALE 4-7) 0
TOTAL FM JUL 1 6 CLOUDY (SCALE 8-10) 31
DPTR FM NORMAL -24
[CDD (BASE 65) ]
TOTAL THIS MO. 141
DPTR FM NORMAL -11 [PRESSURE DATA]
TOTAL FM JAN 1 523 HIGHEST SLP M ON M
DPTR FM NORMAL 40 LOWEST SLP M ON M
[REMARKS]
#FINAL-08-22#