000
CXUS53 KARX 080948
CF6ARX
PRELIMINARY LOCAL CLIMATOLOGICAL DATA (WS FORM: F-6)
STATION: LA CROSSE WEATHER OFFICE WI
MONTH: NOVEMBER
YEAR: 2020
LATITUDE: 43 49 N
LONGITUDE: 91 12 W
TEMPERATURE IN F: :PCPN: SNOW: WIND :SUNSHINE: SKY :PK WND
================================================================================
1 2 3 4 5 6A 6B 7 8 9 10 11 12 13 14 15 16 17 18
12Z AVG MX 2MIN
DY MAX MIN AVG DEP HDD CDD WTR SNW DPTH SPD SPD DIR MIN PSBL S-S WX SPD DR
================================================================================
1 35 25 30 -12 35 0 T T 0 M M M M M M 40 M
2 52 23 38 -3 27 0 0.00 0.0 0 M M M M M M 35 M
3 71 40 56 16 9 0 0.00 0.0 0 M M M M M M 26 M
4 69 48 59 19 6 0 0.00 0.0 0 M M M M M M 26 M
5 70 49 60 20 5 0 0.00 0.0 0 M M M M M M 18 M
6 71 51 61 22 4 0 0.00 0.0 0 M M M M M M 27 M
7 70 57 64 26 1 0 0.00 0.0 0 M M M M M M 30 M
8 71 57 64 26 1 0 0.00 0.0 0 M M M M M M 30 M
9 70 40 55 18 10 0 0.63 0.0 0 M M M M M M 31 M
10 40 28 34 -3 31 0 1.29 0.1 0 M M M M M M 40 M
11 42 24 33 -3 32 0 0.00 0.0 0 M M M M M M 26 M
12 45 22 34 -2 31 0 0.01 0.3 0 M M M M M M 24 M
13 35 18 27 -8 38 0 0.00 0.0 T M M M M M M 24 M
14 44 27 36 1 29 0 0.13 0.0 0 M M M M M M 1 29 M
15 44 25 35 1 30 0 T T 0 M M M M M M 40 M
16 43 23 33 -1 32 0 T T 0 M M M M M M 23 M
17 38 21 30 -3 35 0 0.00 0.0 0 M M M M M M 16 M
18 50 32 41 9 24 0 0.00 0.0 0 M M M M M M 38 M
19 59 46 53 21 12 0 0.00 0.0 0 M M M M M M 38 M
20 46 29 38 7 27 0 0.00 0.0 0 M M M M M M 27 M
21 40 24 32 1 33 0 0.00 0.0 0 M M M M M M 20 M
22 40 28 34 4 31 0 T T 0 M M M M M M 20 M
23 39 24 32 2 33 0 0.00 0.0 0 M M M M M M 20 M
24 33 31 32 3 33 0 0.72 3.8 T M M M M M M 12 23 M
25 33 31 32 3 33 0 T 0.0 4 M M M M M M 12 11 M
26 33 29 31 3 34 0 T 0.0 2 M M M M M M 26 M
27 36 26 31 3 34 0 0.00 0.0 T M M M M M M 20 M
28 48 28 38 11 27 0 0.00 0.0 0 M M M M M M 23 M
29 39 25 32 5 33 0 T T 0 M M M M M M 29 M
30 27 19 23 -3 42 0 0.00 0.0 0 M M M M M M 29 M
================================================================================
SM 1433 950 752 0 2.78 4.2 M M M
================================================================================
AV 47.8 31.7 M FASTST M M M MAX(MPH)
MISC ----> M M # 40 9999
================================================================================
NOTES:
# LAST OF SEVERAL OCCURRENCES
COLUMN 17 PEAK WIND IN M.P.H.
PRELIMINARY LOCAL CLIMATOLOGICAL DATA (WS FORM: F-6) , PAGE 2
STATION: LA CROSSE WEATHER OFFICE WI
MONTH: NOVEMBER
YEAR: 2020
LATITUDE: 43 49 N
LONGITUDE: 91 12 W
[TEMPERATURE DATA] [PRECIPITATION DATA] SYMBOLS USED IN COLUMN 16
AVERAGE MONTHLY: 39.7 TOTAL FOR MONTH: 2.78 1 = FOG OR MIST
DPTR FM NORMAL: 5.8 DPTR FM NORMAL: 0.52 2 = FOG REDUCING VISIBILITY
HIGHEST: 71 ON 8, 6 GRTST 24HR 1.29 ON 10-10 TO 1/4 MILE OR LESS
LOWEST: 18 ON 13 3 = THUNDER
SNOW, ICE PELLETS, HAIL 4 = ICE PELLETS
TOTAL MONTH: 4.2 INCHES 5 = HAIL
GRTST 24HR 3.8 ON 24-24 6 = FREEZING RAIN OR DRIZZLE
GRTST DEPTH: 4 ON 25 7 = DUSTSTORM OR SANDSTORM:
VSBY 1/2 MILE OR LESS
8 = SMOKE OR HAZE
[NO. OF DAYS WITH] [WEATHER - DAYS WITH] 9 = BLOWING SNOW
X = TORNADO
MAX 32 OR BELOW: 1 0.01 INCH OR MORE: 5
MAX 90 OR ABOVE: 0 0.10 INCH OR MORE: 4
MIN 32 OR BELOW: 22 0.50 INCH OR MORE: 3
MIN 0 OR BELOW: 0 1.00 INCH OR MORE: 1
[HDD (BASE 65) ]
TOTAL THIS MO. 752 CLEAR (SCALE 0-3) 0
DPTR FM NORMAL -182 PTCLDY (SCALE 4-7) 0
TOTAL FM JUL 1 1639 CLOUDY (SCALE 8-10) 30
DPTR FM NORMAL -23
[CDD (BASE 65) ]
TOTAL THIS MO. 0
DPTR FM NORMAL 0 [PRESSURE DATA]
TOTAL FM JAN 1 621 HIGHEST SLP M ON M
DPTR FM NORMAL 112 LOWEST SLP M ON M
[REMARKS]
#FINAL-11-20#