000
CXUS53 KARX 012218
CF6ARX
PRELIMINARY LOCAL CLIMATOLOGICAL DATA (WS FORM: F-6)
STATION: LA CROSSE WEATHER OFFICE WI
MONTH: JULY
YEAR: 2023
LATITUDE: 43 49 N
LONGITUDE: 91 12 W
TEMPERATURE IN F: :PCPN: SNOW: WIND :SUNSHINE: SKY :PK WND
================================================================================
1 2 3 4 5 6A 6B 7 8 9 10 11 12 13 14 15 16 17 18
12Z AVG MX 2MIN
DY MAX MIN AVG DEP HDD CDD WTR SNW DPTH SPD SPD DIR MIN PSBL S-S WX SPD DR
================================================================================
1 81 68 75 5 0 10 T 0.0 0 M M M M M M M M
2 82 63 73 3 0 8 0.00 0.0 0 M M M M M M M M
3 89 62 76 6 0 11 1.34 0.0 0 M M M M M M 3 14 M
4 84 62 73 3 0 8 0.66 0.0 0 M M M M M M 3 13 M
5 75 61 68 -2 0 3 0.30 0.0 0 M M M M M M 3 12 M
6 71 55 63 -7 2 0 0.00 0.0 0 M M M M M M 15 M
7 74 51 63 -8 2 0 T 0.0 0 M M M M M M 8 M
8 76 54 65 -6 0 0 0.00 0.0 0 M M M M M M 6 M
9 79 56 68 -3 0 3 0.00 0.0 0 M M M M M M 18 M
10 84 63 74 3 0 9 0.06 0.0 0 M M M M M M 3 28 M
11 72 56 64 -7 1 0 T 0.0 0 M M M M M M 11 M
12 66 54 60 -11 5 0 0.13 0.0 0 M M M M M M 1 16 M
13 80 58 69 -2 0 4 0.46 0.0 0 M M M M M M 13 23 M
14 83 61 72 1 0 7 0.12 0.0 0 M M M M M M 3 23 M
15 79 61 70 -1 0 5 0.00 0.0 0 M M M M M M 8 22 M
16 76 59 68 -3 0 3 0.00 0.0 0 M M M M M M 23 M
17 70 52 61 -10 4 0 0.00 0.0 0 M M M M M M 15 M
18 77 53 65 -6 0 0 0.00 0.0 0 M M M M M M M M
19 80 59 70 -1 0 5 T 0.0 0 M M M M M M 20 M
20 74 62 68 -3 0 3 0.05 0.0 0 M M M M M M 3 23 M
21 80 58 69 -2 0 4 0.09 0.0 0 M M M M M M 13 M
22 80 58 69 -2 0 4 0.57 0.0 0 M M M M M M 3 20 M
23 79 57 68 -3 0 3 0.00 0.0 0 M M M M M M 11 M
24 84 65 75 4 0 10 0.00 0.0 0 M M M M M M 9 M
25 87 67 77 6 0 12 0.00 0.0 0 M M M M M M 18 M
26 84 65 75 4 0 10 0.62 0.0 0 M M M M M M 13 40 M
27 90 64 77 6 0 12 0.22 0.0 0 M M M M M M 26 M
28 85 64 75 4 0 10 0.03 0.0 0 M M M M M M 3 28 M
29 85 63 74 3 0 9 0.00 0.0 0 M M M M M M 15 M
30 85 58 72 2 0 7 0.00 0.0 0 M M M M M M 11 M
31 79 58 69 -1 0 4 0.00 0.0 0 M M M M M M 10 M
================================================================================
SM 2470 1847 14 164 4.65 0.0 M M M
================================================================================
AV 79.7 59.6 M FASTST M M M MAX(MPH)
MISC ----> M M 40 9999
================================================================================
NOTES:
# LAST OF SEVERAL OCCURRENCES
COLUMN 17 PEAK WIND IN M.P.H.
PRELIMINARY LOCAL CLIMATOLOGICAL DATA (WS FORM: F-6) , PAGE 2
STATION: LA CROSSE WEATHER OFFICE WI
MONTH: JULY
YEAR: 2023
LATITUDE: 43 49 N
LONGITUDE: 91 12 W
[TEMPERATURE DATA] [PRECIPITATION DATA] SYMBOLS USED IN COLUMN 16
AVERAGE MONTHLY: 69.6 TOTAL FOR MONTH: 4.65 1 = FOG OR MIST
DPTR FM NORMAL: -1.1 DPTR FM NORMAL: 0.39 2 = FOG REDUCING VISIBILITY
HIGHEST: 90 ON 27 GRTST 24HR 1.34 ON 3- 3 TO 1/4 MILE OR LESS
LOWEST: 51 ON 7 3 = THUNDER
SNOW, ICE PELLETS, HAIL 4 = ICE PELLETS
TOTAL MONTH: 0.0 INCH 5 = HAIL
GRTST 24HR 0.0 6 = FREEZING RAIN OR DRIZZLE
GRTST DEPTH: 0 7 = DUSTSTORM OR SANDSTORM:
VSBY 1/2 MILE OR LESS
8 = SMOKE OR HAZE
[NO. OF DAYS WITH] [WEATHER - DAYS WITH] 9 = BLOWING SNOW
X = TORNADO
MAX 32 OR BELOW: 0 0.01 INCH OR MORE: 13
MAX 90 OR ABOVE: 1 0.10 INCH OR MORE: 9
MIN 32 OR BELOW: 0 0.50 INCH OR MORE: 4
MIN 0 OR BELOW: 0 1.00 INCH OR MORE: 1
[HDD (BASE 65) ]
TOTAL THIS MO. 14 CLEAR (SCALE 0-3) 0
DPTR FM NORMAL 1 PTCLDY (SCALE 4-7) 0
TOTAL FM JUL 1 14 CLOUDY (SCALE 8-10) 31
DPTR FM NORMAL 12
[CDD (BASE 65) ]
TOTAL THIS MO. 164
DPTR FM NORMAL -24 [PRESSURE DATA]
TOTAL FM JAN 1 390 HIGHEST SLP M ON M
DPTR FM NORMAL 59 LOWEST SLP M ON M
[REMARKS]
#FINAL-07-23#