000
CXUS55 KGJT 011000
CF6ASE
PRELIMINARY LOCAL CLIMATOLOGICAL DATA (WS FORM: F-6)
STATION: ASPEN CO
MONTH: JULY
YEAR: 2020
LATITUDE: 39 13 N
LONGITUDE: 106 52 W
TEMPERATURE IN F: :PCPN: SNOW: WIND :SUNSHINE: SKY :PK WND
================================================================================
1 2 3 4 5 6A 6B 7 8 9 10 11 12 13 14 15 16 17 18
12Z AVG MX 2MIN
DY MAX MIN AVG DEP HDD CDD WTR SNW DPTH SPD SPD DIR MIN PSBL S-S WX SPD DR
================================================================================
1 80 37 59 -3 6 0 0.00 M M 7.3 20 350 M M 0 27 360
2 84 44 64 2 1 0 0.00 M M 7.4 18 200 M M 1 25 360
3 83 46 65 3 0 0 T M M 6.2 20 210 M M 3 3 29 240
4 78 50 64 2 1 0 T M M 5.9 21 360 M M 2 3 29 110
5 84 45 65 2 0 0 0.00 M M 6.0 18 340 M M 1 33 340
6 85 47 66 3 0 1 T M M 5.8 31 150 M M 1 47 180
7 87 54 71 8 0 6 0.00 M M 9.3 24 190 M M 0 34 230
8 84 48 66 3 0 1 0.00 M M 7.5 21 190 M M 0 32 240
9 86 45 66 3 0 1 0.00 M M 8.4 22 230 M M 0 34 230
10 88 43 66 3 0 1 0.00 M M 8.3 17 310 M M 0 27 330
11 90 46 68 4 0 3 0.00 M M 7.4 14 350 M M 0 21 320
12 86 52 69 5 0 4 T M M 6.9 33 170 M M 2 3 49 180
13 87 54 71 7 0 6 0.01 M M 7.6 37 200 M M 4 3 53 200
14 81 53 67 3 0 2 0.04 M M 6.1 26 340 M M 3 3 43 340
15 84 47 66 2 0 1 T M M 7.3 24 180 M M 2 3 34 180
16 80 50 65 1 0 0 0.23 M M 6.7 20 120 M M 4 3 37 300
17 82 47 65 1 0 0 T M M 6.1 20 150 M M 2 28 150
18 83 48 66 2 0 1 0.00 M M 6.8 17 310 M M 1 30 310
19 85 51 68 4 0 3 0.00 M M 7.1 20 350 M M 3 3 32 340
20 85 45 65 1 0 0 0.00 M M 7.1 20 340 M M 1 3 29 300
21 87 47 67 3 0 2 0.00 M M 7.7 21 120 M M 1 30 330
22 79 51 65 1 0 0 0.12 M M 5.1 23 120 M M 2 3 36 120
23 78 44 61 -3 4 0 0.01 M M 5.3 22 260 M M 2 3 36 250
24 72 55 64 0 1 0 0.13 M M 5.9 16 120 M M 9 21 120
25 70 54 62 -2 3 0 0.05 M M 4.7 14 140 M M 9 23 140
26 83 51 67 3 0 2 T M M 8.1 23 130 M M 5 3 34 140
27 85 52 69 5 0 4 0.00 M M 6.0 16 140 M M 1 26 170
28 78 53 66 2 0 1 0.01 M M 5.3 28 330 M M 6 48 340
29 84 47 66 2 0 1 T M M 7.6 24 250 M M 2 3 38 260
30 82 45 64 0 1 0 0.00 M M 9.1 23 320 M M 0 31 340
31 84 46 65 1 0 0 T M M 8.3 18 330 M M 1 27 10
================================================================================
SM 2564 1497 17 40 0.60 M 214.3 M 68
================================================================================
AV 82.7 48.3 6.9 FASTST M M 2 MAX(MPH)
MISC ----> # 37 200 # 53 200
================================================================================
NOTES:
# LAST OF SEVERAL OCCURRENCES
COLUMN 17 PEAK WIND IN M.P.H.
PRELIMINARY LOCAL CLIMATOLOGICAL DATA (WS FORM: F-6) , PAGE 2
STATION: ASPEN CO
MONTH: JULY
YEAR: 2020
LATITUDE: 39 13 N
LONGITUDE: 106 52 W
[TEMPERATURE DATA] [PRECIPITATION DATA] SYMBOLS USED IN COLUMN 16
AVERAGE MONTHLY: 65.5 TOTAL FOR MONTH: 0.60 1 = FOG OR MIST
DPTR FM NORMAL: 2.0 DPTR FM NORMAL: -1.11 2 = FOG REDUCING VISIBILITY
HIGHEST: 90 ON 11 GRTST 24HR 0.23 ON 16-16 TO 1/4 MILE OR LESS
LOWEST: 37 ON 1 3 = THUNDER
SNOW, ICE PELLETS, HAIL 4 = ICE PELLETS
TOTAL MONTH: M 5 = HAIL
GRTST 24HR M ON M 6 = FREEZING RAIN OR DRIZZLE
GRTST DEPTH: M ON M 7 = DUSTSTORM OR SANDSTORM:
VSBY 1/2 MILE OR LESS
8 = SMOKE OR HAZE
[NO. OF DAYS WITH] [WEATHER - DAYS WITH] 9 = BLOWING SNOW
X = TORNADO
MAX 32 OR BELOW: 0 0.01 INCH OR MORE: 8
MAX 90 OR ABOVE: 1 0.10 INCH OR MORE: 3
MIN 32 OR BELOW: 0 0.50 INCH OR MORE: 0
MIN 0 OR BELOW: 0 1.00 INCH OR MORE: 0
[HDD (BASE 65) ]
TOTAL THIS MO. 17 CLEAR (SCALE 0-3) 25
DPTR FM NORMAL -54 PTCLDY (SCALE 4-7) 4
TOTAL FM JUL 1 17 CLOUDY (SCALE 8-10) 2
DPTR FM NORMAL -54
[CDD (BASE 65) ]
TOTAL THIS MO. 40
DPTR FM NORMAL 15 [PRESSURE DATA]
TOTAL FM JAN 1 43 HIGHEST SLP 30.21 ON 16
DPTR FM NORMAL 14 LOWEST SLP 29.68 ON 13
[REMARKS]
#FINAL-07-20#