000
CXUS56 KPQR 191201
CF6AST
PRELIMINARY LOCAL CLIMATOLOGICAL DATA (WS FORM: F-6)
STATION: ASTORIA OR
MONTH: APRIL
YEAR: 2024
LATITUDE: 46 9 N
LONGITUDE: 123 53 W
TEMPERATURE IN F: :PCPN: SNOW: WIND :SUNSHINE: SKY :PK WND
================================================================================
1 2 3 4 5 6A 6B 7 8 9 10 11 12 13 14 15 16 17 18
12Z AVG MX 2MIN
DY MAX MIN AVG DEP HDD CDD WTR SNW DPTH SPD SPD DIR MIN PSBL S-S WX SPD DR
================================================================================
1 58 42 50 3 15 0 0.00 M M 3.8 13 350 M M 7 1 19 360
2 56 44 50 3 15 0 0.46 M M 6.9 21 260 M M 9 128 31 260
3 52 40 46 -1 19 0 0.03 M M 5.6 13 30 M M 7 1 16 30
4 54 37 46 -1 19 0 T M M 7.4 18 300 M M 5 24 280
5 56 39 48 0 17 0 0.05 M M 7.6 18 260 M M 5 1 25 300
6 53 42 48 0 17 0 0.35 M M 5.1 15 280 M M 8 18 21 320
7 54 42 48 0 17 0 0.23 M M 6.0 16 260 M M 7 1 20 270
8 54 45 50 2 15 0 0.32 M M 11.4 25 200 M M 10 18 38 200
9 57 40 49 1 16 0 0.17 M M 7.3 15 320 M M 6 1 21 250
10 58 35 47 -1 18 0 0.00 M M 6.1 14 310 M M 2 12 23 290
11 55 42 49 1 16 0 0.30 M M 6.5 18 230 M M 6 1 26 220
12 62 47 55 7 10 0 0.05 M M 8.7 23 320 M M 3 1 31 330
13 64 44 54 6 11 0 0.00 M M 8.3 21 310 M M 0 27 320
14 54 43 49 1 16 0 0.00 M M 8.7 16 330 M M 9 24 300
15 54 46 50 2 15 0 0.01 M M 9.1 18 340 M M 9 1 27 300
16 54 39 47 -2 18 0 0.08 M M 8.2 23 330 M M 5 18 30 330
17 60 33 47 -2 18 0 0.00 M M 7.8 21 320 M M 0 1 27 300
18 67 34 51 2 14 0 0.00 M M 7.1 18 320 M M 0 24 60
================================================================================
SM 1022 734 286 0 2.05 M 131.6 M 98
================================================================================
AV 56.8 40.8 7.3 FASTST M M 5 MAX(MPH)
MISC ----> 25 200 38 200
================================================================================
NOTES:
# LAST OF SEVERAL OCCURRENCES
COLUMN 17 PEAK WIND IN M.P.H.
PRELIMINARY LOCAL CLIMATOLOGICAL DATA (WS FORM: F-6) , PAGE 2
STATION: ASTORIA OR
MONTH: APRIL
YEAR: 2024
LATITUDE: 46 9 N
LONGITUDE: 123 53 W
[TEMPERATURE DATA] [PRECIPITATION DATA] SYMBOLS USED IN COLUMN 16
AVERAGE MONTHLY: 48.8 TOTAL FOR MONTH: 2.05 1 = FOG OR MIST
DPTR FM NORMAL: 0.8 DPTR FM NORMAL: -1.73 2 = FOG REDUCING VISIBILITY
HIGHEST: 67 ON 18 GRTST 24HR 0.54 ON 6- 7 TO 1/4 MILE OR LESS
LOWEST: 33 ON 17 3 = THUNDER
SNOW, ICE PELLETS, HAIL 4 = ICE PELLETS
TOTAL MONTH: M 5 = HAIL
GRTST 24HR M ON M 6 = FREEZING RAIN OR DRIZZLE
GRTST DEPTH: M ON M 7 = DUSTSTORM OR SANDSTORM:
VSBY 1/2 MILE OR LESS
8 = SMOKE OR HAZE
[NO. OF DAYS WITH] [WEATHER - DAYS WITH] 9 = BLOWING SNOW
X = TORNADO
MAX 32 OR BELOW: 0 0.01 INCH OR MORE: 11
MAX 90 OR ABOVE: 0 0.10 INCH OR MORE: 6
MIN 32 OR BELOW: 0 0.50 INCH OR MORE: 0
MIN 0 OR BELOW: 0 1.00 INCH OR MORE: 0
[HDD (BASE 65) ]
TOTAL THIS MO. 286 CLEAR (SCALE 0-3) 5
DPTR FM NORMAL -21 PTCLDY (SCALE 4-7) 9
TOTAL FM JUL 1 3626 CLOUDY (SCALE 8-10) 4
DPTR FM NORMAL -558
[CDD (BASE 65) ]
TOTAL THIS MO. 0
DPTR FM NORMAL 0 [PRESSURE DATA]
TOTAL FM JAN 1 0 HIGHEST SLP M ON M
DPTR FM NORMAL 0 LOWEST SLP 29.74 ON 12
[REMARKS]