000
CXUS52 KFFC 011010
CF6ATL
PRELIMINARY LOCAL CLIMATOLOGICAL DATA (WS FORM: F-6)
STATION: ATLANTA
MONTH: JULY
YEAR: 2022
LATITUDE: 33 39 N
LONGITUDE: 84 26 W
TEMPERATURE IN F: :PCPN: SNOW: WIND :SUNSHINE: SKY :PK WND
================================================================================
1 2 3 4 5 6A 6B 7 8 9 10 11 12 13 14 15 16 17 18
12Z AVG MX 2MIN
DY MAX MIN AVG DEP HDD CDD WTR SNW DPTH SPD SPD DIR MIN PSBL S-S WX SPD DR
================================================================================
1 83 74 79 -1 0 14 0.01 0.0 M 4.5 14 40 M M 7 3 17 40
2 91 72 82 2 0 17 0.00 0.0 0 4.1 12 270 M M 4 18 18 220
3 92 73 83 3 0 18 0.59 0.0 M 6.0 24 260 M M 5 13 34 260
4 93 73 83 3 0 18 1.69 0.0 0 5.0 24 160 M M 7 138 35 150
5 93 73 83 3 0 18 0.15 0.0 M 3.7 12 270 M M 7 13 14 280
6 94 77 86 5 0 21 T 0.0 M 5.8 13 250 M M 7 1 19 270
7 94 76 85 4 0 20 T 0.0 M 7.0 20 80 M M 7 3 27 70
8 94 74 84 3 0 19 0.02 0.0 M 7.2 23 10 M M 7 38 32 10
9 88 74 81 0 0 16 0.04 0.0 0 7.0 23 260 M M 9 13 30 250
10 87 72 80 -1 0 15 0.17 0.0 M 7.7 20 80 M M 8 13 26 90
11 81 72 77 -4 0 12 T 0.0 M 9.6 16 80 M M 9 1 20 70
12 88 73 81 0 0 16 0.00 0.0 M 4.6 14 180 M M 8 20 170
13 91 74 83 2 0 18 0.25 0.0 M 6.4 26 250 M M 7 3 35 260
14 90 73 82 1 0 17 0.00 0.0 M 6.7 14 310 M M 8 21 330
15 91 71 81 0 0 16 0.00 0.0 M 4.6 13 200 M M 4 1 19 200
16 90 71 81 0 0 16 0.00 0.0 0 3.9 10 170 M M 5 14 180
17 90 73 82 1 0 17 0.00 0.0 0 5.5 14 170 M M 4 21 190
18 93 73 83 2 0 18 0.15 0.0 M 7.6 22 290 M M 5 3 28 210
19 87 69 78 -3 0 13 0.59 0.0 M 6.2 25 290 M M 8 13 36 280
20 92 74 83 2 0 18 T 0.0 M 7.6 15 200 M M 7 20 200
21 79 72 76 -5 0 11 0.11 0.0 M 6.7 17 50 M M 8 13 22 50
22 90 71 81 0 0 16 0.13 0.0 M 5.8 17 210 M M 8 13 24 220
23 91 71 81 0 0 16 T 0.0 M 3.5 33 70 M M 7 3 51 70
24 93 74 84 3 0 19 0.00 0.0 M 4.0 13 270 M M 5 17 270
25 91 74 83 2 0 18 0.00 0.0 0 6.6 13 210 M M 7 3 19 270
26 92 74 83 2 0 18 0.00 0.0 M 7.2 14 260 M M 6 21 260
27 93 74 84 3 0 19 0.00 0.0 M 7.4 15 260 M M 5 24 270
28 91 75 83 2 0 18 0.01 0.0 M 7.3 16 210 M M 5 23 210
29 94 75 85 4 0 20 0.23 0.0 M 6.6 26 320 M M 5 3 33 320
30 90 72 81 0 0 16 0.03 0.0 M 4.6 25 260 M M 8 3 39 270
31 92 71 82 1 0 17 0.00 0.0 0 8.1 17 250 M M 5 25 210
================================================================================
SM 2798 2264 0 525 4.17 0.0 188.5 M 202
================================================================================
AV 90.3 73.0 6.1 FASTST M M 7 MAX(MPH)
MISC ----> 33 70 51 70
================================================================================
NOTES:
# LAST OF SEVERAL OCCURRENCES
COLUMN 17 PEAK WIND IN M.P.H.
PRELIMINARY LOCAL CLIMATOLOGICAL DATA (WS FORM: F-6) , PAGE 2
STATION: ATLANTA
MONTH: JULY
YEAR: 2022
LATITUDE: 33 39 N
LONGITUDE: 84 26 W
[TEMPERATURE DATA] [PRECIPITATION DATA] SYMBOLS USED IN COLUMN 16
AVERAGE MONTHLY: 81.6 TOTAL FOR MONTH: 4.17 1 = FOG OR MIST
DPTR FM NORMAL: 0.7 DPTR FM NORMAL: -0.58 2 = FOG REDUCING VISIBILITY
HIGHEST: 94 ON 29, 8 GRTST 24HR 1.84 ON 4- 5 TO 1/4 MILE OR LESS
LOWEST: 69 ON 19 3 = THUNDER
SNOW, ICE PELLETS, HAIL 4 = ICE PELLETS
TOTAL MONTH: 0.0 INCH 5 = HAIL
GRTST 24HR 0.0 6 = FREEZING RAIN OR DRIZZLE
GRTST DEPTH: 0 7 = DUSTSTORM OR SANDSTORM:
VSBY 1/2 MILE OR LESS
8 = SMOKE OR HAZE
[NO. OF DAYS WITH] [WEATHER - DAYS WITH] 9 = BLOWING SNOW
X = TORNADO
MAX 32 OR BELOW: 0 0.01 INCH OR MORE: 15
MAX 90 OR ABOVE: 24 0.10 INCH OR MORE: 10
MIN 32 OR BELOW: 0 0.50 INCH OR MORE: 3
MIN 0 OR BELOW: 0 1.00 INCH OR MORE: 1
[HDD (BASE 65) ]
TOTAL THIS MO. 0 CLEAR (SCALE 0-3) 0
DPTR FM NORMAL 0 PTCLDY (SCALE 4-7) 28
TOTAL FM JUL 1 0 CLOUDY (SCALE 8-10) 3
DPTR FM NORMAL 0
[CDD (BASE 65) ]
TOTAL THIS MO. 525
DPTR FM NORMAL 31 [PRESSURE DATA]
TOTAL FM JAN 1 1385 HIGHEST SLP 30.22 ON 31
DPTR FM NORMAL 207 LOWEST SLP 29.86 ON 10
[REMARKS]
#FINAL-07-22#