000
CXUS52 KFFC 011731
CF6ATL
PRELIMINARY LOCAL CLIMATOLOGICAL DATA (WS FORM: F-6)
STATION: ATLANTA
MONTH: JANUARY
YEAR: 2024
LATITUDE: 33 39 N
LONGITUDE: 84 26 W
TEMPERATURE IN F: :PCPN: SNOW: WIND :SUNSHINE: SKY :PK WND
================================================================================
1 2 3 4 5 6A 6B 7 8 9 10 11 12 13 14 15 16 17 18
12Z AVG MX 2MIN
DY MAX MIN AVG DEP HDD CDD WTR SNW DPTH SPD SPD DIR MIN PSBL S-S WX SPD DR
================================================================================
1 50 34 42 -3 23 0 0.00 0.0 M 11.0 23 310 M M 4 30 320
2 54 30 42 -3 23 0 0.00 0.0 0 6.1 13 280 M M 2 17 320
3 47 31 39 -6 26 0 0.03 0.0 0 5.2 9 290 M M 8 12 310
4 53 34 44 -1 21 0 0.00 0.0 0 9.5 17 320 M M 1 23 320
5 53 32 43 -2 22 0 0.17 0.0 0 11.1 18 90 M M 6 1 26 80
6 51 39 45 0 20 0 0.70 0.0 0 9.4 24 80 M M 10 1 31 80
7 51 36 44 -1 21 0 T 0.0 0 10.5 23 310 M M 8 35 280
8 52 33 43 -2 22 0 0.44 0.0 0 12.5 22 120 M M 8 1 35 130
9 54 40 47 3 18 0 2.75 0.0 0 14.7 30 280 M M 9 13 45 280
10 51 37 44 0 21 0 0.00 0.0 M 10.8 29 270 M M 6 38 290
11 62 35 49 5 16 0 0.00 0.0 M 5.8 15 280 M M 3 21 300
12 56 42 49 5 16 0 0.22 0.0 0 9.1 22 110 M M 8 13 32 110
13 50 31 41 -3 24 0 0.00 0.0 0 11.3 23 280 M M 3 36 280
14 58 30 44 0 21 0 0.00 0.0 M 7.0 18 280 M M 5 27 300
15 61 42 52 8 13 0 0.00 0.0 0 4.7 13 310 M M 8 19 210
16 46 18 32 -12 33 0 0.40 T 0 15.7 28 310 M M 6 1 36 350
17 39 13 26 -18 39 0 0.00 0.0 0 8.4 18 310 M M 2 23 310
18 51 24 38 -6 27 0 0.00 0.0 0 5.8 15 190 M M 6 22 210
19 48 27 38 -7 27 0 0.02 0.0 0 16.5 31 310 M M 5 1 47 310
20 32 17 25 -20 40 0 0.00 0.0 M 15.6 21 340 M M 1 31 330
21 41 14 28 -17 37 0 0.00 0.0 M 4.6 14 340 M M 2 19 350
22 50 27 39 -6 26 0 0.00 0.0 M 9.2 14 70 M M 6 19 100
23 52 41 47 2 18 0 0.05 M M 10.1 15 90 M M 10 18 23 40
24 63 48 56 11 9 0 0.09 0.0 0 7.5 13 100 M M 10 12 19 120
25 72 61 67 22 0 2 1.10 0.0 0 7.8 25 290 M M 10 123 37 280
26 69 60 65 20 0 0 0.00 0.0 M 3.2 9 220 M M 9 1 12 230
27 66 57 62 17 3 0 0.46 0.0 0 8.0 24 160 M M 10 1 38 140
28 56 44 50 5 15 0 T 0.0 0 17.3 28 280 M M 9 36 300
29 54 39 47 2 18 0 0.00 0.0 M 14.2 23 320 M M 3 31 320
30 61 33 47 1 18 0 T 0.0 0 6.6 13 230 M M 3 22 230
31 56 40 48 2 17 0 T 0.0 0 11.9 20 360 M M 2 31 340
================================================================================
SM 1659 1089 634 2 6.43 T 301.1 M 183
================================================================================
AV 53.5 35.1 9.7 FASTST M M 6 MAX(MPH)
MISC ----> 31 310 47 310
================================================================================
NOTES:
# LAST OF SEVERAL OCCURRENCES
COLUMN 17 PEAK WIND IN M.P.H.
PRELIMINARY LOCAL CLIMATOLOGICAL DATA (WS FORM: F-6) , PAGE 2
STATION: ATLANTA
MONTH: JANUARY
YEAR: 2024
LATITUDE: 33 39 N
LONGITUDE: 84 26 W
[TEMPERATURE DATA] [PRECIPITATION DATA] SYMBOLS USED IN COLUMN 16
AVERAGE MONTHLY: 44.3 TOTAL FOR MONTH: 6.43 1 = FOG OR MIST
DPTR FM NORMAL: -0.5 DPTR FM NORMAL: 1.84 2 = FOG REDUCING VISIBILITY
HIGHEST: 72 ON 25 GRTST 24HR 3.57 ON 8- 9 TO 1/4 MILE OR LESS
LOWEST: 13 ON 17 3 = THUNDER
SNOW, ICE PELLETS, HAIL 4 = ICE PELLETS
TOTAL MONTH: T 5 = HAIL
GRTST 24HR T ON 16-16 6 = FREEZING RAIN OR DRIZZLE
GRTST DEPTH: 0 7 = DUSTSTORM OR SANDSTORM:
VSBY 1/2 MILE OR LESS
8 = SMOKE OR HAZE
[NO. OF DAYS WITH] [WEATHER - DAYS WITH] 9 = BLOWING SNOW
X = TORNADO
MAX 32 OR BELOW: 1 0.01 INCH OR MORE: 12
MAX 90 OR ABOVE: 0 0.10 INCH OR MORE: 8
MIN 32 OR BELOW: 12 0.50 INCH OR MORE: 3
MIN 0 OR BELOW: 0 1.00 INCH OR MORE: 2
[HDD (BASE 65) ]
TOTAL THIS MO. 634 CLEAR (SCALE 0-3) 9
DPTR FM NORMAL 7 PTCLDY (SCALE 4-7) 14
TOTAL FM JUL 1 1431 CLOUDY (SCALE 8-10) 8
DPTR FM NORMAL -181
[CDD (BASE 65) ]
TOTAL THIS MO. 2
DPTR FM NORMAL 1 [PRESSURE DATA]
TOTAL FM JAN 1 2 HIGHEST SLP 30.65 ON 21
DPTR FM NORMAL 1 LOWEST SLP 29.39 ON 9
[REMARKS]
#FINAL-01-24#