000
CXUS54 KMAF 011110
CF6ATS
PRELIMINARY LOCAL CLIMATOLOGICAL DATA (WS FORM: F-6)
STATION: ARTESIA
MONTH: JULY
YEAR: 2023
LATITUDE: 32 54 N
LONGITUDE: 104 30 W
TEMPERATURE IN F: :PCPN: SNOW: WIND :SUNSHINE: SKY :PK WND
================================================================================
1 2 3 4 5 6A 6B 7 8 9 10 11 12 13 14 15 16 17 18
12Z AVG MX 2MIN
DY MAX MIN AVG DEP HDD CDD WTR SNW DPTH SPD SPD DIR MIN PSBL S-S WX SPD DR
================================================================================
1 95 68 82 M 0 17 0.00 M M 9.2 23 120 M M 2 31 120
2 95 68 82 M 0 17 0.00 M M 7.8 29 10 M M 1 21 110
3 95 68 82 M 0 17 0.00 M M 11.1 32 270 M M 0 39 270
4 97 64 81 M 0 16 0.00 M M 9.8 16 130 M M 0 23 150
5 100 72 86 M 0 21 0.00 M M 12.2 18 210 M M 0 8 32 160
6 97 75 86 M 0 21 0.00 M M 17.3 23 160 M M 0 30 140
7 104 72 88 M 0 23 0.00 M M 14.9 28 140 M M 0 8 36 140
8 97 75 86 M 0 21 0.00 M M 13.8 23 280 M M 1 32 0
9 100 73 87 M 0 22 0.00 M M 9.3 21 360 M M 0 28 360
10 100 75 88 M 0 23 0.54 M M 8.3 15 20 M M 0 8 47 100
11 106 72 89 M 0 24 0.00 M M 8.8 28 270 M M 0 35 270
12 106 82 94 M 0 29 0.00 M M 12.2 26 280 M M 1 8 32 280
13 106 77 92 M 0 27 0.00 M M 10.1 25 250 M M 0 35 250
14 100 79 90 M 0 25 0.00 M M 5.2 15 240 M M 0 22 0
15 97 77 87 M 0 22 0.00 M M 8.0 18 340 M M 0 16 20
16 100 72 86 M 0 21 0.00 M M 11.9 16 90 M M 0 36 50
17 104 72 88 M 0 23 0.00 M M 11.6 20 160 M M 0 26 160
18 108 70 89 M 0 24 0.00 M M 11.9 20 170 M M 0 25 150
19 108 72 90 M 0 25 0.00 M M 10.3 15 150 M M 0 22 140
20 102 75 89 M 0 24 0.00 M M 7.3 14 130 M M 0 22 140
21 100 72 86 M 0 21 0.00 M M 9.3 16 100 M M 0 25 90
22 93 75 84 M 0 19 0.00 M M 7.9 21 360 M M 0 8 29 140
23 99 73 86 M 0 21 0.00 M M 6.6 14 350 M M 0 20 150
24 102 72 87 M 0 22 0.00 M M 9.1 17 130 M M 0 23 130
25 102 70 86 M 0 21 0.00 M M 13.0 25 150 M M 0 33 150
26 102 72 87 M 0 22 0.00 M M 13.7 21 150 M M 0 28 130
27 100 70 85 M 0 20 0.00 M M 10.9 21 170 M M 0 29 160
28 99 70 85 M 0 20 0.00 M M 10.6 18 160 M M 0 26 160
29 99 72 86 M 0 21 0.00 M M 9.0 15 140 M M 0 23 140
30 97 70 84 M 0 19 0.00 M M 7.9191 M M M 0 24 150
31 99 70 85 M 0 20 0.00 M M 7.7 21 160 M M 0 26 160
================================================================================
SM 3109 2244 0 668 0.54 M 316.4 M 5
================================================================================
AV100.3 72.4 10.2 FASTST M M 0 MAX(MPH)
MISC ----> 191 9999 47 100
================================================================================
NOTES:
# LAST OF SEVERAL OCCURRENCES
COLUMN 17 PEAK WIND IN M.P.H.
PRELIMINARY LOCAL CLIMATOLOGICAL DATA (WS FORM: F-6) , PAGE 2
STATION: ARTESIA
MONTH: JULY
YEAR: 2023
LATITUDE: 32 54 N
LONGITUDE: 104 30 W
[TEMPERATURE DATA] [PRECIPITATION DATA] SYMBOLS USED IN COLUMN 16
AVERAGE MONTHLY: 86.3 TOTAL FOR MONTH: 0.54 1 = FOG OR MIST
DPTR FM NORMAL: 0.0 DPTR FM NORMAL: M 2 = FOG REDUCING VISIBILITY
HIGHEST: 108 ON 19,18 GRTST 24HR 0.54 ON 10-10 TO 1/4 MILE OR LESS
LOWEST: 64 ON 4 3 = THUNDER
SNOW, ICE PELLETS, HAIL 4 = ICE PELLETS
TOTAL MONTH: M 5 = HAIL
GRTST 24HR M ON M 6 = FREEZING RAIN OR DRIZZLE
GRTST DEPTH: M ON M 7 = DUSTSTORM OR SANDSTORM:
VSBY 1/2 MILE OR LESS
8 = SMOKE OR HAZE
[NO. OF DAYS WITH] [WEATHER - DAYS WITH] 9 = BLOWING SNOW
X = TORNADO
MAX 32 OR BELOW: 0 0.01 INCH OR MORE: 1
MAX 90 OR ABOVE: 31 0.10 INCH OR MORE: 1
MIN 32 OR BELOW: 0 0.50 INCH OR MORE: 1
MIN 0 OR BELOW: 0 1.00 INCH OR MORE: 0
[HDD (BASE 65) ]
TOTAL THIS MO. 0 CLEAR (SCALE 0-3) 31
DPTR FM NORMAL M PTCLDY (SCALE 4-7) 0
TOTAL FM JUL 1 0 CLOUDY (SCALE 8-10) 0
DPTR FM NORMAL M
[CDD (BASE 65) ]
TOTAL THIS MO. 668
DPTR FM NORMAL M [PRESSURE DATA]
TOTAL FM JAN 1 1432 HIGHEST SLP M ON M
DPTR FM NORMAL M LOWEST SLP M ON M
[REMARKS]
#FINAL-07-23#