000
CXUS54 KMAF 011110
CF6ATS
PRELIMINARY LOCAL CLIMATOLOGICAL DATA (WS FORM: F-6)
STATION: ARTESIA
MONTH: APRIL
YEAR: 2023
LATITUDE: 32 54 N
LONGITUDE: 104 30 W
TEMPERATURE IN F: :PCPN: SNOW: WIND :SUNSHINE: SKY :PK WND
================================================================================
1 2 3 4 5 6A 6B 7 8 9 10 11 12 13 14 15 16 17 18
12Z AVG MX 2MIN
DY MAX MIN AVG DEP HDD CDD WTR SNW DPTH SPD SPD DIR MIN PSBL S-S WX SPD DR
================================================================================
1 77 36 57 M 8 0 0.00 M M 10.2 21 210 M M 0 26 130
2 84 45 65 M 0 0 0.00 M M 11.9 26 240 M M 0 37 240
3 84 46 65 M 0 0 0.00 M M 18.8 31 230 M M 0 44 220
4 75 43 59 M 6 0 0.00 M M 28.9 46 230 M M 0 8 61 240
5 63 28 46 M 19 0 0.00 M M 10.0 20 330 M M 0 26 330
6 66 39 53 M 12 0 0.00 M M 9.1 14 140 M M 0 23 140
7 64 34 49 M 16 0 0.00 M M 5.7 13 140 M M 0 16 110
8 75 36 56 M 9 0 0.00 M M 9.2 17 150 M M 0 24 140
9 81 45 63 M 2 0 0.00 M M 5.9 20 70 M M 1 38 70
10 79 52 66 M 0 1 0.00 M M 6.9 17 150 M M 1 20 130
11 86 48 67 M 0 2 0.00 M M 8.2 15 150 M M 0 23 150
12 88 50 69 M 0 4 0.00 M M 11.6 22 140 M M 0 31 140
13 86 54 70 M 0 5 0.00 M M 13.5 23 230 M M 0 31 220
14 79 52 66 M 0 1 0.00 M M 15.5 30 240 M M 0 37 250
15 81 46 64 M 1 0 0.00 M M 9.3 17 360 M M 0 23 360
16 70 39 55 M 10 0 0.00 M M 11.1 20 160 M M 0 25 180
17 84 43 64 M 1 0 0.00 M M 14.8 26 140 M M 0 36 160
18 88 48 68 M 0 3 0.00 M M 14.1 31 230 M M 0 41 230
19 86 52 69 M 0 4 0.00 M M 19.2 35 240 M M 0 46 240
20 73 50 62 M 3 0 0.00 M M 8.3 18 20 M M 0 26 350
21 75 43 59 M 6 0 0.00 M M 8.5 16 350 M M 0 21 340
22 73 45 59 M 6 0 0.00 M M 15.1 26 20 M M 0 36 20
23 59 37 48 M 17 0 0.00 M M 10.7 20 140 M M 5 23 130
24 70 46 58 M 7 0 0.00 M M 15.4 21 150 M M 4 26 160
25 84 45 65 M 0 0 0.08 M M 12.1 26 360 M M 0 37 360
26 75 48 62 M 3 0 0.00 M M 16.5 28 30 M M 0 37 20
27 84 39 62 M 3 0 0.00 M M 11.6 23 300 M M 0 31 300
28 66 43 55 M 10 0 0.00 M M 18.6 30 10 M M 3 39 10
29 77 37 57 M 8 0 0.00 M M 7.2 13 220 M M 0 17 110
30 95 48 72 M 0 7 0.00 M M 8.6 18 110 M M 0 26 M
================================================================================
SM 2327 1317 147 27 0.08 M 366.5 M 14
================================================================================
AV 77.6 43.9 12.2 FASTST M M 0 MAX(MPH)
MISC ----> 46 230 61 240
================================================================================
NOTES:
# LAST OF SEVERAL OCCURRENCES
COLUMN 17 PEAK WIND IN M.P.H.
PRELIMINARY LOCAL CLIMATOLOGICAL DATA (WS FORM: F-6) , PAGE 2
STATION: ARTESIA
MONTH: APRIL
YEAR: 2023
LATITUDE: 32 54 N
LONGITUDE: 104 30 W
[TEMPERATURE DATA] [PRECIPITATION DATA] SYMBOLS USED IN COLUMN 16
AVERAGE MONTHLY: 60.7 TOTAL FOR MONTH: 0.08 1 = FOG OR MIST
DPTR FM NORMAL: 0.0 DPTR FM NORMAL: M 2 = FOG REDUCING VISIBILITY
HIGHEST: 95 ON 30 GRTST 24HR 0.08 ON 25-25 TO 1/4 MILE OR LESS
LOWEST: 28 ON 5 3 = THUNDER
SNOW, ICE PELLETS, HAIL 4 = ICE PELLETS
TOTAL MONTH: M 5 = HAIL
GRTST 24HR M ON M 6 = FREEZING RAIN OR DRIZZLE
GRTST DEPTH: M ON M 7 = DUSTSTORM OR SANDSTORM:
VSBY 1/2 MILE OR LESS
8 = SMOKE OR HAZE
[NO. OF DAYS WITH] [WEATHER - DAYS WITH] 9 = BLOWING SNOW
X = TORNADO
MAX 32 OR BELOW: 0 0.01 INCH OR MORE: 1
MAX 90 OR ABOVE: 1 0.10 INCH OR MORE: 0
MIN 32 OR BELOW: 1 0.50 INCH OR MORE: 0
MIN 0 OR BELOW: 0 1.00 INCH OR MORE: 0
[HDD (BASE 65) ]
TOTAL THIS MO. 147 CLEAR (SCALE 0-3) 27
DPTR FM NORMAL M PTCLDY (SCALE 4-7) 3
TOTAL FM JUL 1 2843 CLOUDY (SCALE 8-10) 0
DPTR FM NORMAL M
[CDD (BASE 65) ]
TOTAL THIS MO. 27
DPTR FM NORMAL M [PRESSURE DATA]
TOTAL FM JAN 1 31 HIGHEST SLP M ON M
DPTR FM NORMAL M LOWEST SLP M ON M
[REMARKS]
#FINAL-04-23#