000
CXUS54 KMAF 011110
CF6ATS
PRELIMINARY LOCAL CLIMATOLOGICAL DATA (WS FORM: F-6)
STATION: ARTESIA
MONTH: JUNE
YEAR: 2020
LATITUDE: 32 54 N
LONGITUDE: 104 30 W
TEMPERATURE IN F: :PCPN: SNOW: WIND :SUNSHINE: SKY :PK WND
================================================================================
1 2 3 4 5 6A 6B 7 8 9 10 11 12 13 14 15 16 17 18
12Z AVG MX 2MIN
DY MAX MIN AVG DEP HDD CDD WTR SNW DPTH SPD SPD DIR MIN PSBL S-S WX SPD DR
================================================================================
1 88 61 75 M 0 10 0.00 M M 11.0 17 140 M M 0 26 150
2 93 63 78 M 0 13 0.10 M M 10.6 18 120 M M 1 25 120
3 95 66 81 M 0 16 0.00 M M 7.2 13 130 M M 0 23 180
4 100 54 77 M 0 12 0.00 M M 11.5 16 170 M M 0 25 170
5 102 73 88 M 0 23 0.00 M M 17.5 24 150 M M 0 33 150
6 99 72 86 M 0 21 0.00 M M 22.2 32 150 M M 0 43 150
7 100 70 85 M 0 20 0.00 M M 16.2 26 160 M M 0 36 160
8 99 64 82 M 0 17 0.00 M M 15.5 32 250 M M 0 40 250
9 88 57 73 M 0 8 0.00 M M 11.0 25 330 M M 0 35 330
10 90 55 73 M 0 8 0.00 M M 9.7 20 150 M M 0 25 150
11 95 63 79 M 0 14 0.26 M M 12.8 35 330 M M 1 3 41 330
12 93 64 79 M 0 14 0.00 M M 13.2 25 140 M M 0 29 160
13 95 64 80 M 0 15 0.00 M M 15.0 24 150 M M 0 35 140
14 93 66 80 M 0 15 0.00 M M 16.6 24 140 M M 0 32 140
15 93 61 77 M 0 12 0.00 M M 13.3 22 140 M M 0 29 150
16 93 55 74 M 0 9 0.00 M M 13.2 20 150 M M 0 26 150
17 100 68 84 M 0 19 0.00 M M 14.0 23 160 M M 0 30 160
18 100 64 82 M 0 17 0.00 M M 8.5 23 140 M M 0 23 140
19 100 66 83 M 0 18 0.00 M M 11.8 20 250 M M 0 44 250
20 93 66 80 M 0 15 0.00 M M 8.3 17 320 M M 0 21 170
21 102 63 83 M 0 18 0.00 M M 7.7 17 260 M M 0 18 120
22 100 70 85 M 0 20 0.00 M M 12.5 23 20 M M 0 29 20
23 95 66 81 M 0 16 0.12 M M 10.6 30 320 M M 3 3 39 320
24 90 63 77 M 0 12 0.00 M M 10.5 22 150 M M 0 26 160
25 97 64 81 M 0 16 0.00 M M 12.5 21 150 M M 0 26 150
26 99 66 83 M 0 18 0.00 M M 12.5 26 220 M M 0 33 220
27 97 68 83 M 0 18 0.00 M M 10.0 20 140 M M 0 31 0
28 99 70 85 M 0 20 0.00 M M 13.0 23 200 M M 0 30 250
29 99 79 89 M 0 24 0.00 M M 18.9 28 250 M M 0 36 250
30 99 70 85 M 0 20 0.00 M M 13.4 23 240 M M 0 30 230
================================================================================
SM 2886 1951 0 478 0.48 M 380.6 M 5
================================================================================
AV 96.2 65.0 12.7 FASTST M M 0 MAX(MPH)
MISC ----> 35 330 44 250
================================================================================
NOTES:
# LAST OF SEVERAL OCCURRENCES
COLUMN 17 PEAK WIND IN M.P.H.
PRELIMINARY LOCAL CLIMATOLOGICAL DATA (WS FORM: F-6) , PAGE 2
STATION: ARTESIA
MONTH: JUNE
YEAR: 2020
LATITUDE: 32 54 N
LONGITUDE: 104 30 W
[TEMPERATURE DATA] [PRECIPITATION DATA] SYMBOLS USED IN COLUMN 16
AVERAGE MONTHLY: 80.6 TOTAL FOR MONTH: 0.48 1 = FOG OR MIST
DPTR FM NORMAL: 0.0 DPTR FM NORMAL: M 2 = FOG REDUCING VISIBILITY
HIGHEST: 102 ON 21, 5 GRTST 24HR 0.26 ON 11-11 TO 1/4 MILE OR LESS
LOWEST: 54 ON 4 3 = THUNDER
SNOW, ICE PELLETS, HAIL 4 = ICE PELLETS
TOTAL MONTH: M 5 = HAIL
GRTST 24HR M ON M 6 = FREEZING RAIN OR DRIZZLE
GRTST DEPTH: M ON M 7 = DUSTSTORM OR SANDSTORM:
VSBY 1/2 MILE OR LESS
8 = SMOKE OR HAZE
[NO. OF DAYS WITH] [WEATHER - DAYS WITH] 9 = BLOWING SNOW
X = TORNADO
MAX 32 OR BELOW: 0 0.01 INCH OR MORE: 3
MAX 90 OR ABOVE: 28 0.10 INCH OR MORE: 3
MIN 32 OR BELOW: 0 0.50 INCH OR MORE: 0
MIN 0 OR BELOW: 0 1.00 INCH OR MORE: 0
[HDD (BASE 65) ]
TOTAL THIS MO. 0 CLEAR (SCALE 0-3) 30
DPTR FM NORMAL M PTCLDY (SCALE 4-7) 0
TOTAL FM JUL 1 2759 CLOUDY (SCALE 8-10) 0
DPTR FM NORMAL M
[CDD (BASE 65) ]
TOTAL THIS MO. 478
DPTR FM NORMAL M [PRESSURE DATA]
TOTAL FM JAN 1 855 HIGHEST SLP M ON M
DPTR FM NORMAL M LOWEST SLP M ON M
[REMARKS]
#FINAL-06-20#