000
CXUS51 KGYX 011000
CF6AUG
PRELIMINARY LOCAL CLIMATOLOGICAL DATA (WS FORM: F-6)
STATION: AUGUSTA
MONTH: JANUARY
YEAR: 2024
LATITUDE: 44 18 N
LONGITUDE: 69 48 W
TEMPERATURE IN F: :PCPN: SNOW: WIND :SUNSHINE: SKY :PK WND
================================================================================
1 2 3 4 5 6A 6B 7 8 9 10 11 12 13 14 15 16 17 18
12Z AVG MX 2MIN
DY MAX MIN AVG DEP HDD CDD WTR SNW DPTH SPD SPD DIR MIN PSBL S-S WX SPD DR
================================================================================
1 25 19 22 -1 43 0 0.00 M M 6.0 12 360 M M 10 15 340
2 36 16 26 4 39 0 0.00 M M 3.0 9 260 M M 0 14 280
3 35 21 28 6 37 0 0.00 M M 1.7 7 350 M M 7 10 200
4 39 17 28 6 37 0 T M M 5.8 23 330 M M 7 37 330
5 26 14 20 -2 45 0 0.00 M M 8.1 18 310 M M 1 32 290
6 29 19 24 2 41 0 T M M 8.2 17 20 M M 7 24 30
7 19 15 17 -4 48 0 0.11 M M 12.7 18 10 M M 10 128 27 360
8 32 16 24 3 41 0 0.00 M M 6.4 16 330 M M 2 26 310
9 34 14 24 3 41 0 0.22 M M 5.2 18 130 M M 5 1 30 130
10 51 33 42 21 23 0 1.77 M M 10.9 31 120 M M 8 12 51 120
11 42 33 38 17 27 0 0.00 M M 5.0 15 300 M M 5 24 310
12 38 27 33 13 32 0 0.00 M M 4.9 15 310 M M 2 23 310
13 49 27 38 18 27 0 0.90 M M 9.9 21 120 M M 9 12 36 120
14 37 24 31 11 34 0 0.02 M M 7.7 18 270 M M 4 12 30 180
15 31 18 25 5 40 0 0.00 M M 4.7 12 230 M M 0 20 230
16 26 18 22 2 43 0 0.17 M M 8.3 20 340 M M 8 128 26 350
17 26 13 20 0 45 0 T M M 7.9 16 300 M M 2 26 300
18 28 8 18 -2 47 0 0.00 M M 6.8 17 270 M M 0 26 270
19 23 9 16 -4 49 0 0.00 M M 5.0 12 330 M M 0 17 320
20 19 6 13 -7 52 0 T M M 9.1 16 350 M M 9 8 21 330
21 23 11 17 -3 48 0 0.00 M M 7.1 16 350 M M 2 24 310
22 37 11 24 4 41 0 0.00 M M 4.7 9 230 M M 5 15 230
23 36 24 30 10 35 0 0.00 M M 8.1 16 310 M M 5 24 300
24 26 18 22 2 43 0 0.26 M M 4.7 10 30 M M 9 168 14 50
25 40 26 33 13 32 0 0.15 M M 4.7 12 30 M M 7 16 15 30
26 35 31 33 13 32 0 0.32 M M 4.8 12 10 M M 10 12 14 360
27 34 31 33 13 32 0 T M M 4.1 12 10 M M 10 1 16 360
28 36 32 34 14 31 0 0.05 M M 3.6 16 30 M M 10 12 23 10
29 34 27 31 11 34 0 0.07 M M 12.9 22 350 M M 10 18 33 20
30 27 9 18 -2 47 0 0.00 M M 7.5 17 50 M M 3 24 40
31 29 7 18 -2 47 0 0.00 M M 2.9 7 200 M M 9 11 170
================================================================================
SM 1002 594 1213 0 4.04 M 202.4 M 176
================================================================================
AV 32.3 19.2 6.5 FASTST M M 6 MAX(MPH)
MISC ----> 31 120 51 120
================================================================================
NOTES:
# LAST OF SEVERAL OCCURRENCES
COLUMN 17 PEAK WIND IN M.P.H.
PRELIMINARY LOCAL CLIMATOLOGICAL DATA (WS FORM: F-6) , PAGE 2
STATION: AUGUSTA
MONTH: JANUARY
YEAR: 2024
LATITUDE: 44 18 N
LONGITUDE: 69 48 W
[TEMPERATURE DATA] [PRECIPITATION DATA] SYMBOLS USED IN COLUMN 16
AVERAGE MONTHLY: 25.7 TOTAL FOR MONTH: 4.04 1 = FOG OR MIST
DPTR FM NORMAL: 5.3 DPTR FM NORMAL: 1.42 2 = FOG REDUCING VISIBILITY
HIGHEST: 51 ON 10 GRTST 24HR 2.10 ON 9-10 TO 1/4 MILE OR LESS
LOWEST: 6 ON 20 3 = THUNDER
SNOW, ICE PELLETS, HAIL 4 = ICE PELLETS
TOTAL MONTH: M 5 = HAIL
GRTST 24HR M ON M 6 = FREEZING RAIN OR DRIZZLE
GRTST DEPTH: M ON M 7 = DUSTSTORM OR SANDSTORM:
VSBY 1/2 MILE OR LESS
8 = SMOKE OR HAZE
[NO. OF DAYS WITH] [WEATHER - DAYS WITH] 9 = BLOWING SNOW
X = TORNADO
MAX 32 OR BELOW: 15 0.01 INCH OR MORE: 11
MAX 90 OR ABOVE: 0 0.10 INCH OR MORE: 8
MIN 32 OR BELOW: 29 0.50 INCH OR MORE: 2
MIN 0 OR BELOW: 0 1.00 INCH OR MORE: 1
[HDD (BASE 65) ]
TOTAL THIS MO. 1213 CLEAR (SCALE 0-3) 10
DPTR FM NORMAL -168 PTCLDY (SCALE 4-7) 11
TOTAL FM JUL 1 3409 CLOUDY (SCALE 8-10) 10
DPTR FM NORMAL -635
[CDD (BASE 65) ]
TOTAL THIS MO. 0
DPTR FM NORMAL 0 [PRESSURE DATA]
TOTAL FM JAN 1 0 HIGHEST SLP 30.68 ON 24
DPTR FM NORMAL 0 LOWEST SLP 28.90 ON 10
[REMARKS]
#FINAL-01-24#