000
CXUS54 KEWX 051820
CF6AUS
PRELIMINARY LOCAL CLIMATOLOGICAL DATA (WS FORM: F-6)
STATION: AUSTIN BERGSTROM
MONTH: JULY
YEAR: 2022
LATITUDE: 30 13 N
LONGITUDE: 97 40 W
TEMPERATURE IN F: :PCPN: SNOW: WIND :SUNSHINE: SKY :PK WND
================================================================================
1 2 3 4 5 6A 6B 7 8 9 10 11 12 13 14 15 16 17 18
12Z AVG MX 2MIN
DY MAX MIN AVG DEP HDD CDD WTR SNW DPTH SPD SPD DIR MIN PSBL S-S WX SPD DR
================================================================================
1 95 71 83 -1 0 18 0.00 0.0 0 5.6 15 100 M M 4 20 140
2 99 77 88 4 0 23 0.00 0.0 0 9.5 23 180 M M 4 1 30 170
3 99 76 88 4 0 23 0.00 0.0 0 10.6 20 170 M M 5 28 170
4 99 74 87 3 0 22 0.00 0.0 0 10.8 20 190 M M 5 27 180
5 99 77 88 4 0 23 0.00 0.0 0 11.6 20 160 M M 3 30 170
6 101 75 88 4 0 23 0.00 0.0 0 10.6 21 170 M M 3 29 260
7 101 73 87 3 0 22 0.00 0.0 0 9.3 20 180 M M 3 27 210
8 101 76 89 5 0 24 0.00 0.0 0 9.0 17 180 M M 2 22 180
9 104 75 90 6 0 25 0.00 0.0 0 7.2 17 190 M M 2 22 90
10 106 73 90 6 0 25 0.00 0.0 0 4.1 18 170 M M 4 3 25 170
11 106 75 91 7 0 26 0.00 0.0 0 6.4 15 130 M M 3 22 140
12 106 75 91 7 0 26 0.00 0.0 0 6.9 17 160 M M 3 25 130
13 104 75 90 6 0 25 0.00 0.0 0 6.8 20 170 M M 3 28 160
14 101 73 87 3 0 22 0.01 0.0 0 6.3 31 60 M M 3 3 42 50
15 97 69 83 -1 0 18 0.00 0.0 0 6.8 24 150 M M 3 31 170
16 99 73 86 2 0 21 0.00 0.0 0 9.0 18 170 M M 4 26 180
17 102 72 87 2 0 22 0.00 0.0 0 9.5 20 180 M M 5 30 140
18 103 73 88 3 0 23 0.00 0.0 0 10.7 21 180 M M 2 31 170
19 103 75 89 4 0 24 0.00 0.0 0 12.2 22 180 M M 1 30 170
20 104 74 89 4 0 24 0.00 0.0 0 11.2 21 150 M M 3 29 180
21 103 75 89 4 0 24 0.00 0.0 0 10.4 21 140 M M 5 28 140
22 101 74 88 3 0 23 0.00 0.0 0 9.2 21 170 M M 5 30 170
23 100 74 87 2 0 22 0.00 0.0 0 10.5 23 150 M M 4 33 140
24 102 75 89 4 0 24 0.00 0.0 0 11.1 21 180 M M 5 31 170
25 102 72 87 2 0 22 0.00 0.0 0 10.1 21 160 M M 2 31 170
26 101 71 86 1 0 21 0.00 0.0 0 10.1 21 170 M M 3 30 190
27 102 73 88 3 0 23 0.00 0.0 0 9.6 25 160 M M 4 34 150
28 101 76 89 3 0 24 0.00 0.0 0 9.5 22 130 M M 5 28 120
29 101 75 88 2 0 23 0.00 0.0 0 10.6 25 140 M M 4 33 130
30 102 72 87 1 0 22 0.00 0.0 0 9.8 22 160 M M 3 32 170
31 101 76 89 3 0 24 0.00 0.0 0 10.8 22 140 M M 5 29 150
================================================================================
SM 3145 2294 0 711 0.01 0.0 285.8 M 110
================================================================================
AV101.5 74.0 9.2 FASTST M M 4 MAX(MPH)
MISC ----> 31 60 42 50
================================================================================
NOTES:
# LAST OF SEVERAL OCCURRENCES
COLUMN 17 PEAK WIND IN M.P.H.
PRELIMINARY LOCAL CLIMATOLOGICAL DATA (WS FORM: F-6) , PAGE 2
STATION: AUSTIN BERGSTROM
MONTH: JULY
YEAR: 2022
LATITUDE: 30 13 N
LONGITUDE: 97 40 W
[TEMPERATURE DATA] [PRECIPITATION DATA] SYMBOLS USED IN COLUMN 16
AVERAGE MONTHLY: 87.7 TOTAL FOR MONTH: 0.01 1 = FOG OR MIST
DPTR FM NORMAL: 3.2 DPTR FM NORMAL: -2.15 2 = FOG REDUCING VISIBILITY
HIGHEST: 106 ON 10,12 GRTST 24HR 0.01 ON 14-14 TO 1/4 MILE OR LESS
LOWEST: 69 ON 15 3 = THUNDER
SNOW, ICE PELLETS, HAIL 4 = ICE PELLETS
TOTAL MONTH: 0.0 INCH 5 = HAIL
GRTST 24HR 0.0 6 = FREEZING RAIN OR DRIZZLE
GRTST DEPTH: 0 7 = DUSTSTORM OR SANDSTORM:
VSBY 1/2 MILE OR LESS
8 = SMOKE OR HAZE
[NO. OF DAYS WITH] [WEATHER - DAYS WITH] 9 = BLOWING SNOW
X = TORNADO
MAX 32 OR BELOW: 0 0.01 INCH OR MORE: 1
MAX 90 OR ABOVE: 31 0.10 INCH OR MORE: 0
MIN 32 OR BELOW: 0 0.50 INCH OR MORE: 0
MIN 0 OR BELOW: 0 1.00 INCH OR MORE: 0
[HDD (BASE 65) ]
TOTAL THIS MO. 0 CLEAR (SCALE 0-3) 11
DPTR FM NORMAL 0 PTCLDY (SCALE 4-7) 20
TOTAL FM JUL 1 0 CLOUDY (SCALE 8-10) 0
DPTR FM NORMAL 0
[CDD (BASE 65) ]
TOTAL THIS MO. 711
DPTR FM NORMAL 105 [PRESSURE DATA]
TOTAL FM JAN 1 2057 HIGHEST SLP 30.08 ON 31
DPTR FM NORMAL 355 LOWEST SLP 29.68 ON 11
[REMARKS]
#FINAL-07-22#