000
CXUS51 KBGM 012213 AAA
CF6AVP
PRELIMINARY LOCAL CLIMATOLOGICAL DATA (WS FORM: F-6)
STATION: AVOCA PA
MONTH: AUGUST
YEAR: 2022
LATITUDE: 41 19 N
LONGITUDE: 75 44 W
TEMPERATURE IN F: :PCPN: SNOW: WIND :SUNSHINE: SKY :PK WND
================================================================================
1 2 3 4 5 6A 6B 7 8 9 10 11 12 13 14 15 16 17 18
12Z AVG MX 2MIN
DY MAX MIN AVG DEP HDD CDD WTR SNW DPTH SPD SPD DIR MIN PSBL S-S WX SPD DR
================================================================================
1 82 66 74 1 0 9 0.17 0.0 M 3.4 13 260 M M 7 1 18 250
2 88 67 78 5 0 13 T 0.0 M 5.7 15 50 M M 4 20 230
3 90 61 76 3 0 11 0.00 0.0 M 4.5 15 260 M M 0 22 270
4 98 68 83 10 0 18 T 0.0 M 4.7 25 340 M M 1 38 34 320
5 94 70 82 9 0 17 0.02 0.0 M 2.8 14 130 M M 1 38 24 130
6 91 69 80 7 0 15 T 0.0 M 4.2 13 220 M M 1 18 200
7 91 72 82 9 0 17 0.73 0.0 M 5.0 24 240 M M 5 138 35 250
8 94 71 83 10 0 18 0.04 0.0 M 6.2 22 260 M M 4 1 29 250
9 89 69 79 6 0 14 0.32 0.0 M 7.2 17 320 M M 7 1 24 290
10 84 64 74 1 0 9 0.00 0.0 M 4.0 9 310 M M 5 16 300
11 88 62 75 3 0 10 0.00 0.0 M 5.3 16 10 M M 3 24 30
12 82 57 70 -2 0 5 0.00 0.0 M 6.6 18 360 M M 0 29 10
13 82 50 66 -6 0 1 0.00 0.0 M 5.0 15 330 M M 0 21 350
14 86 56 71 -1 0 6 0.00 0.0 M 4.9 13 240 M M 2 19 200
15 83 60 72 0 0 7 0.00 0.0 M 4.6 14 290 M M 3 16 260
16 85 61 73 1 0 8 0.00 0.0 M 4.4 15 50 M M 2 21 60
17 81 60 71 -1 0 6 T 0.0 M 4.2 17 50 M M 6 20 50
18 83 55 69 -3 0 4 0.01 0.0 M 2.6 14 260 M M 4 13 18 360
19 91 58 75 3 0 10 0.00 0.0 M 4.3 16 260 M M 1 22 260
20 92 68 80 9 0 15 T 0.0 M 5.2 16 240 M M 3 21 250
21 84 67 76 5 0 11 0.01 0.0 M 3.0 10 220 M M 4 17 220
22 78 68 73 2 0 8 0.59 0.0 M 2.7 9 50 M M 8 13 13 120
23 82 65 74 3 0 9 0.17 0.0 M 3.2 14 320 M M 7 12 16 310
24 86 61 74 3 0 9 0.00 0.0 M 3.3 12 250 M M 3 12 17 260
25 89 60 75 4 0 10 0.00 0.0 M 2.8 9 280 M M 1 13 270
26 88 67 78 8 0 13 T 0.0 M 5.8 18 240 M M 4 3 26 270
27 85 65 75 5 0 10 0.00 0.0 M 5.5 13 300 M M 3 17 300
28 88 63 76 6 0 11 0.00 0.0 M 5.7 12 160 M M 3 21 150
29 90 72 81 11 0 16 0.00 0.0 M 5.7 13 210 M M 4 25 210
30 88 66 77 7 0 12 1.42 0.0 M 5.2 23 260 M M 6 138 30 260
31 80 61 71 2 0 6 0.00 0.0 M 6.6 17 340 M M 5 23 290
================================================================================
SM 2692 1979 0 328 3.48 0.0 144.3 M 107
================================================================================
AV 86.8 63.8 4.7 FASTST M M 3 MAX(MPH)
MISC ----> 25 340 35 250
================================================================================
NOTES:
# LAST OF SEVERAL OCCURRENCES
COLUMN 17 PEAK WIND IN M.P.H.
PRELIMINARY LOCAL CLIMATOLOGICAL DATA (WS FORM: F-6) , PAGE 2
STATION: AVOCA PA
MONTH: AUGUST
YEAR: 2022
LATITUDE: 41 19 N
LONGITUDE: 75 44 W
[TEMPERATURE DATA] [PRECIPITATION DATA] SYMBOLS USED IN COLUMN 16
AVERAGE MONTHLY: 75.3 TOTAL FOR MONTH: 3.48 1 = FOG OR MIST
DPTR FM NORMAL: 3.5 DPTR FM NORMAL: -0.37 2 = FOG REDUCING VISIBILITY
HIGHEST: 98 ON 4 GRTST 24HR 1.42 ON 30-30 TO 1/4 MILE OR LESS
LOWEST: 50 ON 13 3 = THUNDER
SNOW, ICE PELLETS, HAIL 4 = ICE PELLETS
TOTAL MONTH: 0.0 INCH 5 = HAIL
GRTST 24HR 0.0 6 = FREEZING RAIN OR DRIZZLE
GRTST DEPTH: M ON M 7 = DUSTSTORM OR SANDSTORM:
VSBY 1/2 MILE OR LESS
8 = SMOKE OR HAZE
[NO. OF DAYS WITH] [WEATHER - DAYS WITH] 9 = BLOWING SNOW
X = TORNADO
MAX 32 OR BELOW: 0 0.01 INCH OR MORE: 10
MAX 90 OR ABOVE: 9 0.10 INCH OR MORE: 6
MIN 32 OR BELOW: 0 0.50 INCH OR MORE: 3
MIN 0 OR BELOW: 0 1.00 INCH OR MORE: 1
[HDD (BASE 65) ]
TOTAL THIS MO. 0 CLEAR (SCALE 0-3) 16
DPTR FM NORMAL -8 PTCLDY (SCALE 4-7) 15
TOTAL FM JUL 1 0 CLOUDY (SCALE 8-10) 0
DPTR FM NORMAL -6
[CDD (BASE 65) ]
TOTAL THIS MO. 328
DPTR FM NORMAL 111 [PRESSURE DATA]
TOTAL FM JAN 1 876 HIGHEST SLP 30.22 ON 6
DPTR FM NORMAL 177 LOWEST SLP 29.75 ON 30
[REMARKS]
#FINAL-08-22#
2ND WARMEST AUGUST