000
CXUS51 KBGM 011652 CCA
CLMAVP
CLIMATE REPORT...CORRECTED
NATIONAL WEATHER SERVICE BINGHAMTON,NY
1252 PM EDT MON APR 01 2024
...................................
...THE AVOCA PA CLIMATE SUMMARY FOR THE MONTH OF MARCH 2024...
CLIMATE NORMAL PERIOD 1991 TO 2020
CLIMATE RECORD PERIOD 1901 TO 2024
WEATHER OBSERVED NORMAL DEPART LAST YEAR`S
VALUE DATE(S) VALUE FROM VALUE DATE(S)
NORMAL
................................................................
TEMPERATURE (F)
RECORD
HIGH 85 03/31/1998
LOW -4 03/19/1967
HIGHEST 73 03/14 46 27 63 03/22
03/27
LOWEST 20 03/01 28 -8 20 03/12
AVG. MAXIMUM 52.8 47.6 5.2 47.8
AVG. MINIMUM 35.2 28.9 6.3 31.0
MEAN 44.0 38.3 5.7 39.4
DAYS MAX >= 90 0 0.0 0.0 0
DAYS MAX <= 32 0 3.1 -3.1 0
DAYS MIN <= 32 13 21.0 -8.0 20
DAYS MIN <= 0 0 0.1 -0.1 0
PRECIPITATION (INCHES)
RECORD
MAXIMUM 7.02 1912
MINIMUM 0.49 1981
TOTALS 4.85 2.77 2.08 2.25
DAILY AVG. 0.16 0.09 0.07 0.07
DAYS >= .01 13 11.8 1.2 15
DAYS >= .10 7 7.0 0.0 8
DAYS >= .50 4 1.6 2.4 1
DAYS >= 1.00 2 0.4 1.6 0
GREATEST
24 HR. TOTAL 1.40 03/23 TO 03/23
SNOWFALL (INCHES)
RECORDS
TOTAL 32.0 1993
24 HR TOTAL 22.1 03/14/2017 TO 03/14/2017
TOTALS 0.7 10.1 -9.4 6.0
SINCE 7/1 21.0 44.3 -23.3 21.3
DAYS >= TRACE 5 4.8 0.2 12
DAYS >= 1.0 0 2.4 -2.4 2
GREATEST
24 HR TOTAL 0.5 03/19 TO 03/19
DEGREE DAYS
HEATING TOTAL 641 830 -189 786
SINCE 7/1 4401 5080 -679 4276
COOLING TOTAL 0 0 0 0
SINCE 1/1 0 0 0 0
................................................................
WIND (MPH)
AVERAGE WIND SPEED 7.1
RESULTANT WIND SPEED/DIRECTION 3/310
HIGHEST WIND SPEED/DIRECTION 35/330 DATE 03/11
HIGHEST GUST SPEED/DIRECTION 56/270 DATE 03/10
SKY COVER
POSSIBLE SUNSHINE (PERCENT) MM
AVERAGE SKY COVER 0.60
NUMBER OF DAYS FAIR 8
NUMBER OF DAYS PC 9
NUMBER OF DAYS CLOUDY 14
AVERAGE RH (PERCENT) 62
WEATHER CONDITIONS. NUMBER OF DAYS WITH
THUNDERSTORM 1 MIXED PRECIP 0
HEAVY RAIN 3 RAIN 6
LIGHT RAIN 13 FREEZING RAIN 0
LT FREEZING RAIN 0 HAIL 0
HEAVY SNOW 0 SNOW 2
LIGHT SNOW 5 SLEET 0
FOG 16 FOG W/VIS <= 1/4 MILE 2
HAZE 10
- INDICATES NEGATIVE NUMBERS.
R INDICATES RECORD WAS SET OR TIED.
MM INDICATES DATA IS MISSING.
T INDICATES TRACE AMOUNT.
&&
MISSING 2023 NUMBERS REPLACED WITH ACTUAL
9TH WARMEST MARCH RECORD 48.8F IN 2012
10TH MOST MARCH PRECIPITATION
$$
TAC