000
CXUS53 KGRR 010910
CF6AZO
PRELIMINARY LOCAL CLIMATOLOGICAL DATA (WS FORM: F-6)
STATION: KALAMAZOO
MONTH: JULY
YEAR: 2022
LATITUDE: 42 13 N
LONGITUDE: 85 33 W
TEMPERATURE IN F: :PCPN: SNOW: WIND :SUNSHINE: SKY :PK WND
================================================================================
1 2 3 4 5 6A 6B 7 8 9 10 11 12 13 14 15 16 17 18
12Z AVG MX 2MIN
DY MAX MIN AVG DEP HDD CDD WTR SNW DPTH SPD SPD DIR MIN PSBL S-S WX SPD DR
================================================================================
1 83 62 73 1 0 8 0.03 M M 6.8 14 310 M M 2 3 20 210
2 86 57 72 0 0 7 0.00 M M 5.4 16 310 M M 0 21 290
3 90 63 77 5 0 12 0.00 M M 3.4 14 320 M M 3 18 340
4 92 59 76 4 0 11 T M M 6.1 16 180 M M 2 3 23 180
5 90 70 80 8 0 15 2.12 M M 7.8 21 340 M M 9 138 25 10
6 84 69 77 5 0 12 0.30 M M 4.4 13 50 M M 7 1 19 60
7 85 63 74 2 0 9 0.00 M M 2.4 9 180 M M 2 13 190
8 85 66 76 3 0 11 0.53 M M 3.9 14 40 M M 4 1 23 20
9 82 58 70 -3 0 5 0.00 M M 6.0 14 60 M M 0 22 50
10 83 52 68 -5 0 3 0.00 M M 3.2 9 330 M M 0 14 150
11 85 64 75 2 0 10 T M M 9.4 22 300 M M 3 31 300
12 80 64 72 -1 0 7 0.00 M M 9.4 20 290 M M 2 28 280
13 83 60 72 -1 0 7 0.00 M M 6.9 17 260 M M 4 26 260
14 84 61 73 0 0 8 0.00 M M 2.2 8 50 M M 4 12 60
15 78 62 70 -3 0 5 0.22 M M 5.2 17 180 M M 6 1 22 190
16 82 66 74 1 0 9 0.00 M M 2.3 9 190 M M 6 12 15 180
17 79 69 74 1 0 9 0.11 M M 2.3 8 330 M M 8 18 14 70
18 87 66 77 4 0 12 0.00 M M 6.2 14 290 M M 1 12 19 320
19 89 65 77 4 0 12 0.00 M M 7.2 15 250 M M 1 22 250
20 91 71 81 8 0 16 T M M 12.9 26 270 M M 3 37 270
21 89 70 80 7 0 15 0.21 M M 8.9 18 270 M M 3 3 29 290
22 89 66 78 5 0 13 0.00 M M 6.4 15 310 M M 1 1 23 320
23 88 70 79 6 0 14 0.11 M M 9.9 35 350 M M 2 3 49 180
24 85 70 78 5 0 13 0.42 M M 9.7 24 240 M M 6 13 37 250
25 78 57 68 -5 0 3 0.00 M M 6.8 17 290 M M 1 24 300
26 80 55 68 -4 0 3 0.00 M M 1.7 10 200 M M 1 15 200
27 84 64 74 2 0 9 0.00 M M 5.2 13 240 M M 5 1 19 230
28 81 63 72 0 0 7 0.01 M M 8.3 17 310 M M 3 1 27 280
29 81 60 71 -1 0 6 0.00 M M 6.1 18 290 M M 1 27 290
30 84 56 70 -2 0 5 0.00 M M 2.9 10 290 M M 2 17 190
31 86 60 73 1 0 8 0.00 M M 6.1 17 200 M M 2 25 190
================================================================================
SM 2623 1958 0 284 4.06 M 185.4 M 94
================================================================================
AV 84.6 63.2 6.0 FASTST M M 3 MAX(MPH)
MISC ----> 35 350 49 180
================================================================================
NOTES:
# LAST OF SEVERAL OCCURRENCES
COLUMN 17 PEAK WIND IN M.P.H.
PRELIMINARY LOCAL CLIMATOLOGICAL DATA (WS FORM: F-6) , PAGE 2
STATION: KALAMAZOO
MONTH: JULY
YEAR: 2022
LATITUDE: 42 13 N
LONGITUDE: 85 33 W
[TEMPERATURE DATA] [PRECIPITATION DATA] SYMBOLS USED IN COLUMN 16
AVERAGE MONTHLY: 73.9 TOTAL FOR MONTH: 4.06 1 = FOG OR MIST
DPTR FM NORMAL: 1.3 DPTR FM NORMAL: 0.70 2 = FOG REDUCING VISIBILITY
HIGHEST: 92 ON 4 GRTST 24HR 2.12 ON 5- 5 TO 1/4 MILE OR LESS
LOWEST: 52 ON 10 3 = THUNDER
SNOW, ICE PELLETS, HAIL 4 = ICE PELLETS
TOTAL MONTH: M 5 = HAIL
GRTST 24HR M ON M 6 = FREEZING RAIN OR DRIZZLE
GRTST DEPTH: M ON M 7 = DUSTSTORM OR SANDSTORM:
VSBY 1/2 MILE OR LESS
8 = SMOKE OR HAZE
[NO. OF DAYS WITH] [WEATHER - DAYS WITH] 9 = BLOWING SNOW
X = TORNADO
MAX 32 OR BELOW: 0 0.01 INCH OR MORE: 10
MAX 90 OR ABOVE: 4 0.10 INCH OR MORE: 8
MIN 32 OR BELOW: 0 0.50 INCH OR MORE: 2
MIN 0 OR BELOW: 0 1.00 INCH OR MORE: 1
[HDD (BASE 65) ]
TOTAL THIS MO. 0 CLEAR (SCALE 0-3) 20
DPTR FM NORMAL -6 PTCLDY (SCALE 4-7) 10
TOTAL FM JUL 1 0 CLOUDY (SCALE 8-10) 1
DPTR FM NORMAL 0
[CDD (BASE 65) ]
TOTAL THIS MO. 284
DPTR FM NORMAL 44 [PRESSURE DATA]
TOTAL FM JAN 1 588 HIGHEST SLP 30.21 ON 30
DPTR FM NORMAL 146 LOWEST SLP 29.54 ON 20
[REMARKS]
#FINAL-07-22#