000
CXUS53 KGRR 010910
CF6AZO
PRELIMINARY LOCAL CLIMATOLOGICAL DATA (WS FORM: F-6)
STATION: KALAMAZOO
MONTH: AUGUST
YEAR: 2021
LATITUDE: 42 13 N
LONGITUDE: 85 33 W
TEMPERATURE IN F: :PCPN: SNOW: WIND :SUNSHINE: SKY :PK WND
================================================================================
1 2 3 4 5 6A 6B 7 8 9 10 11 12 13 14 15 16 17 18
12Z AVG MX 2MIN
DY MAX MIN AVG DEP HDD CDD WTR SNW DPTH SPD SPD DIR MIN PSBL S-S WX SPD DR
================================================================================
1 76 59 68 -4 0 3 0.02 M M 7.8 20 330 M M 3 18 27 330
2 78 52 65 -7 0 0 0.00 M M 2.9 14 330 M M 2 12 20 330
3 81 53 67 -5 0 2 0.00 M M 1.5 9 330 M M 2 1 12 320
4 84 56 70 -2 0 5 0.00 M M 1.4 10 320 M M 2 18 13 320
5 84 59 72 0 0 7 0.00 M M 4.1 13 200 M M 1 18 21 260
6 82 64 73 1 0 8 0.36 M M 7.2 20 180 M M 4 138 26 170
7 86 67 77 5 0 12 0.03 M M 4.6 17 200 M M 4 13 24 190
8 88 71 80 8 0 15 0.00 M M 9.6 18 190 M M 1 18 25 190
9 82 74 78 6 0 13 0.02 M M 10.9 18 190 M M 5 38 27 190
10 91 71 81 9 0 16 0.15 M M 9.0 35 280 M M 5 13 50 270
11 85 69 77 5 0 12 0.20 M M 8.5 31 220 M M 4 13 48 220
12 86 72 79 8 0 14 0.29 M M 8.7 21 240 M M 4 13 32 240
13 82 63 73 2 0 8 0.00 M M 6.2 15 300 M M 2 20 300
14 80 58 69 -2 0 4 0.00 M M 2.2 9 80 M M 0 15 80
15 81 54 68 -3 0 3 0.00 M M 1.9 8 90 M M 1 14 90
16 80 55 68 -3 0 3 0.00 M M 2.0 10 40 M M 1 1 16 60
17 85 62 74 3 0 9 0.00 M M 1.9 8 180 M M 3 128 12 150
18 88 68 78 7 0 13 0.00 M M 1.0 8 90 M M 1 18 14 90
19 88 64 76 5 0 11 T M M 1.2 9 360 M M 3 18 13 350
20 90 66 78 8 0 13 0.00 M M 2.3 9 130 M M 1 18 14 130
21 90 68 79 9 0 14 0.00 M M 4.6 14 190 M M 1 18 18 180
22 90 68 79 9 0 14 0.15 M M 4.4 16 290 M M 3 128 28 270
23 88 64 76 6 0 11 0.00 M M 4.4 13 310 M M 1 1 19 310
24 94 69 82 12 0 17 1.85 M M 4.7 28 360 M M 4 13 40 360
25 90 68 79 9 0 14 0.00 M M 5.2 16 190 M M 2 22 190
26 88 72 80 11 0 15 0.00 M M 4.8 16 270 M M 2 8 25 290
27 88 71 80 11 0 15 0.00 M M 4.9 12 190 M M 3 17 180
28 91 73 82 13 0 17 0.00 M M 7.4 16 200 M M 1 18 20 210
29 91 74 83 14 0 18 0.17 M M 8.5 25 300 M M 1 38 35 320
30 85 63 74 5 0 9 T M M 4.3 13 320 M M 1 19 310
31 83 58 71 3 0 6 0.00 M M 3.5 10 50 M M 1 1 20 60
================================================================================
SM 2655 2005 0 321 3.24 M 151.6 M 69
================================================================================
AV 85.6 64.7 4.9 FASTST M M 2 MAX(MPH)
MISC ----> 35 280 50 270
================================================================================
NOTES:
# LAST OF SEVERAL OCCURRENCES
COLUMN 17 PEAK WIND IN M.P.H.
PRELIMINARY LOCAL CLIMATOLOGICAL DATA (WS FORM: F-6) , PAGE 2
STATION: KALAMAZOO
MONTH: AUGUST
YEAR: 2021
LATITUDE: 42 13 N
LONGITUDE: 85 33 W
[TEMPERATURE DATA] [PRECIPITATION DATA] SYMBOLS USED IN COLUMN 16
AVERAGE MONTHLY: 75.2 TOTAL FOR MONTH: 3.24 1 = FOG OR MIST
DPTR FM NORMAL: 4.4 DPTR FM NORMAL: -0.42 2 = FOG REDUCING VISIBILITY
HIGHEST: 94 ON 24 GRTST 24HR 1.85 ON 24-24 TO 1/4 MILE OR LESS
LOWEST: 52 ON 2 3 = THUNDER
SNOW, ICE PELLETS, HAIL 4 = ICE PELLETS
TOTAL MONTH: M 5 = HAIL
GRTST 24HR M ON M 6 = FREEZING RAIN OR DRIZZLE
GRTST DEPTH: M ON M 7 = DUSTSTORM OR SANDSTORM:
VSBY 1/2 MILE OR LESS
8 = SMOKE OR HAZE
[NO. OF DAYS WITH] [WEATHER - DAYS WITH] 9 = BLOWING SNOW
X = TORNADO
MAX 32 OR BELOW: 0 0.01 INCH OR MORE: 10
MAX 90 OR ABOVE: 8 0.10 INCH OR MORE: 7
MIN 32 OR BELOW: 0 0.50 INCH OR MORE: 1
MIN 0 OR BELOW: 0 1.00 INCH OR MORE: 1
[HDD (BASE 65) ]
TOTAL THIS MO. 0 CLEAR (SCALE 0-3) 22
DPTR FM NORMAL -12 PTCLDY (SCALE 4-7) 9
TOTAL FM JUL 1 0 CLOUDY (SCALE 8-10) 0
DPTR FM NORMAL -12
[CDD (BASE 65) ]
TOTAL THIS MO. 321
DPTR FM NORMAL 131 [PRESSURE DATA]
TOTAL FM JAN 1 917 HIGHEST SLP 30.30 ON 15
DPTR FM NORMAL 285 LOWEST SLP 29.74 ON 11
[REMARKS]
#FINAL-08-21#