000
CXUS51 KBOX 010910
CF6BDL
PRELIMINARY LOCAL CLIMATOLOGICAL DATA (WS FORM: F-6)
STATION: HARTFORD CT
MONTH: JANUARY
YEAR: 2023
LATITUDE: 41 55 N
LONGITUDE: 72 41 W
TEMPERATURE IN F: :PCPN: SNOW: WIND :SUNSHINE: SKY :PK WND
================================================================================
1 2 3 4 5 6A 6B 7 8 9 10 11 12 13 14 15 16 17 18
12Z AVG MX 2MIN
DY MAX MIN AVG DEP HDD CDD WTR SNW DPTH SPD SPD DIR MIN PSBL S-S WX SPD DR
================================================================================
1 51 33 42 13 23 0 0.03 0.0 0 6.8 22 300 M M 7 128 27 320
2 47 28 38 10 27 0 0.00 0.0 0 2.0 8 190 M M 4 9 190
3 40 29 35 7 30 0 0.42 0.0 0 2.2 8 20 M M 10 1 9 30
4 47 39 43 15 22 0 0.26 0.0 0 4.5 12 10 M M 10 18 14 10
5 46 39 43 15 22 0 0.03 0.0 0 8.4 14 20 M M 10 1 17 20
6 39 32 36 8 29 0 0.38 T 0 3.5 9 10 M M 10 12 11 10
7 44 30 37 9 28 0 0.00 0.0 0 6.1 20 330 M M 7 12 26 330
8 40 23 32 4 33 0 0.00 0.0 0 5.3 15 320 M M 2 20 310
9 40 24 32 5 33 0 T T 0 5.2 20 320 M M 6 24 320
10 43 29 36 9 29 0 0.00 0.0 0 9.1 23 310 M M 9 29 290
11 35 22 29 2 36 0 0.00 0.0 0 5.0 12 20 M M 8 15 360
12 38 30 34 7 31 0 0.70 0.7 0 4.7 8 330 M M 10 14 10 340
13 56 37 47 20 18 0 0.33 0.0 0 10.7 22 180 M M 10 1 30 180
14 37 28 33 6 32 0 T 0.1 0 12.5 23 10 M M 10 18 31 10
15 40 29 35 8 30 0 T 0.3 0 17.7 26 10 M M 8 37 10
16 39 27 33 6 32 0 0.02 0.2 0 9.3 23 10 M M 8 1 30 10
17 47 26 37 10 28 0 T 0.0 0 5.0 9 200 M M 6 8 11 210
18 52 35 44 18 21 0 0.00 0.0 0 8.8 28 290 M M 7 34 300
19 42 31 37 11 28 0 1.09 0.0 0 5.3 14 20 M M 8 1 17 340
20 39 35 37 11 28 0 0.04 0.0 0 5.6 20 30 M M 10 1 25 40
21 38 32 35 9 30 0 0.00 0.0 0 7.8 17 350 M M 10 24 360
22 39 32 36 10 29 0 0.28 T 0 5.3 13 10 M M 10 14 16 10
23 36 32 34 8 31 0 0.83 0.8 0 11.7 24 320 M M 9 14 32 310
24 42 32 37 11 28 0 0.00 0.0 1 9.4 23 300 M M 7 30 300
25 36 30 33 7 32 0 0.62 0.2 0 4.3 10 120 M M 9 1 15 110
26 47 35 41 15 24 0 0.78 0.0 0 10.8 29 250 M M 9 1 36 250
27 43 24 34 7 31 0 0.00 0.0 0 4.6 15 300 M M 5 17 330
28 51 29 40 13 25 0 0.00 0.0 0 7.3 18 230 M M 6 24 250
29 51 29 40 13 25 0 T 0.0 0 5.4 21 210 M M 8 26 220
30 51 30 41 14 24 0 T 0.0 0 3.0 13 340 M M 7 17 330
31 39 24 32 5 33 0 T T 0 8.6 18 310 M M 6 25 310
================================================================================
SM 1335 935 872 0 5.81 2.3 215.9 M 246
================================================================================
AV 43.1 30.2 7.0 FASTST M M 8 MAX(MPH)
MISC ----> 29 250 37 10
================================================================================
NOTES:
# LAST OF SEVERAL OCCURRENCES
COLUMN 17 PEAK WIND IN M.P.H.
PRELIMINARY LOCAL CLIMATOLOGICAL DATA (WS FORM: F-6) , PAGE 2
STATION: HARTFORD CT
MONTH: JANUARY
YEAR: 2023
LATITUDE: 41 55 N
LONGITUDE: 72 41 W
[TEMPERATURE DATA] [PRECIPITATION DATA] SYMBOLS USED IN COLUMN 16
AVERAGE MONTHLY: 36.6 TOTAL FOR MONTH: 5.81 1 = FOG OR MIST
DPTR FM NORMAL: 9.5 DPTR FM NORMAL: 2.53 2 = FOG REDUCING VISIBILITY
HIGHEST: 56 ON 13 GRTST 24HR 1.45 ON 19-20 TO 1/4 MILE OR LESS
LOWEST: 22 ON 11 3 = THUNDER
SNOW, ICE PELLETS, HAIL 4 = ICE PELLETS
TOTAL MONTH: 2.3 INCHES 5 = HAIL
GRTST 24HR 0.8 ON 23-23 6 = FREEZING RAIN OR DRIZZLE
GRTST DEPTH: 1 ON 24 7 = DUSTSTORM OR SANDSTORM:
VSBY 1/2 MILE OR LESS
8 = SMOKE OR HAZE
[NO. OF DAYS WITH] [WEATHER - DAYS WITH] 9 = BLOWING SNOW
X = TORNADO
MAX 32 OR BELOW: 0 0.01 INCH OR MORE: 14
MAX 90 OR ABOVE: 0 0.10 INCH OR MORE: 10
MIN 32 OR BELOW: 24 0.50 INCH OR MORE: 5
MIN 0 OR BELOW: 0 1.00 INCH OR MORE: 1
[HDD (BASE 65) ]
TOTAL THIS MO. 872 CLEAR (SCALE 0-3) 1
DPTR FM NORMAL -304 PTCLDY (SCALE 4-7) 14
TOTAL FM JUL 1 2795 CLOUDY (SCALE 8-10) 16
DPTR FM NORMAL -548
[CDD (BASE 65) ]
TOTAL THIS MO. 0
DPTR FM NORMAL 0 [PRESSURE DATA]
TOTAL FM JAN 1 0 HIGHEST SLP 30.33 ON 25
DPTR FM NORMAL 0 LOWEST SLP 29.36 ON 26
[REMARKS]
#FINAL-01-23#