064
CXUS51 KBOX 010910
CF6BDL
PRELIMINARY LOCAL CLIMATOLOGICAL DATA (WS FORM: F-6)
STATION: HARTFORD CT
MONTH: JANUARY
YEAR: 2021
LATITUDE: 41 55 N
LONGITUDE: 72 41 W
TEMPERATURE IN F: :PCPN: SNOW: WIND :SUNSHINE: SKY :PK WND
================================================================================
1 2 3 4 5 6A 6B 7 8 9 10 11 12 13 14 15 16 17 18
12Z AVG MX 2MIN
DY MAX MIN AVG DEP HDD CDD WTR SNW DPTH SPD SPD DIR MIN PSBL S-S WX SPD DR
================================================================================
1 36 22 29 2 36 0 0.18 T 0 3.9 12 360 M M 7 146 14 10
2 48 29 39 12 26 0 0.21 0.0 0 7.6 28 300 M M 7 16 37 300
3 33 24 29 2 36 0 0.12 1.7 0 6.9 12 360 M M 9 1 15 350
4 40 27 34 8 31 0 0.01 0.4 2 6.0 12 30 M M 6 1 19 70
5 41 30 36 10 29 0 0.00 0.0 0 5.3 13 20 M M 9 17 20
6 38 32 35 9 30 0 0.00 0.0 0 10.3 20 320 M M 8 24 310
7 41 28 35 9 30 0 0.00 0.0 0 9.4 17 330 M M 5 22 10
8 42 20 31 5 34 0 0.00 0.0 0 5.5 13 300 M M 2 16 300
9 36 21 29 3 36 0 0.00 0.0 0 8.7 18 10 M M 4 24 10
10 42 22 32 6 33 0 0.00 0.0 0 4.7 10 360 M M 4 14 360
11 31 16 24 -2 41 0 0.00 0.0 0 1.1 8 190 M M 8 9 200
12 39 16 28 2 37 0 T T 0 3.3 10 310 M M 7 14 290
13 38 23 31 5 34 0 0.00 0.0 0 4.5 14 230 M M 8 15 230
14 38 30 34 8 31 0 0.04 0.1 0 2.5 8 160 M M 10 1 9 160
15 41 29 35 9 30 0 T T 0 5.4 18 70 M M 10 148 22 50
16 45 33 39 13 26 0 1.62 T 0 10.5 28 30 M M 9 14 32 30
17 43 32 38 12 27 0 0.00 0.0 0 14.0 28 240 M M 6 33 240
18 45 29 37 11 28 0 T 0.0 0 9.6 21 300 M M 6 27 260
19 42 23 33 7 32 0 0.00 0.0 0 5.8 21 270 M M 4 25 280
20 40 20 30 4 35 0 T T 0 9.8 26 320 M M 7 33 320
21 35 17 26 0 39 0 T T 0 6.0 16 220 M M 7 20 190
22 45 21 33 7 32 0 T T 0 7.8 20 290 M M 7 23 290
23 33 16 25 -1 40 0 T T 0 16.6 32 310 M M 4 39 310
24 28 14 21 -5 44 0 0.00 0.0 0 14.3 25 300 M M 2 32 310
25 37 14 26 0 39 0 0.00 0.0 0 6.1 13 320 M M 4 17 320
26 30 23 27 1 38 0 0.20 1.8 0 4.7 10 360 M M 9 12 13 10
27 34 27 31 5 34 0 0.05 1.0 3 6.9 13 320 M M 10 1 15 310
28 31 14 23 -4 42 0 0.00 0.0 2 13.1 25 310 M M 5 33 310
29 18 6 12 -15 53 0 T T 2 14.3 28 310 M M 2 37 290
30 24 1 13 -14 52 0 0.00 0.0 2 7.0 18 330 M M 0 23 330
31 21 1 11 -16 54 0 T T 2 4.9 13 20 M M 7 15 20
================================================================================
SM 1135 660 1109 0 2.43 5.0 236.5 M 193
================================================================================
AV 36.6 21.3 7.6 FASTST M M 6 MAX(MPH)
MISC ----> 32 310 39 310
================================================================================
NOTES:
# LAST OF SEVERAL OCCURRENCES
COLUMN 17 PEAK WIND IN M.P.H.
PRELIMINARY LOCAL CLIMATOLOGICAL DATA (WS FORM: F-6) , PAGE 2
STATION: HARTFORD CT
MONTH: JANUARY
YEAR: 2021
LATITUDE: 41 55 N
LONGITUDE: 72 41 W
[TEMPERATURE DATA] [PRECIPITATION DATA] SYMBOLS USED IN COLUMN 16
AVERAGE MONTHLY: 29.0 TOTAL FOR MONTH: 2.43 1 = FOG OR MIST
DPTR FM NORMAL: 2.9 DPTR FM NORMAL: -0.80 2 = FOG REDUCING VISIBILITY
HIGHEST: 48 ON 2 GRTST 24HR 1.62 ON 16-16 TO 1/4 MILE OR LESS
LOWEST: 1 ON 31,30 3 = THUNDER
SNOW, ICE PELLETS, HAIL 4 = ICE PELLETS
TOTAL MONTH: 5.0 INCHES 5 = HAIL
GRTST 24HR 1.8 ON 26-26 6 = FREEZING RAIN OR DRIZZLE
GRTST DEPTH: 3 ON 27 7 = DUSTSTORM OR SANDSTORM:
VSBY 1/2 MILE OR LESS
8 = SMOKE OR HAZE
[NO. OF DAYS WITH] [WEATHER - DAYS WITH] 9 = BLOWING SNOW
X = TORNADO
MAX 32 OR BELOW: 7 0.01 INCH OR MORE: 8
MAX 90 OR ABOVE: 0 0.10 INCH OR MORE: 5
MIN 32 OR BELOW: 30 0.50 INCH OR MORE: 1
MIN 0 OR BELOW: 0 1.00 INCH OR MORE: 1
[HDD (BASE 65) ]
TOTAL THIS MO. 1109 CLEAR (SCALE 0-3) 4
DPTR FM NORMAL -97 PTCLDY (SCALE 4-7) 20
TOTAL FM JUL 1 3066 CLOUDY (SCALE 8-10) 7
DPTR FM NORMAL -381
[CDD (BASE 65) ]
TOTAL THIS MO. 0
DPTR FM NORMAL 0 [PRESSURE DATA]
TOTAL FM JAN 1 0 HIGHEST SLP 30.54 ON 1
DPTR FM NORMAL 0 LOWEST SLP 29.29 ON 16
[REMARKS]
#FINAL-01-21#