000
CXUS51 KBOX 010909
CLMBDL
CLIMATE REPORT
NATIONAL WEATHER SERVICE BOSTON/NORTON MA
409 AM EST FRI DEC 01 2023
...................................
...THE HARTFORD CT CLIMATE SUMMARY FOR THE MONTH OF NOVEMBER 2023...
CLIMATE NORMAL PERIOD 1991 TO 2020
CLIMATE RECORD PERIOD 1904 TO 2023
WEATHER OBSERVED NORMAL DEPART LAST YEAR`S
VALUE DATE(S) VALUE FROM VALUE
NORMAL
..............................................................
TEMPERATURE (F)
RECORD
HIGH 83 11/02/1950
LOW 1 11/24/1989
HIGHEST 67 11/07 78
LOWEST 21 11/13 21
11/21
11/26
AVG. MAXIMUM 50.2 51.5 -1.3
AVG. MINIMUM 30.3 33.0 -2.7
MEAN 40.3 42.3 -2.0
DAYS MAX >= 90 0 0.0 0.0
DAYS MAX <= 32 0 0.4 -0.4
DAYS MIN <= 32 18 15.4 2.6
DAYS MIN <= 0 0 0.0 0.0
PRECIPITATION (INCHES)
RECORD
MAXIMUM 8.53 1972
MINIMUM 0.40 2012
TOTALS 1.83 3.51 -1.68
DAILY AVG. 0.06 0.12 -0.06
DAYS >= .01 9 9.9 -0.9
DAYS >= .10 5 6.0 -1.0
DAYS >= .50 1 2.6 -1.6
DAYS >= 1.00 0 1.0 -1.0
GREATEST
24 HR. TOTAL 1.08 11/21 TO 11/22
SNOWFALL (INCHES)
RECORDS
MAXIMUM 15.6 1938
MINIMUM 0.0 MULTI-YEARS
SNOW DEPTH 16 11/30/1938
TOTALS T 1.4 -1.4
LIQUID EQUIV T
SINCE 7/1 T 2.1 -2.1
SNOWDEPTH AVG. 0
DAYS >= TRACE 2 0.9 1.1
DAYS >= 1.0 0 0.4 -0.4
GREATEST
SNOW DEPTH 0
24 HR TOTAL T 11/01 TO 11/01
11/28 TO 11/28
DEGREE DAYS
HEATING TOTAL 733 683 50
SINCE 7/1 1054 1165 -111
COOLING TOTAL 0 0 0
SINCE 1/1 931 819 112
..............................................................
WIND (MPH)
AVERAGE WIND SPEED 6.7
RESULTANT WIND SPEED/DIRECTION 3/290
HIGHEST WIND SPEED/DIRECTION 28/290 DATE 11/28
HIGHEST GUST SPEED/DIRECTION 37/280 DATE 11/28
SKY COVER
POSSIBLE SUNSHINE (PERCENT) MM
AVERAGE SKY COVER 0.53
NUMBER OF DAYS FAIR 7
NUMBER OF DAYS PC 19
NUMBER OF DAYS CLOUDY 4
AVERAGE RH (PERCENT) 65
WEATHER CONDITIONS. NUMBER OF DAYS WITH
THUNDERSTORM 0 MIXED PRECIP 0
HEAVY RAIN 2 RAIN 3
LIGHT RAIN 10 FREEZING RAIN 0
LT FREEZING RAIN 0 HAIL 0
HEAVY SNOW 0 SNOW 0
LIGHT SNOW 2 SLEET 0
FOG 10 FOG W/VIS <= 1/4 MILE 2
HAZE 1
- INDICATES NEGATIVE NUMBERS.
R INDICATES RECORD WAS SET OR TIED.
MM INDICATES DATA IS MISSING.
T INDICATES TRACE AMOUNT.
$$