000
CXUS51 KOKX 230910
CF6BDR
PRELIMINARY LOCAL CLIMATOLOGICAL DATA (WS FORM: F-6)
STATION: BRIDGEPORT CT
MONTH: APRIL
YEAR: 2024
LATITUDE: 41 10 N
LONGITUDE: 73 8 W
TEMPERATURE IN F: :PCPN: SNOW: WIND :SUNSHINE: SKY :PK WND
================================================================================
1 2 3 4 5 6A 6B 7 8 9 10 11 12 13 14 15 16 17 18
12Z AVG MX 2MIN
DY MAX MIN AVG DEP HDD CDD WTR SNW DPTH SPD SPD DIR MIN PSBL S-S WX SPD DR
================================================================================
1 51 40 46 1 19 0 T 0.0 0 4.6 12 110 M M 6 15 120
2 49 39 44 -1 21 0 0.48 0.0 0 11.9 22 80 M M 8 1 28 90
3 44 41 43 -2 22 0 1.03 0.0 0 25.4 41 80 M M 10 13 57 60
4 48 37 43 -3 22 0 0.16 0.0 0 11.8 30 60 M M 8 1 41 50
5 51 36 44 -2 21 0 T 0.0 0 11.4 22 300 M M 8 33 290
6 53 41 47 1 18 0 0.00 0.0 0 13.0 26 350 M M 8 38 320
7 57 38 48 1 17 0 0.00 0.0 0 7.9 17 360 M M 4 25 310
8 59 36 48 1 17 0 0.00 0.0 0 6.4 14 220 M M 1 19 220
9 71 43 57 9 8 0 0.00 0.0 0 4.9 13 70 M M 1 18 180
10 54 46 50 2 15 0 0.00 0.0 0 12.3 18 70 M M 4 24 60
11 58 47 53 5 12 0 0.30 0.0 0 11.8 21 150 M M 10 12 30 160
12 62 52 57 8 8 0 0.35 0.0 0 15.2 31 190 M M 8 128 46 170
13 54 48 51 2 14 0 0.03 0.0 0 14.9 30 270 M M 7 43 270
14 63 45 54 4 11 0 T 0.0 0 9.2 29 180 M M 2 8 40 170
15 79 48 64 14 1 0 0.00 0.0 0 7.8 18 360 M M 3 29 360
16 71 44 58 8 7 0 0.00 0.0 0 6.4 20 340 M M 1 27 310
17 54 46 50 -1 15 0 0.15 0.0 0 11.8 20 80 M M 5 1 25 90
18 48 44 46 -5 19 0 0.21 0.0 0 15.3 29 80 M M 10 18 38 60
19 52 46 49 -2 16 0 0.00 0.0 0 9.2 18 80 M M 7 23 100
20 63 46 55 3 10 0 0.06 0.0 0 8.8 24 350 M M 7 1 36 350
21 52 37 45 -7 20 0 0.00 0.0 0 7.5 18 220 M M 1 28 210
22 57 38 48 -4 17 0 0.00 0.0 0 7.7 16 210 M M 0 30 300
================================================================================
SM 1250 938 330 0 2.77 0.0 235.2 M 119
================================================================================
AV 56.8 42.6 10.7 FASTST M M 5 MAX(MPH)
MISC ----> 41 80 57 60
================================================================================
NOTES:
# LAST OF SEVERAL OCCURRENCES
COLUMN 17 PEAK WIND IN M.P.H.
PRELIMINARY LOCAL CLIMATOLOGICAL DATA (WS FORM: F-6) , PAGE 2
STATION: BRIDGEPORT CT
MONTH: APRIL
YEAR: 2024
LATITUDE: 41 10 N
LONGITUDE: 73 8 W
[TEMPERATURE DATA] [PRECIPITATION DATA] SYMBOLS USED IN COLUMN 16
AVERAGE MONTHLY: 49.7 TOTAL FOR MONTH: 2.77 1 = FOG OR MIST
DPTR FM NORMAL: 1.2 DPTR FM NORMAL: -0.29 2 = FOG REDUCING VISIBILITY
HIGHEST: 79 ON 15 GRTST 24HR 1.14 ON 3- 4 TO 1/4 MILE OR LESS
LOWEST: 36 ON 8, 5 3 = THUNDER
SNOW, ICE PELLETS, HAIL 4 = ICE PELLETS
TOTAL MONTH: 0.0 INCH 5 = HAIL
GRTST 24HR 0.0 6 = FREEZING RAIN OR DRIZZLE
GRTST DEPTH: 0 7 = DUSTSTORM OR SANDSTORM:
VSBY 1/2 MILE OR LESS
8 = SMOKE OR HAZE
[NO. OF DAYS WITH] [WEATHER - DAYS WITH] 9 = BLOWING SNOW
X = TORNADO
MAX 32 OR BELOW: 0 0.01 INCH OR MORE: 9
MAX 90 OR ABOVE: 0 0.10 INCH OR MORE: 7
MIN 32 OR BELOW: 0 0.50 INCH OR MORE: 1
MIN 0 OR BELOW: 0 1.00 INCH OR MORE: 1
[HDD (BASE 65) ]
TOTAL THIS MO. 330 CLEAR (SCALE 0-3) 7
DPTR FM NORMAL -32 PTCLDY (SCALE 4-7) 9
TOTAL FM JUL 1 4321 CLOUDY (SCALE 8-10) 6
DPTR FM NORMAL -522
[CDD (BASE 65) ]
TOTAL THIS MO. 0
DPTR FM NORMAL 0 [PRESSURE DATA]
TOTAL FM JAN 1 0 HIGHEST SLP M ON M
DPTR FM NORMAL 0 LOWEST SLP 29.22 ON 4
[REMARKS]