000
CXUS55 KCYS 111748
CF6BFF
PRELIMINARY LOCAL CLIMATOLOGICAL DATA (WS FORM: F-6) ...CORRECTED...
STATION: SCOTTSBLUFF NE AIRPORT
MONTH: AUGUST
YEAR: 2020
LATITUDE: 41 52 N
LONGITUDE: 103 36 W
TEMPERATURE IN F: :PCPN: SNOW: WIND :SUNSHINE: SKY :PK WND
================================================================================
1 2 3 4 5 6A 6B 7 8 9 10 11 12 13 14 15 16 17 18
12Z AVG MX 2MIN
DY MAX MIN AVG DEP HDD CDD WTR SNW DPTH SPD SPD DIR MIN PSBL S-S WX SPD DR
================================================================================
1 90 57 74 0 0 9 0.00 0.0 0 6.2 15 90 M M 1 20 90
2 84 59 72 -2 0 7 0.00 0.0 0 10.9 17 100 M M 3 25 150
3 92 58 75 1 0 10 0.00 0.0 0 13.6 26 130 M M 0 38 120
4 91 58 75 1 0 10 0.00 0.0 0 7.4 22 220 M M 0 3 29 250
5 93 57 75 1 0 10 T 0.0 0 8.6 21 120 M M 0 3 27 110
6 95 59 77 3 0 12 T 0.0 0 9.2 33 190 M M 0 3 45 190
7 104 59 82 8 0 17 0.00 0.0 0 7.6 16 280 M M 0 25 290
8 95 60 78 4 0 13 0.00 0.0 0 7.5 20 20 M M 0 25 20
9 101 54 78 5 0 13 0.00 0.0 0 9.5 22 60 M M 0 29 60
10 87 55 71 -2 0 6 0.00 0.0 0 9.2 17 120 M M 0 25 100
11 99 63 81 8 0 16 T 0.0 0 9.2 25 110 M M 0 31 100
12 98 62 80 7 0 15 T 0.0 0 12.2 23 200 M M 0 37 230
13 100 60 80 7 0 15 0.00 0.0 0 6.0 16 200 M M 0 24 200
14 89 57 73 0 0 8 0.00 0.0 0 8.0 15 300 M M 0 21 290
15 96 57 77 5 0 12 0.00 0.0 0 7.0 13 270 M M 0 19 270
16 96 57 77 5 0 12 0.00 0.0 0 7.0 16 80 M M 0 1 23 80
17 98 60 79 7 0 14 0.00 0.0 0 9.1 18 80 M M 0 24 120
18 98 57 78 6 0 13 T 0.0 0 6.2 22 90 M M 0 27 90
19 95 65 80 8 0 15 T 0.0 0 6.0 21 210 M M 0 29 200
20 97 60 79 7 0 14 0.00 0.0 0 5.5 15 250 M M 0 22 280
21 95 58 77 6 0 12 0.00 0.0 0 5.6 10 20 M M 0 8 15 270
22 96 58 77 6 0 12 0.00 0.0 0 5.4 10 110 M M 0 8 15 120
23 101 59 80 9 0 15 0.00 0.0 0 8.8 16 130 M M 0 8 20 120
24 100 63 82 12 0 17 T 0.0 0 6.6 15 200 M M 0 20 210
25 102 60 81 11 0 16 0.00 0.0 0 4.2 18 170 M M 0 8 24 100
26 100 64 82 12 0 17 0.00 0.0 0 6.8 17 100 M M 1 3 23 80
27 95 62 79 9 0 14 0.00 0.0 0 8.7 18 330 M M 0 26 100
28 89 57 73 4 0 8 0.00 0.0 0 9.5 20 30 M M 0 28 20
29 83 53 68 -1 0 3 0.01 0.0 0 10.4 22 170 M M 0 30 160
30 97 55 76 7 0 11 0.00 0.0 0 11.3 31 20 M M 1 45 20
31 77 44 61 -7 4 0 0.00 0.0 0 8.0 20 130 M M 1 32 160
================================================================================
SM 2933 1807 4 366 0.01 0.0 251.2 M 7
================================================================================
AV 94.6 58.3 8.1 FASTST M M 0 MAX(MPH)
MISC ----> # 33 190 # 45 190
================================================================================
NOTES:
# LAST OF SEVERAL OCCURRENCES
COLUMN 17 PEAK WIND IN M.P.H.
PRELIMINARY LOCAL CLIMATOLOGICAL DATA (WS FORM: F-6) , PAGE 2
STATION: SCOTTSBLUFF NE AIRPORT
MONTH: AUGUST
YEAR: 2020
LATITUDE: 41 52 N
LONGITUDE: 103 36 W
[TEMPERATURE DATA] [PRECIPITATION DATA] SYMBOLS USED IN COLUMN 16
AVERAGE MONTHLY: 76.5 TOTAL FOR MONTH: 0.01 1 = FOG OR MIST
DPTR FM NORMAL: 4.6 DPTR FM NORMAL: -1.29 2 = FOG REDUCING VISIBILITY
HIGHEST: 104 ON 7 GRTST 24HR 0.01 ON 29-29 TO 1/4 MILE OR LESS
LOWEST: 44 ON 31 3 = THUNDER
SNOW, ICE PELLETS, HAIL 4 = ICE PELLETS
TOTAL MONTH: 0.0 INCH 5 = HAIL
GRTST 24HR 0.0 6 = FREEZING RAIN OR DRIZZLE
GRTST DEPTH: 0 7 = DUSTSTORM OR SANDSTORM:
VSBY 1/2 MILE OR LESS
8 = SMOKE OR HAZE
[NO. OF DAYS WITH] [WEATHER - DAYS WITH] 9 = BLOWING SNOW
X = TORNADO
MAX 32 OR BELOW: 0 0.01 INCH OR MORE: 1
MAX 90 OR ABOVE: 25 0.10 INCH OR MORE: 0
MIN 32 OR BELOW: 0 0.50 INCH OR MORE: 0
MIN 0 OR BELOW: 0 1.00 INCH OR MORE: 0
[HDD (BASE 65) ]
TOTAL THIS MO. 4 CLEAR (SCALE 0-3) 31
DPTR FM NORMAL -10 PTCLDY (SCALE 4-7) 0
TOTAL FM JUL 1 4 CLOUDY (SCALE 8-10) 0
DPTR FM NORMAL -16
[CDD (BASE 65) ]
TOTAL THIS MO. 366
DPTR FM NORMAL 137 [PRESSURE DATA]
TOTAL FM JAN 1 1025 HIGHEST SLP 30.20 ON 17
DPTR FM NORMAL 360 LOWEST SLP 29.49 ON 30
[REMARKS]
AVERAGE TEMPERATURE 76.5 DEGREES IS 3RD WARMEST FOR AUGUST.
MONTHLY PRECIPITATION 0.01 INCH IS 2ND DRIEST FOR AUGUST.
#FINAL-08-20#