000
CXUS51 KCAR 010700
CF6BGR
PRELIMINARY LOCAL CLIMATOLOGICAL DATA (WS FORM: F-6)
STATION: BANGOR ME
MONTH: FEBRUARY
YEAR: 2024
LATITUDE: 44 47 N
LONGITUDE: 68 49 W
TEMPERATURE IN F: :PCPN: SNOW: WIND :SUNSHINE: SKY :PK WND
================================================================================
1 2 3 4 5 6A 6B 7 8 9 10 11 12 13 14 15 16 17 18
12Z AVG MX 2MIN
DY MAX MIN AVG DEP HDD CDD WTR SNW DPTH SPD SPD DIR MIN PSBL S-S WX SPD DR
================================================================================
1 35 24 30 12 35 0 T T 5 4.6 14 150 M M 10 1 18 150
2 35 28 32 14 33 0 T T 4 10.1 24 10 M M 10 1 33 20
3 29 16 23 5 42 0 T T 4 16.8 25 360 M M 5 34 10
4 32 10 21 3 44 0 0.00 0.0 3 15.1 28 340 M M 1 35 340
5 29 14 22 3 43 0 0.00 0.0 3 16.3 24 360 M M 6 30 360
6 36 19 28 9 37 0 0.00 0.0 3 10.4 21 360 M M 5 27 10
7 38 14 26 7 39 0 0.00 0.0 3 3.6 10 360 M M 1 13 30
8 42 12 27 8 38 0 0.00 0.0 3 0.7 7 360 M M 2 13 20
9 38 14 26 7 39 0 0.00 0.0 3 6.2 16 170 M M 5 25 170
10 41 32 37 17 28 0 0.19 0.0 3 5.8 14 300 M M 8 13 17 310
11 45 31 38 18 27 0 0.00 0.0 1 5.5 13 310 M M 7 1 21 310
12 42 31 37 17 28 0 0.00 0.0 T 5.5 15 330 M M 8 20 320
13 34 23 29 9 36 0 0.00 0.0 0 8.6 18 360 M M 9 25 360
14 27 17 22 1 43 0 T T 0 15.3 29 320 M M 7 42 320
15 36 16 26 5 39 0 0.00 0.0 0 9.9 23 320 M M 2 33 310
16 28 13 21 0 44 0 0.03 0.9 T 11.4 25 330 M M 7 18 32 310
17 30 9 20 -2 45 0 T T 1 5.6 17 300 M M 7 1 29 280
18 30 6 18 -4 47 0 0.00 0.0 1 6.6 16 190 M M 4 22 180
19 28 12 20 -2 45 0 0.00 0.0 T 9.6 20 310 M M 1 33 280
20 28 7 18 -4 47 0 0.00 0.0 T 5.4 20 330 M M 0 23 320
21 34 4 19 -4 46 0 0.00 0.0 T 4.8 15 180 M M 3 20 170
22 36 24 30 7 35 0 T T T 7.2 14 160 M M 8 20 150
23 38 31 35 12 30 0 0.14 T 0 4.5 13 200 M M 10 1 17 200
24 34 11 23 -1 42 0 0.00 0.0 0 14.4 25 320 M M 5 1 33 320
25 31 6 19 -5 46 0 0.00 0.0 0 6.0 14 180 M M 1 19 180
26 41 21 31 7 34 0 T T 0 5.5 13 180 M M 7 1 20 210
27 50 18 34 9 31 0 0.00 0.0 0 6.6 21 190 M M 4 12 27 190
28 50 43 47 22 18 0 0.63 0.0 0 21.7 35 180 M M 10 1 49 180
29 49 10 30 5 35 0 0.38 0.3 T 14.6 29 280 M M 6 1 52 270
================================================================================
SM 1046 516 1096 0 1.37 1.2 258.3 M 159
================================================================================
AV 36.1 17.8 8.9 FASTST M M 5 MAX(MPH)
MISC ----> 35 180 52 270
================================================================================
NOTES:
# LAST OF SEVERAL OCCURRENCES
COLUMN 17 PEAK WIND IN M.P.H.
PRELIMINARY LOCAL CLIMATOLOGICAL DATA (WS FORM: F-6) , PAGE 2
STATION: BANGOR ME
MONTH: FEBRUARY
YEAR: 2024
LATITUDE: 44 47 N
LONGITUDE: 68 49 W
[TEMPERATURE DATA] [PRECIPITATION DATA] SYMBOLS USED IN COLUMN 16
AVERAGE MONTHLY: 26.9 TOTAL FOR MONTH: 1.37 1 = FOG OR MIST
DPTR FM NORMAL: 5.9 DPTR FM NORMAL: -1.01 2 = FOG REDUCING VISIBILITY
HIGHEST: 50 ON 28,27 GRTST 24HR 0.96 ON 28-29 TO 1/4 MILE OR LESS
LOWEST: 4 ON 21 3 = THUNDER
SNOW, ICE PELLETS, HAIL 4 = ICE PELLETS
TOTAL MONTH: 1.2 INCHES 5 = HAIL
GRTST 24HR 0.9 ON 16-16 6 = FREEZING RAIN OR DRIZZLE
GRTST DEPTH: 5 ON 1 7 = DUSTSTORM OR SANDSTORM:
VSBY 1/2 MILE OR LESS
8 = SMOKE OR HAZE
[NO. OF DAYS WITH] [WEATHER - DAYS WITH] 9 = BLOWING SNOW
X = TORNADO
MAX 32 OR BELOW: 10 0.01 INCH OR MORE: 5
MAX 90 OR ABOVE: 0 0.10 INCH OR MORE: 4
MIN 32 OR BELOW: 28 0.50 INCH OR MORE: 1
MIN 0 OR BELOW: 0 1.00 INCH OR MORE: 0
[HDD (BASE 65) ]
TOTAL THIS MO. 1096 CLEAR (SCALE 0-3) 7
DPTR FM NORMAL -134 PTCLDY (SCALE 4-7) 15
TOTAL FM JUL 1 4759 CLOUDY (SCALE 8-10) 7
DPTR FM NORMAL -785
[CDD (BASE 65) ]
TOTAL THIS MO. 0
DPTR FM NORMAL 0 [PRESSURE DATA]
TOTAL FM JAN 1 0 HIGHEST SLP 30.64 ON 21
DPTR FM NORMAL 0 LOWEST SLP 29.30 ON 28
[REMARKS]
#FINAL-02-24#