000
CXUS55 KBYZ 011000
CF6BHK
PRELIMINARY LOCAL CLIMATOLOGICAL DATA (WS FORM: F-6)
STATION: BAKER MT
MONTH: AUGUST
YEAR: 2020
LATITUDE: 46 20 N
LONGITUDE: 104 15 W
TEMPERATURE IN F: :PCPN: SNOW: WIND :SUNSHINE: SKY :PK WND
================================================================================
1 2 3 4 5 6A 6B 7 8 9 10 11 12 13 14 15 16 17 18
12Z AVG MX 2MIN
DY MAX MIN AVG DEP HDD CDD WTR SNW DPTH SPD SPD DIR MIN PSBL S-S WX SPD DR
================================================================================
1 84 54 69 -3 0 4 0.00 M M 8.2 18 70 M M 1 21 80
2 84 49 67 -5 0 2 0.00 M M 14.0 24 110 M M 0 29 110
3 87 53 70 -2 0 5 0.00 M M 20.7 32 150 M M 0 39 120
4 89 61 75 3 0 10 0.00 M M 8.3 20 330 M M 3 8 24 340
5 86 50 68 -4 0 3 0.00 M M 7.8 21 20 M M 0 24 30
6 94 53 74 2 0 9 T M M 16.5 32 140 M M 0 39 140
7 92 60 76 4 0 11 0.00 M M 9.8 22 340 M M 0 29 320
8 92 53 73 1 0 8 0.00 M M 7.8 20 160 M M 0 26 150
9 78 58 68 -4 0 3 0.00 M M 12.1 25 320 M M 1 34 330
10 87 54 71 -1 0 6 T M M 4.9 18 320 M M 3 23 340
11 95 52 74 3 0 9 0.53 M M 13.4 37 190 M M 1 3 43 220
12 95 61 78 7 0 13 0.00 M M 14.7 32 150 M M 0 39 140
13 87 56 72 1 0 7 1.04 M M 11.5 40 270 M M 1 13 55 280
14 80 53 67 -4 0 2 0.37 M M 10.9 24 300 M M 2 13 38 240
15 86 53 70 0 0 5 0.00 M M 5.0 17 310 M M 0 21 310
16 90 52 71 1 0 6 0.00 M M 4.8 15 30 M M 0 17 30
17 97 55 76 6 0 11 0.00 M M 8.1 21 170 M M 0 26 80
18 100 57 79 9 0 14 0.00 M M 6.0 17 280 M M M 25 290
19 97 65 81 12 0 16 0.00 M M 5.4 15 290 M M M 27 260
20 95 61 78 9 0 13 T M M 5.3 35 330 M M 0 3 45 320
21 89 59 74 5 0 9 0.06 M M 7.0 25 350 M M 1 13 32 350
22 96 55 76 8 0 11 0.00 M M 5.1 16 130 M M 0 19 130
23 87 55 71 3 0 6 0.00 M M 11.8 20 80 M M 0 27 50
24 90 52 71 3 0 6 0.00 M M 11.6 21 130 M M 0 25 130
25 96 65 81 14 0 16 0.00 M M 9.4 22 140 M M 0 26 330
26 90 62 76 9 0 11 0.00 M M 5.0 16 280 M M 2 20 280
27 82 63 73 7 0 8 0.10 M M 7.6 17 140 M M 3 3 22 290
28 76 48 62 -4 3 0 0.00 M M 10.7 20 340 M M 3 24 290
29 90 48 69 3 0 4 0.00 M M 14.2 25 150 M M 0 33 150
30 83 47 65 0 0 0 T M M 16.7 35 190 M M 1 46 180
31 73 38 56 -9 9 0 0.00 M M 7.5 16 220 M M 0 21 230
================================================================================
SM 2747 1702 12 228 2.10 M 301.8 M 22
================================================================================
AV 88.6 54.9 9.7 FASTST M M 1 MAX(MPH)
MISC ----> 40 270 55 280
================================================================================
NOTES:
# LAST OF SEVERAL OCCURRENCES
COLUMN 17 PEAK WIND IN M.P.H.
PRELIMINARY LOCAL CLIMATOLOGICAL DATA (WS FORM: F-6) , PAGE 2
STATION: BAKER MT
MONTH: AUGUST
YEAR: 2020
LATITUDE: 46 20 N
LONGITUDE: 104 15 W
[TEMPERATURE DATA] [PRECIPITATION DATA] SYMBOLS USED IN COLUMN 16
AVERAGE MONTHLY: 71.8 TOTAL FOR MONTH: 2.10 1 = FOG OR MIST
DPTR FM NORMAL: 2.2 DPTR FM NORMAL: 0.73 2 = FOG REDUCING VISIBILITY
HIGHEST: 100 ON 18 GRTST 24HR 1.41 ON 13-14 TO 1/4 MILE OR LESS
LOWEST: 38 ON 31 3 = THUNDER
SNOW, ICE PELLETS, HAIL 4 = ICE PELLETS
TOTAL MONTH: M 5 = HAIL
GRTST 24HR M ON M 6 = FREEZING RAIN OR DRIZZLE
GRTST DEPTH: M ON M 7 = DUSTSTORM OR SANDSTORM:
VSBY 1/2 MILE OR LESS
8 = SMOKE OR HAZE
[NO. OF DAYS WITH] [WEATHER - DAYS WITH] 9 = BLOWING SNOW
X = TORNADO
MAX 32 OR BELOW: 0 0.01 INCH OR MORE: 5
MAX 90 OR ABOVE: 15 0.10 INCH OR MORE: 4
MIN 32 OR BELOW: 0 0.50 INCH OR MORE: 2
MIN 0 OR BELOW: 0 1.00 INCH OR MORE: 1
[HDD (BASE 65) ]
TOTAL THIS MO. 12 CLEAR (SCALE 0-3) 28
DPTR FM NORMAL -27 PTCLDY (SCALE 4-7) 1
TOTAL FM JUL 1 15 CLOUDY (SCALE 8-10) 2
DPTR FM NORMAL -46
[CDD (BASE 65) ]
TOTAL THIS MO. 228
DPTR FM NORMAL 48 [PRESSURE DATA]
TOTAL FM JAN 1 508 HIGHEST SLP 30.20 ON 2
DPTR FM NORMAL 69 LOWEST SLP 29.43 ON 30
[REMARKS]
#FINAL-08-20#