000
CXUS54 KBMX 011110
CF6BHM
PRELIMINARY LOCAL CLIMATOLOGICAL DATA (WS FORM: F-6)
STATION: BIRMINGHAM
MONTH: FEBRUARY
YEAR: 2022
LATITUDE: 33 34 N
LONGITUDE: 86 45 W
TEMPERATURE IN F: :PCPN: SNOW: WIND :SUNSHINE: SKY :PK WND
================================================================================
1 2 3 4 5 6A 6B 7 8 9 10 11 12 13 14 15 16 17 18
12Z AVG MX 2MIN
DY MAX MIN AVG DEP HDD CDD WTR SNW DPTH SPD SPD DIR MIN PSBL S-S WX SPD DR
================================================================================
1 67 39 53 7 12 0 0.00 0.0 0 7.2 20 180 M M 2 27 120
2 60 53 57 11 8 0 1.07 0.0 0 9.5 22 130 M M 10 1 31 140
3 70 43 57 11 8 0 0.93 0.0 0 10.8 24 200 M M 10 13 33 190
4 43 32 38 -8 27 0 0.07 0.0 0 10.5 18 320 M M 10 1 24 320
5 45 25 35 -11 30 0 0.00 0.0 0 7.3 16 30 M M 1 21 10
6 56 26 41 -6 24 0 0.00 0.0 0 3.2 10 120 M M 0 16 140
7 55 32 44 -3 21 0 0.00 0.0 0 2.6 14 320 M M 4 19 300
8 58 28 43 -4 22 0 0.00 0.0 0 2.0 12 310 M M 0 16 300
9 64 30 47 0 18 0 0.00 0.0 0 5.0 20 250 M M 0 8 24 250
10 69 33 51 3 14 0 0.00 0.0 0 3.1 16 270 M M 1 8 22 290
11 70 45 58 10 7 0 0.00 0.0 0 6.5 17 200 M M 0 24 220
12 65 37 51 3 14 0 0.00 0.0 0 9.6 21 10 M M 3 1 25 340
13 48 29 39 -9 26 0 0.00 0.0 0 8.7 18 340 M M 3 24 330
14 61 27 44 -4 21 0 0.00 0.0 0 2.1 13 250 M M 0 8 16 250
15 68 35 52 3 13 0 0.00 0.0 0 5.8 15 170 M M 1 23 130
16 72 51 62 13 3 0 0.00 0.0 0 10.3 21 190 M M 5 26 190
17 74 54 64 15 1 0 1.84 0.0 0 15.1 37 200 M M 8 13 47 190
18 53 30 42 -8 23 0 T 0.0 0 9.2 22 320 M M 7 28 320
19 58 26 42 -8 23 0 0.00 0.0 0 3.4 14 350 M M 0 19 360
20 67 35 51 1 14 0 0.00 0.0 0 4.3 16 200 M M 3 22 180
21 59 48 54 4 11 0 1.52 0.0 0 7.7 16 140 M M 10 13 24 140
22 77 58 68 18 0 3 0.00 0.0 0 10.4 22 190 M M 8 1 32 190
23 71 54 63 12 2 0 0.33 0.0 0 8.0 22 200 M M 9 1 27 200
24 75 53 64 13 1 0 0.02 0.0 0 5.7 18 200 M M 8 128 25 210
25 69 37 53 2 12 0 0.24 0.0 0 11.7 21 310 M M 8 1 27 190
26 48 36 42 -10 23 0 0.00 0.0 0 7.1 15 20 M M 9 20 10
27 50 45 48 -4 17 0 0.77 0.0 0 6.0 15 340 M M 10 18 18 340
28 63 35 49 -3 16 0 0.00 0.0 0 3.6 15 340 M M 1 18 19 320
================================================================================
SM 1735 1076 411 3 6.79 0.0 196.4 M 131
================================================================================
AV 62.0 38.4 7.0 FASTST M M 5 MAX(MPH)
MISC ----> 37 200 47 190
================================================================================
NOTES:
# LAST OF SEVERAL OCCURRENCES
COLUMN 17 PEAK WIND IN M.P.H.
PRELIMINARY LOCAL CLIMATOLOGICAL DATA (WS FORM: F-6) , PAGE 2
STATION: BIRMINGHAM
MONTH: FEBRUARY
YEAR: 2022
LATITUDE: 33 34 N
LONGITUDE: 86 45 W
[TEMPERATURE DATA] [PRECIPITATION DATA] SYMBOLS USED IN COLUMN 16
AVERAGE MONTHLY: 50.2 TOTAL FOR MONTH: 6.79 1 = FOG OR MIST
DPTR FM NORMAL: 1.4 DPTR FM NORMAL: 1.84 2 = FOG REDUCING VISIBILITY
HIGHEST: 77 ON 22 GRTST 24HR 1.84 ON 17-17 TO 1/4 MILE OR LESS
LOWEST: 25 ON 5 3 = THUNDER
SNOW, ICE PELLETS, HAIL 4 = ICE PELLETS
TOTAL MONTH: 0.0 INCH 5 = HAIL
GRTST 24HR 0.0 6 = FREEZING RAIN OR DRIZZLE
GRTST DEPTH: 0 7 = DUSTSTORM OR SANDSTORM:
VSBY 1/2 MILE OR LESS
8 = SMOKE OR HAZE
[NO. OF DAYS WITH] [WEATHER - DAYS WITH] 9 = BLOWING SNOW
X = TORNADO
MAX 32 OR BELOW: 0 0.01 INCH OR MORE: 9
MAX 90 OR ABOVE: 0 0.10 INCH OR MORE: 7
MIN 32 OR BELOW: 10 0.50 INCH OR MORE: 5
MIN 0 OR BELOW: 0 1.00 INCH OR MORE: 3
[HDD (BASE 65) ]
TOTAL THIS MO. 411 CLEAR (SCALE 0-3) 14
DPTR FM NORMAL -48 PTCLDY (SCALE 4-7) 6
TOTAL FM JUL 1 1782 CLOUDY (SCALE 8-10) 8
DPTR FM NORMAL -314
[CDD (BASE 65) ]
TOTAL THIS MO. 3
DPTR FM NORMAL -1 [PRESSURE DATA]
TOTAL FM JAN 1 14 HIGHEST SLP 30.51 ON 15
DPTR FM NORMAL 12 LOWEST SLP 29.73 ON 17
[REMARKS]
#FINAL-02-22#