000
CXUS54 KBMX 011110
CF6BHM
PRELIMINARY LOCAL CLIMATOLOGICAL DATA (WS FORM: F-6)
STATION: BIRMINGHAM
MONTH: JANUARY
YEAR: 2024
LATITUDE: 33 34 N
LONGITUDE: 86 45 W
TEMPERATURE IN F: :PCPN: SNOW: WIND :SUNSHINE: SKY :PK WND
================================================================================
1 2 3 4 5 6A 6B 7 8 9 10 11 12 13 14 15 16 17 18
12Z AVG MX 2MIN
DY MAX MIN AVG DEP HDD CDD WTR SNW DPTH SPD SPD DIR MIN PSBL S-S WX SPD DR
================================================================================
1 48 33 41 -4 24 0 0.00 0.0 0 8.7 18 350 M M 5 34 50
2 53 27 40 -5 25 0 0.00 0.0 0 1.1 9 40 M M 3 12 40
3 46 29 38 -7 27 0 T 0.0 0 1.7 9 350 M M 8 8 11 350
4 48 26 37 -8 28 0 0.00 0.0 0 4.2 16 350 M M 0 18 22 340
5 54 32 43 -2 22 0 0.39 M M 9.2 29 110 M M 7 1 48 110
6 51 41 46 1 19 0 0.04 M M 9.4 31 120 M M 10 1 47 110
7 53 34 44 -1 21 0 T 0.0 0 6.5 17 330 M M 7 24 290
8 53 36 45 1 20 0 0.93 0.0 0 12.5 29 130 M M 8 13 48 130
9 54 39 47 3 18 0 1.29 0.0 0 15.6 30 250 M M 10 13 45 260
10 51 34 43 -1 22 0 0.00 0.0 0 8.8 22 260 M M 5 28 250
11 64 42 53 9 12 0 0.00 0.0 0 7.2 21 140 M M 3 32 150
12 59 38 49 5 16 0 0.24 0.0 0 15.7 29 140 M M 7 1 49 150
13 47 29 38 -6 27 0 0.00 0.0 0 6.7 20 270 M M 2 27 270
14 50 29 40 -4 25 0 0.00 0.0 0 4.3 14 290 M M 5 20 290
15 46 27 37 -7 28 0 0.03 T 0 7.4 16 320 M M 9 16 19 320
16 27 16 22 -22 43 0 0.03 T 0 12.1 22 360 M M 6 168 27 360
17 35 10 23 -21 42 0 0.00 0.0 0 2.3 9 340 M M 1 8 13 340
18 48 21 35 -9 30 0 0.14 0.0 0 5.1 15 200 M M 8 1 22 220
19 44 24 34 -10 31 0 0.00 0.0 0 11.3 21 350 M M 6 1 28 320
20 31 14 23 -21 42 0 0.00 0.0 0 11.2 18 320 M M 1 26 340
21 41 10 26 -18 39 0 0.00 0.0 0 2.8 10 50 M M 2 15 90
22 56 29 43 -2 22 0 0.00 0.0 0 6.9 14 140 M M 5 21 110
23 64 48 56 11 9 0 0.04 0.0 0 8.7 17 120 M M 10 1 24 100
24 66 57 62 17 3 0 1.93 0.0 0 8.1 20 250 M M 10 13 28 250
25 71 61 66 21 0 1 0.87 0.0 0 7.0 20 200 M M 10 13 30 180
26 69 57 63 18 2 0 0.03 0.0 0 1.5 8 20 M M 10 1 12 310
27 75 47 61 16 4 0 0.32 0.0 0 10.1 22 280 M M 9 1 30 290
28 48 43 46 1 19 0 T 0.0 0 12.8 20 300 M M 10 18 29 300
29 56 34 45 0 20 0 0.00 0.0 0 6.8 17 320 M M 5 23 330
30 65 30 48 2 17 0 T 0.0 0 5.8 17 230 M M 2 23 290
31 54 35 45 -1 20 0 0.00 0.0 0 6.4 21 360 M M 1 25 360
================================================================================
SM 1627 1032 677 1 6.28 T 237.9 M 185
================================================================================
AV 52.5 33.3 7.7 FASTST M M 6 MAX(MPH)
MISC ----> 31 120 49 150
================================================================================
NOTES:
# LAST OF SEVERAL OCCURRENCES
COLUMN 17 PEAK WIND IN M.P.H.
PRELIMINARY LOCAL CLIMATOLOGICAL DATA (WS FORM: F-6) , PAGE 2
STATION: BIRMINGHAM
MONTH: JANUARY
YEAR: 2024
LATITUDE: 33 34 N
LONGITUDE: 86 45 W
[TEMPERATURE DATA] [PRECIPITATION DATA] SYMBOLS USED IN COLUMN 16
AVERAGE MONTHLY: 42.9 TOTAL FOR MONTH: 6.28 1 = FOG OR MIST
DPTR FM NORMAL: -1.8 DPTR FM NORMAL: 1.25 2 = FOG REDUCING VISIBILITY
HIGHEST: 75 ON 27 GRTST 24HR 3.14 ON 8- 9 TO 1/4 MILE OR LESS
LOWEST: 10 ON 21,17 3 = THUNDER
SNOW, ICE PELLETS, HAIL 4 = ICE PELLETS
TOTAL MONTH: T 5 = HAIL
GRTST 24HR T ON 15-15 6 = FREEZING RAIN OR DRIZZLE
GRTST DEPTH: 0 7 = DUSTSTORM OR SANDSTORM:
VSBY 1/2 MILE OR LESS
8 = SMOKE OR HAZE
[NO. OF DAYS WITH] [WEATHER - DAYS WITH] 9 = BLOWING SNOW
X = TORNADO
MAX 32 OR BELOW: 2 0.01 INCH OR MORE: 13
MAX 90 OR ABOVE: 0 0.10 INCH OR MORE: 8
MIN 32 OR BELOW: 15 0.50 INCH OR MORE: 4
MIN 0 OR BELOW: 0 1.00 INCH OR MORE: 2
[HDD (BASE 65) ]
TOTAL THIS MO. 677 CLEAR (SCALE 0-3) 9
DPTR FM NORMAL 46 PTCLDY (SCALE 4-7) 12
TOTAL FM JUL 1 1522 CLOUDY (SCALE 8-10) 10
DPTR FM NORMAL -115
[CDD (BASE 65) ]
TOTAL THIS MO. 1
DPTR FM NORMAL -1 [PRESSURE DATA]
TOTAL FM JAN 1 1 HIGHEST SLP 30.67 ON 21
DPTR FM NORMAL -1 LOWEST SLP 29.43 ON 9
[REMARKS]
#FINAL-01-24#