000
CXUS55 KVEF 151340
CF6BIH
PRELIMINARY LOCAL CLIMATOLOGICAL DATA (WS FORM: F-6)
STATION: BISHOP CA
MONTH: NOVEMBER
YEAR: 2020
LATITUDE: 37 22 N
LONGITUDE: 118 22 W
TEMPERATURE IN F: :PCPN: SNOW: WIND :SUNSHINE: SKY :PK WND
================================================================================
1 2 3 4 5 6A 6B 7 8 9 10 11 12 13 14 15 16 17 18
12Z AVG MX 2MIN
DY MAX MIN AVG DEP HDD CDD WTR SNW DPTH SPD SPD DIR MIN PSBL S-S WX SPD DR
================================================================================
1 82 33 58 7 7 0 0.00 0.0 0 6.2 13 160 M M 0 16 170
2 83 40 62 12 3 0 T 0.0 0 6.7 20 120 M M 0 29 140
3 79 37 58 8 7 0 0.00 0.0 0 5.2 10 310 M M 0 11 180
4 82 37 60 10 5 0 0.00 0.0 0 4.2 10 310 M M 0 12 310
5 80 37 59 10 6 0 0.00 0.0 0 5.9 17 160 M M 0 20 150
6 81 43 62 13 3 0 0.00 0.0 0 12.7 29 190 M M 1 8 38 190
7 56 29 43 -5 22 0 0.00 0.0 0 7.7 24 340 M M 2 32 350
8 46 23 35 -13 30 0 T T 0 11.3 30 360 M M 5 8 39 350
9 49 22 36 -12 29 0 0.00 0.0 0 6.3 16 10 M M 0 20 360
10 65 17 41 -6 24 0 0.00 0.0 0 4.6 18 160 M M 2 25 150
11 61 21 41 -6 24 0 0.00 0.0 0 4.6 13 160 M M 0 15 160
12 62 22 42 -4 23 0 0.00 0.0 0 6.3 17 160 M M 0 22 160
13 61 21 41 -5 24 0 0.00 0.0 0 6.4 31 360 M M 1 40 20
14 71 34 53 7 12 0 0.00 0.0 0 9.4 26 360 M M 0 31 350
15 69 26 48 3 17 0 0.00 0.0 0 4.0 9 330 M M 0 10 330
16 72 27 50 5 15 0 0.00 0.0 0 4.6 13 160 M M 0 20 160
17 82 32 57 13 8 0 0.00 0.0 0 13.0 28 160 M M 0 8 38 160
18 73 39 56 12 9 0 0.00 0.0 0 11.4 29 170 M M 0 38 160
19 68 20 44 0 21 0 0.00 0.0 0 4.6 12 310 M M 0 13 310
20 65 32 49 6 16 0 0.00 0.0 0 5.9 12 300 M M 0 14 330
21 67 27 47 4 18 0 0.00 0.0 0 4.9 12 310 M M 0 14 360
22 65 26 46 3 19 0 0.00 0.0 0 5.2 12 300 M M 0 13 160
23 64 27 46 4 19 0 0.00 0.0 0 15.5 26 350 M M 1 37 350
24 62 25 44 2 21 0 0.00 0.0 0 6.9 18 310 M M 0 25 340
25 59 19 39 -3 26 0 0.00 0.0 0 8.4 26 360 M M 0 34 350
26 52 32 42 1 23 0 0.00 0.0 0 13.0 20 10 M M 1 25 350
27 63 18 41 0 24 0 0.00 0.0 0 6.0 12 300 M M 0 14 320
28 61 17 39 -2 26 0 0.00 0.0 0 5.1 9 310 M M 0 10 300
29 65 19 42 2 23 0 0.00 0.0 0 5.4 12 330 M M 0 12 330
30 65 22 44 4 21 0 0.00 0.0 0 4.8 10 330 M M 0 11 310
================================================================================
SM 2010 824 525 0 T T 216.2 M 13
================================================================================
AV 67.0 27.5 7.2 FASTST M M 0 MAX(MPH)
MISC ----> 31 360 40 20
================================================================================
NOTES:
# LAST OF SEVERAL OCCURRENCES
COLUMN 17 PEAK WIND IN M.P.H.
PRELIMINARY LOCAL CLIMATOLOGICAL DATA (WS FORM: F-6) , PAGE 2
STATION: BISHOP CA
MONTH: NOVEMBER
YEAR: 2020
LATITUDE: 37 22 N
LONGITUDE: 118 22 W
[TEMPERATURE DATA] [PRECIPITATION DATA] SYMBOLS USED IN COLUMN 16
AVERAGE MONTHLY: 47.2 TOTAL FOR MONTH: T 1 = FOG OR MIST
DPTR FM NORMAL: 2.0 DPTR FM NORMAL: -0.52 2 = FOG REDUCING VISIBILITY
HIGHEST: 83 ON 2 GRTST 24HR T ON 2- 2 TO 1/4 MILE OR LESS
LOWEST: 17 ON 28,10 3 = THUNDER
SNOW, ICE PELLETS, HAIL 4 = ICE PELLETS
TOTAL MONTH: T 5 = HAIL
GRTST 24HR T ON 8- 8 6 = FREEZING RAIN OR DRIZZLE
GRTST DEPTH: 0 7 = DUSTSTORM OR SANDSTORM:
VSBY 1/2 MILE OR LESS
8 = SMOKE OR HAZE
[NO. OF DAYS WITH] [WEATHER - DAYS WITH] 9 = BLOWING SNOW
X = TORNADO
MAX 32 OR BELOW: 0 0.01 INCH OR MORE: 0
MAX 90 OR ABOVE: 0 0.10 INCH OR MORE: 0
MIN 32 OR BELOW: 22 0.50 INCH OR MORE: 0
MIN 0 OR BELOW: 0 1.00 INCH OR MORE: 0
[HDD (BASE 65) ]
TOTAL THIS MO. 525 CLEAR (SCALE 0-3) 29
DPTR FM NORMAL -69 PTCLDY (SCALE 4-7) 1
TOTAL FM JUL 1 648 CLOUDY (SCALE 8-10) 0
DPTR FM NORMAL -253
[CDD (BASE 65) ]
TOTAL THIS MO. 0
DPTR FM NORMAL 0 [PRESSURE DATA]
TOTAL FM JAN 1 1598 HIGHEST SLP 30.39 ON 28
DPTR FM NORMAL 494 LOWEST SLP 29.27 ON 7
[REMARKS]
#FINAL-11-20#