000
CXUS53 KBIS 010830
CF6BIS
PRELIMINARY LOCAL CLIMATOLOGICAL DATA (WS FORM: F-6)
STATION: BISMARCK ND
MONTH: MARCH
YEAR: 2020
LATITUDE: 46 46 N
LONGITUDE: 100 45 W
TEMPERATURE IN F: :PCPN: SNOW: WIND :SUNSHINE: SKY :PK WND
================================================================================
1 2 3 4 5 6A 6B 7 8 9 10 11 12 13 14 15 16 17 18
12Z AVG MX 2MIN
DY MAX MIN AVG DEP HDD CDD WTR SNW DPTH SPD SPD DIR MIN PSBL S-S WX SPD DR
================================================================================
1 38 24 31 8 34 0 0.00 0.0 T 17.9 40 290 M M 7 54 290
2 44 18 31 7 34 0 0.01 T T 12.1 35 290 M M 4 1 50 310
3 42 30 36 12 29 0 T 0.0 T 8.5 16 270 M M 6 3 22 270
4 56 27 42 18 23 0 T 0.0 0 11.1 38 290 M M 2 55 280
5 40 26 33 8 32 0 0.02 0.2 T 16.2 33 310 M M 6 1 53 290
6 48 27 38 13 27 0 0.00 0.0 0 11.9 23 170 M M 0 30 180
7 59 28 44 18 21 0 0.00 0.0 0 6.9 12 60 M M 0 14 50
8 33 25 29 3 36 0 T T 0 12.6 25 340 M M 7 1 33 330
9 35 20 28 1 37 0 0.00 0.0 0 4.9 16 360 M M 8 22 350
10 45 23 34 7 31 0 0.04 T 0 4.2 17 220 M M 5 1 27 220
11 53 28 41 13 24 0 0.01 0.0 0 6.2 15 260 M M 5 20 250
12 41 29 35 7 30 0 T 0.0 0 18.2 35 320 M M 6 47 330
13 30 22 26 -2 39 0 0.00 0.0 0 9.8 21 310 M M 0 27 310
14 29 19 24 -5 41 0 T T 0 16.3 22 80 M M 9 28 80
15 32 22 27 -2 38 0 0.05 0.4 T 10.1 22 140 M M 10 16 28 130
16 32 22 27 -3 38 0 T T T 13.6 23 290 M M 9 18 31 280
17 43 14 29 -1 36 0 T 0.0 T 7.8 20 160 M M 3 1 25 160
18 35 24 30 -1 35 0 T T 0 7.8 17 60 M M 10 18 22 60
19 24 13 19 -12 46 0 0.01 0.1 T 13.9 24 20 M M 6 16 29 20
20 27 8 18 -14 47 0 0.00 0.0 T 8.6 20 150 M M 1 24 140
21 41 20 31 -1 34 0 0.00 0.0 0 12.5 21 160 M M 5 26 160
22 46 18 32 -1 33 0 0.00 0.0 0 5.6 14 280 M M 3 22 330
23 56 27 42 9 23 0 0.00 0.0 0 10.6 24 160 M M 4 31 140
24 61 33 47 13 18 0 0.00 0.0 0 10.6 24 310 M M 3 18 35 320
25 38 24 31 -3 34 0 0.00 0.0 0 6.5 17 330 M M 8 23 310
26 49 21 35 1 30 0 0.00 0.0 0 6.4 14 150 M M 4 17 230
27 59 31 45 10 20 0 0.00 0.0 0 7.1 16 200 M M 5 22 200
28 59 25 42 7 23 0 0.00 0.0 0 5.3 16 340 M M 2 20 330
29 60 25 43 7 22 0 0.00 0.0 0 4.5 17 110 M M 1 20 110
30 66 29 48 12 17 0 0.02 0.0 0 15.0 29 140 M M 3 36 150
31 62 36 49 12 16 0 0.10 0.0 0 13.4 25 130 M M 3 3 35 120
================================================================================
SM 1383 738 948 0 0.26 0.7 316.1 M 145
================================================================================
AV 44.6 23.8 10.2 FASTST M M 5 MAX(MPH)
MISC ----> # 40 290 # 55 280
================================================================================
NOTES:
# LAST OF SEVERAL OCCURRENCES
COLUMN 17 PEAK WIND IN M.P.H.
PRELIMINARY LOCAL CLIMATOLOGICAL DATA (WS FORM: F-6) , PAGE 2
STATION: BISMARCK ND
MONTH: MARCH
YEAR: 2020
LATITUDE: 46 46 N
LONGITUDE: 100 45 W
[TEMPERATURE DATA] [PRECIPITATION DATA] SYMBOLS USED IN COLUMN 16
AVERAGE MONTHLY: 34.2 TOTAL FOR MONTH: 0.26 1 = FOG OR MIST
DPTR FM NORMAL: 4.3 DPTR FM NORMAL: -0.61 2 = FOG REDUCING VISIBILITY
HIGHEST: 66 ON 30 GRTST 24HR 0.10 ON 31-31 TO 1/4 MILE OR LESS
LOWEST: 8 ON 20 3 = THUNDER
SNOW, ICE PELLETS, HAIL 4 = ICE PELLETS
TOTAL MONTH: 0.7 INCH 5 = HAIL
GRTST 24HR 0.4 ON 15-15 6 = FREEZING RAIN OR DRIZZLE
GRTST DEPTH: 0 7 = DUSTSTORM OR SANDSTORM:
VSBY 1/2 MILE OR LESS
8 = SMOKE OR HAZE
[NO. OF DAYS WITH] [WEATHER - DAYS WITH] 9 = BLOWING SNOW
X = TORNADO
MAX 32 OR BELOW: 6 0.01 INCH OR MORE: 8
MAX 90 OR ABOVE: 0 0.10 INCH OR MORE: 1
MIN 32 OR BELOW: 29 0.50 INCH OR MORE: 0
MIN 0 OR BELOW: 0 1.00 INCH OR MORE: 0
[HDD (BASE 65) ]
TOTAL THIS MO. 948 CLEAR (SCALE 0-3) 10
DPTR FM NORMAL -140 PTCLDY (SCALE 4-7) 17
TOTAL FM JUL 1 7230 CLOUDY (SCALE 8-10) 4
DPTR FM NORMAL -289
[CDD (BASE 65) ]
TOTAL THIS MO. 0
DPTR FM NORMAL 0 [PRESSURE DATA]
TOTAL FM JAN 1 0 HIGHEST SLP 30.76 ON 20
DPTR FM NORMAL 0 LOWEST SLP 29.45 ON 2
[REMARKS]
#FINAL-03-20#